{"id":18,"date":"2020-05-02T03:10:31","date_gmt":"2020-05-02T03:10:31","guid":{"rendered":"http:\/\/blogs.sld.cu\/enfermedadeshepaticas\/?page_id=18"},"modified":"2021-01-20T06:22:20","modified_gmt":"2021-01-20T06:22:20","slug":"acerca-de","status":"publish","type":"page","link":"https:\/\/blogs.sld.cu\/enfermedadeshepaticas\/acerca-de\/","title":{"rendered":"Acerca de&#8230;"},"content":{"rendered":"<p><span style=\"font-size: 10pt;font-family: verdana, geneva\">El h\u00edgado es la viscera m\u00e1s grande de nuestro organismos y, a la vez, uno de los \u00f3rganos m\u00e1s importantes del cuerpo humano por sus funciones. Se sit\u00faa en la parte superior derecha de la cavidad abdominal, delimitado por encima con el diafragma y protegido a su alrededor por los arcos costales inferiores del lado derecho.<\/span><\/p>\n<p><span style=\"font-size: 10pt;font-family: verdana, geneva\">En una persona adulta su peso es de aproximadamente 1500 gramos.<\/span><\/p>\n<p><span style=\"font-size: 10pt;font-family: verdana, geneva\">Al microscopio, el h\u00edgado est\u00e1 constituido principalmente por dos tipos de c\u00e9lulas: Los hepatocitos y las c\u00e9lulas de Kupffer. Estas se disponen de una forma muy particular junto con el sistema arterial, venoso y biliar.<\/span><\/p>\n<p><span style=\"font-size: 10pt;font-family: verdana, geneva\">Los hepatocitos realizan todas las funciones cl\u00e1sicas del h\u00edgado (s\u00edntesis, metabolizaci\u00f3n, almacenamiento de sustancias, como vitaminas minerales hierro y az\u00fafcares, etc.), mientras que las c\u00e9lulas de Kupffer tienen una funci\u00f3n inmunol\u00f3gica y de defensa.<\/span><\/p>\n<p><span style=\"font-size: 10pt;font-family: verdana, geneva\">El h\u00edgado puede verse sometido a muchas situaciones perjudiciales que generan enfermedades de diferentes magnitudes y naturaleza. En ocasiones, estas alteraciones pueden llevar a una enfermedad avanzada que se caracteriza generalmente por insuficiencia de este \u00f3rgano.<\/span><\/p>\n<p><span style=\"font-size: 10pt;font-family: verdana, geneva\">Una dificultad habitual que se puede apreciar en la detecci\u00f3n de la enfermedad hep\u00e1tica es que en la mayor\u00eda de casos no se producen s\u00edntomas y no se manifiestan s\u00edntomas del insuficiencia hep\u00e1tica hasta que la enfermedad est\u00e1 muy avanzada.<\/span><\/p>\n<p><span style=\"font-size: 10pt;font-family: verdana, geneva\">Los avances y el conocimiento relacionado con el diagn\u00f3stico y tratamiento de las enfermedades del h\u00edgado y las v\u00edas biliares (enfermedades hepatobiliares) han sido enormes en las \u00faltimas d\u00e9cadas. Inicialmente era un campo de estudio de las Ciencias m\u00e9dicas donde participaban de forma indistinta especialistas de Medicina Interna, Gastroenterolog\u00eda y Cirug\u00eda general. Pero poco a poco, con el desarrollo cient\u00edfico y tecnol\u00f3gico, sumado a las complejidades anatomofuncionales del h\u00edgado y sus afecciones, han llevado a que aparezca en muchas partes del mundo la figura del \u00abhepat\u00f3logo\u00bb.<\/span><\/p>\n<p><span style=\"font-size: 10pt;font-family: verdana, geneva\">Aunque es considerada en algunas regiones como una nueva especialidad (la Hepatolog\u00eda), es habitual que a\u00fan se aprecien a especialistas de Medicina Interna y Gastroenterolog\u00eda, preferentemente, quienes se vinculen estrechamente con el manejo de estas enfermedades.<\/span><\/p>\n<p><span style=\"font-size: 10pt;font-family: verdana, geneva\">El porqu\u00e9 del desarrollo de esta nueva rama de las ciencias m\u00e9dicas puede hallarse, asimismo, en el impacto que en la salud de la poblaci\u00f3n mundial muestran muchas de las enfermedades hep\u00e1ticas. Este impacto hace que sean identificadas en muchas oportunidades como trascendentales problemas de salud.<\/span><\/p>\n<p><span style=\"font-size: 10pt;font-family: verdana, geneva\">Se pueden tomar como ejemplo la cirrosis hep\u00e1tica, las hepatitis virales, las enfermedades hep\u00e1ticas asociadas a trastornos metab\u00f3licos y el c\u00e1ncer: Todas estas muestran a\u00f1o tras a\u00f1o repercusiones en indicadores epidemiol\u00f3gicos como en la incidencia, la prevalencia, la morbilidad y la mortalidad.<\/span><\/p>\n<p><span style=\"font-size: 10pt;font-family: verdana, geneva\">Por todas estas razones es que dedicamos el presente sitio que forma parte del Portal de Enfermedades del Centro Nacional de Informaci\u00f3n de Ciencias M\u00e9dicas (<a href=\"http:\/\/www.sld.cu\/\" target=\"_blank\">Infomed<\/a>). Aqu\u00ed podr\u00e1n tener la oportunidad de interactuar, adem\u00e1s, con otros especialistas cubanos que cuentan con gran experiencia y prestigio dentro de este campo. Hallar\u00e1s, adem\u00e1s, informaci\u00f3n actualizada sobre algunas enfermedades hep\u00e1ticas, su cuadro cl\u00ednico, sus factores de riesgo y su tratamiento.<\/span><\/p>\n<p><span style=\"font-size: 10pt;font-family: verdana, geneva\">Es una p\u00e1gina web dise\u00f1ada para una poblaci\u00f3n cada vez m\u00e1s demandante de conocimientos cient\u00edficos, como los pacientes y sus familiares. Quienes nos visiten conseguir\u00e1n participar activamente en la selecci\u00f3n de sus contenidos, hacer preguntas y esclarecer dudas acerca de \u00ablas enfermedades hep\u00e1ticas\u00bb.<\/span><\/p>\n","protected":false},"excerpt":{"rendered":"<p>El h\u00edgado es la viscera m\u00e1s grande de nuestro organismos y, a la vez, uno de los \u00f3rganos m\u00e1s importantes del cuerpo humano por sus funciones. Se sit\u00faa en la parte superior derecha de la cavidad abdominal, delimitado por encima con el diafragma y protegido a su alrededor por los arcos costales inferiores del lado [&hellip;]<\/p>\n","protected":false},"author":208,"featured_media":0,"parent":0,"menu_order":0,"comment_status":"closed","ping_status":"closed","template":"","meta":[],"_links":{"self":[{"href":"https:\/\/blogs.sld.cu\/enfermedadeshepaticas\/wp-json\/wp\/v2\/pages\/18"}],"collection":[{"href":"https:\/\/blogs.sld.cu\/enfermedadeshepaticas\/wp-json\/wp\/v2\/pages"}],"about":[{"href":"https:\/\/blogs.sld.cu\/enfermedadeshepaticas\/wp-json\/wp\/v2\/types\/page"}],"author":[{"embeddable":true,"href":"https:\/\/blogs.sld.cu\/enfermedadeshepaticas\/wp-json\/wp\/v2\/users\/208"}],"replies":[{"embeddable":true,"href":"https:\/\/blogs.sld.cu\/enfermedadeshepaticas\/wp-json\/wp\/v2\/comments?post=18"}],"version-history":[{"count":15,"href":"https:\/\/blogs.sld.cu\/enfermedadeshepaticas\/wp-json\/wp\/v2\/pages\/18\/revisions"}],"predecessor-version":[{"id":600,"href":"https:\/\/blogs.sld.cu\/enfermedadeshepaticas\/wp-json\/wp\/v2\/pages\/18\/revisions\/600"}],"wp:attachment":[{"href":"https:\/\/blogs.sld.cu\/enfermedadeshepaticas\/wp-json\/wp\/v2\/media?parent=18"}],"curies":[{"name":"wp","href":"https:\/\/api.w.org\/{rel}","templated":true}]}}