{"id":16,"date":"2021-03-10T16:28:27","date_gmt":"2021-03-10T16:28:27","guid":{"rendered":"http:\/\/blogs.sld.cu\/epoc\/?page_id=16"},"modified":"2021-10-15T23:40:08","modified_gmt":"2021-10-15T23:40:08","slug":"acerca-de","status":"publish","type":"page","link":"https:\/\/blogs.sld.cu\/epoc\/acerca-de\/","title":{"rendered":"Acerca de"},"content":{"rendered":"<p><span style=\"font-size: 12pt; font-family: verdana, geneva;\">La Enfermedad pulmonar obstructiva cr\u00f3nica( EPOC)\u00a0 es un grupo de enfermedades pulmonares que se caracterizan por\u00a0 dificultad en la respiraci\u00f3n ya que se destruye la estructura de los pulmones\u00a0 y\u00a0 que empeora con el tiempo. Involucran tanto las v\u00edas respiratorias como los pulmones, y la causa fundamental suele ser una larga exposici\u00f3n a sustancias irritantes que da\u00f1an el sistema respiratorio.<br \/>\n<\/span><\/p>\n<p><span style=\"font-size: 12pt; font-family: verdana, geneva;\">Este sitio est\u00e1 dedicado a la poblaci\u00f3n en general, los pacientes con EPOC y sus familiares, para que encuentren informaci\u00f3n en este sitio que les ayude a mejorar sus condiciones de vida, que conozcan las causas, s\u00edntomas diagn\u00f3stico y tratamiento de estas enfermedades.\u00a0 <\/span><\/p>\n<p><span style=\"font-size: 12pt; font-family: verdana, geneva;\">La <strong>bronquitis cr\u00f3nica<\/strong> y el <strong>enfisema pulmonar,<\/strong> son dos variantes de estas enfermedades pulmonares, que trataremos en este sitio. <\/span><\/p>\n<p><span style=\"font-family: verdana, geneva;\"><span style=\"font-size: 12pt;\">La editora es la <a title=\"Dra. Solangel Vald\u00e9s D\u00edaz\" href=\"http:\/\/blogs.sld.cu\/epoc\/dra-solangel-valdes-diaz\/\"><strong>Dra. Solangel Vald\u00e9s D\u00edaz<\/strong><\/a> que los conducir\u00e1 a trav\u00e9s del sitio de una forma educativa, donde podr\u00e1n interactuar con ella en Consulta con el m\u00e9dico para aclarar las dudas y preguntas que tengan sobre est\u00e1 enfermedad si la padece o se trata de un familiar o amigo.<\/span><\/span><\/p>\n<p>&nbsp;<\/p>\n","protected":false},"excerpt":{"rendered":"<p>La Enfermedad pulmonar obstructiva cr\u00f3nica( EPOC)\u00a0 es un grupo de enfermedades pulmonares que se caracterizan por\u00a0 dificultad en la respiraci\u00f3n ya que se destruye la estructura de los pulmones\u00a0 y\u00a0 que empeora con el tiempo. Involucran tanto las v\u00edas respiratorias como los pulmones, y la causa fundamental suele ser una larga exposici\u00f3n a sustancias irritantes [&hellip;]<\/p>\n","protected":false},"author":208,"featured_media":0,"parent":0,"menu_order":0,"comment_status":"closed","ping_status":"open","template":"","meta":[],"_links":{"self":[{"href":"https:\/\/blogs.sld.cu\/epoc\/wp-json\/wp\/v2\/pages\/16"}],"collection":[{"href":"https:\/\/blogs.sld.cu\/epoc\/wp-json\/wp\/v2\/pages"}],"about":[{"href":"https:\/\/blogs.sld.cu\/epoc\/wp-json\/wp\/v2\/types\/page"}],"author":[{"embeddable":true,"href":"https:\/\/blogs.sld.cu\/epoc\/wp-json\/wp\/v2\/users\/208"}],"replies":[{"embeddable":true,"href":"https:\/\/blogs.sld.cu\/epoc\/wp-json\/wp\/v2\/comments?post=16"}],"version-history":[{"count":9,"href":"https:\/\/blogs.sld.cu\/epoc\/wp-json\/wp\/v2\/pages\/16\/revisions"}],"predecessor-version":[{"id":83,"href":"https:\/\/blogs.sld.cu\/epoc\/wp-json\/wp\/v2\/pages\/16\/revisions\/83"}],"wp:attachment":[{"href":"https:\/\/blogs.sld.cu\/epoc\/wp-json\/wp\/v2\/media?parent=16"}],"curies":[{"name":"wp","href":"https:\/\/api.w.org\/{rel}","templated":true}]}}