{"id":133,"date":"2020-05-01T03:08:05","date_gmt":"2020-05-01T03:08:05","guid":{"rendered":"http:\/\/blogs.sld.cu\/fracturadecadera\/?page_id=133"},"modified":"2020-12-15T22:19:43","modified_gmt":"2020-12-15T22:19:43","slug":"133-2","status":"publish","type":"page","link":"https:\/\/blogs.sld.cu\/fracturadecadera\/133-2\/","title":{"rendered":""},"content":{"rendered":"<p><span style=\"font-size: 12pt\"><a href=\"http:\/\/blogs.sld.cu\/fracturadecadera\/files\/2020\/04\/viejitacaida1.png\"><img loading=\"lazy\" class=\"alignnone size-full wp-image-165\" src=\"http:\/\/blogs.sld.cu\/fracturadecadera\/files\/2020\/04\/viejitacaida1.png\" alt=\"viejitacaida\" width=\"451\" height=\"279\" srcset=\"https:\/\/blogs.sld.cu\/fracturadecadera\/files\/2020\/04\/viejitacaida1.png 451w, https:\/\/blogs.sld.cu\/fracturadecadera\/files\/2020\/04\/viejitacaida1-300x186.png 300w, https:\/\/blogs.sld.cu\/fracturadecadera\/files\/2020\/04\/viejitacaida1-250x155.png 250w\" sizes=\"(max-width: 451px) 100vw, 451px\" \/><\/a><\/span><\/p>\n<p><span style=\"font-size: 12pt\">La ca\u00edda es el factor causal m\u00e1s importante de la fractura de cadera. El riesgo de ca\u00edda va en aumento de la edad.<\/span><\/p>\n<p><span style=\"font-size: 12pt\">Multitud de razones y factores contribuyen al aumento de las tasas de ca\u00eddas en los adultos mayores, muchas de las cuales pueden ser prevenidas mediante ejercicios, cuidados y t\u00e9cnicas que facilitan las actividades de la vida diaria y permiten tener una vida m\u00e1s duradera con calidad y una evoluci\u00f3n m\u00e1s favorable posterior a la fractura cuando se ha recibido con anterioridad el entrenamiento.<\/span><\/p>\n<p><span style=\"font-size: 12pt\">Una vez operada la cadera fracturada la terapia de rehabilitaci\u00f3n se iniciar\u00e1 tan pronto como sea posible, generalmente dentro de las 24 horas posteriores a la intervenci\u00f3n quir\u00fargica, en dependencia del estado f\u00edsico del paciente y la t\u00e9cnica realizada.<\/span><\/p>\n<p><span style=\"font-size: 12pt\">Los objetivos iniciales son evitar trastornos derivados de la permanencia en cama y mejorar la movilidad y capacidad funcional general, adiestrar al paciente y familiares para su regreso al hogar con la mayor independencia que su estado permita.<\/span><\/p>\n<p><span style=\"font-size: 12pt\"><a href=\"http:\/\/blogs.sld.cu\/fracturadecadera\/136\/\">c<\/a><a href=\"http:\/\/blogs.sld.cu\/fracturadecadera\/136\/\"><span style=\"font-size: 12pt\">ontinu<\/span>ar<\/a><\/span><\/p>\n","protected":false},"excerpt":{"rendered":"<p>La ca\u00edda es el factor causal m\u00e1s importante de la fractura de cadera. El riesgo de ca\u00edda va en aumento de la edad. Multitud de razones y factores contribuyen al aumento de las tasas de ca\u00eddas en los adultos mayores, muchas de las cuales pueden ser prevenidas mediante ejercicios, cuidados y t\u00e9cnicas que facilitan las [&hellip;]<\/p>\n","protected":false},"author":208,"featured_media":0,"parent":0,"menu_order":0,"comment_status":"closed","ping_status":"closed","template":"","meta":[],"_links":{"self":[{"href":"https:\/\/blogs.sld.cu\/fracturadecadera\/wp-json\/wp\/v2\/pages\/133"}],"collection":[{"href":"https:\/\/blogs.sld.cu\/fracturadecadera\/wp-json\/wp\/v2\/pages"}],"about":[{"href":"https:\/\/blogs.sld.cu\/fracturadecadera\/wp-json\/wp\/v2\/types\/page"}],"author":[{"embeddable":true,"href":"https:\/\/blogs.sld.cu\/fracturadecadera\/wp-json\/wp\/v2\/users\/208"}],"replies":[{"embeddable":true,"href":"https:\/\/blogs.sld.cu\/fracturadecadera\/wp-json\/wp\/v2\/comments?post=133"}],"version-history":[{"count":8,"href":"https:\/\/blogs.sld.cu\/fracturadecadera\/wp-json\/wp\/v2\/pages\/133\/revisions"}],"predecessor-version":[{"id":284,"href":"https:\/\/blogs.sld.cu\/fracturadecadera\/wp-json\/wp\/v2\/pages\/133\/revisions\/284"}],"wp:attachment":[{"href":"https:\/\/blogs.sld.cu\/fracturadecadera\/wp-json\/wp\/v2\/media?parent=133"}],"curies":[{"name":"wp","href":"https:\/\/api.w.org\/{rel}","templated":true}]}}

<p><span style="font-size: 12pt"><a href="http://blogs.sld.cu/fracturadecadera/files/2020/04/viejitacaida1.png"><img loading="lazy" class="alignnone size-full wp-image-165" src="http://blogs.sld.cu/fracturadecadera/files/2020/04/viejitacaida1.png" alt="viejitacaida" width="451" height="279" srcset="https://blogs.sld.cu/fracturadecadera/files/2020/04/viejitacaida1.png 451w, https://blogs.sld.cu/fracturadecadera/files/2020/04/viejitacaida1-300x186.png 300w, https://blogs.sld.cu/fracturadecadera/files/2020/04/viejitacaida1-250x155.png 250w" sizes="(max-width: 451px) 100vw, 451px" /></a></span></p>
<p><span style="font-size: 12pt">La caída es el factor causal más importante de la fractura de cadera. El riesgo de caída va en aumento de la edad.</span></p>
<p><span style="font-size: 12pt">Multitud de razones y factores contribuyen al aumento de las tasas de caídas en los adultos mayores, muchas de las cuales pueden ser prevenidas mediante ejercicios, cuidados y técnicas que facilitan las actividades de la vida diaria y permiten tener una vida más duradera con calidad y una evolución más favorable posterior a la fractura cuando se ha recibido con anterioridad el entrenamiento.</span></p>
<p><span style="font-size: 12pt">Una vez operada la cadera fracturada la terapia de rehabilitación se iniciará tan pronto como sea posible, generalmente dentro de las 24 horas posteriores a la intervención quirúrgica, en dependencia del estado físico del paciente y la técnica realizada.</span></p>
<p><span style="font-size: 12pt">Los objetivos iniciales son evitar trastornos derivados de la permanencia en cama y mejorar la movilidad y capacidad funcional general, adiestrar al paciente y familiares para su regreso al hogar con la mayor independencia que su estado permita.</span></p>
<p><span style="font-size: 12pt"><a href="http://blogs.sld.cu/fracturadecadera/136/">c</a><a href="http://blogs.sld.cu/fracturadecadera/136/"><span style="font-size: 12pt">ontinu</span>ar</a></span></p>

<p>La caída es el factor causal más importante de la fractura de cadera. El riesgo de caída va en aumento de la edad. Multitud de razones y factores contribuyen al aumento de las tasas de caídas en los adultos mayores, muchas de las cuales pueden ser prevenidas mediante ejercicios, cuidados y técnicas que facilitan las [&hellip;]</p>
