{"id":136,"date":"2020-05-01T03:13:29","date_gmt":"2020-05-01T03:13:29","guid":{"rendered":"http:\/\/blogs.sld.cu\/fracturadecadera\/?page_id=136"},"modified":"2020-12-15T22:22:19","modified_gmt":"2020-12-15T22:22:19","slug":"136-2","status":"publish","type":"page","link":"https:\/\/blogs.sld.cu\/fracturadecadera\/136-2\/","title":{"rendered":""},"content":{"rendered":"<p><span style=\"font-size: 12pt\">Se ense\u00f1an los ejercicios respiratorios y se realizan ejercicios para conservar los arcos de movilidad y potenciar los m\u00fasculos de miembros superiores y miembro inferior no operado, el cirujano o el personal encargado de la rehabilitaci\u00f3n realiza en cama ejercicios activos asistidos de flexo extensi\u00f3n del miembro operado.<\/span><\/p>\n<p><span style=\"font-size: 12pt\">Tan pronto como sea posible, siguiendo las indicaciones del cirujano ortop\u00e9dico se instruye sobre la manera correcta de sentar al paciente en el borde de la cama y si todo marcha bien al d\u00eda siguiente se anima al paciente a sentarse en una silla con ayuda y siguiendo las instrucciones brindadas anteriormente.<\/span><\/p>\n<p><span style=\"font-size: 12pt\">Con ello mejora la mec\u00e1nica respiratoria y se evitan las \u00falceras por presi\u00f3n. La movilizaci\u00f3n precoz tambi\u00e9n reduce el riesgo de trombosis. Se realizan ejercicios fortalecedores para miembros superiores, tronco y miembro inferior sano. En el miembro operado se realizar\u00e1 ejercicios isom\u00e9tricos de cu\u00e1driceps y gl\u00fateos, y cuando el cirujano lo autorice, con ayuda de otra persona se sostiene de pie sobre la pierna sana apoy\u00e1ndose en la baranda de la cama, en el andador o en burritos, sin descargar el peso sobre el miembro operado, conservando la postura y el equilibrio.<\/span><\/p>\n<p><span style=\"font-size: 12pt\">En d\u00edas sucesivos seg\u00fan la respuesta del paciente y con el criterio del ortop\u00e9dico se permitir\u00e1 la descarga progresiva del peso sobre el miembro operado.<\/span><\/p>\n<p><span style=\"font-size: 12pt\">Se mantendr\u00e1 un programa de ejercicios para conservar o mejorar la capacidad funcional motora general que favorezca la independencia del paciente y permita ganar confianza al andar y ser\u00e1 entrenado en el uso de alg\u00fan medio auxiliar de marcha, sea bast\u00f3n, andador o burritos seg\u00fan requiera cuando sea capaz de soportar el peso sobre la cadera afectada sin dolor y tenga fortaleza muscular y equilibrio.<\/span><\/p>\n<p><span style=\"font-size: 12pt\"><a title=\"continuar\" href=\"http:\/\/blogs.sld.cu\/fracturadecadera\/continuar\/\">continuar<\/a><\/span><\/p>\n","protected":false},"excerpt":{"rendered":"<p>Se ense\u00f1an los ejercicios respiratorios y se realizan ejercicios para conservar los arcos de movilidad y potenciar los m\u00fasculos de miembros superiores y miembro inferior no operado, el cirujano o el personal encargado de la rehabilitaci\u00f3n realiza en cama ejercicios activos asistidos de flexo extensi\u00f3n del miembro operado. Tan pronto como sea posible, siguiendo las [&hellip;]<\/p>\n","protected":false},"author":208,"featured_media":0,"parent":0,"menu_order":0,"comment_status":"closed","ping_status":"closed","template":"","meta":[],"_links":{"self":[{"href":"https:\/\/blogs.sld.cu\/fracturadecadera\/wp-json\/wp\/v2\/pages\/136"}],"collection":[{"href":"https:\/\/blogs.sld.cu\/fracturadecadera\/wp-json\/wp\/v2\/pages"}],"about":[{"href":"https:\/\/blogs.sld.cu\/fracturadecadera\/wp-json\/wp\/v2\/types\/page"}],"author":[{"embeddable":true,"href":"https:\/\/blogs.sld.cu\/fracturadecadera\/wp-json\/wp\/v2\/users\/208"}],"replies":[{"embeddable":true,"href":"https:\/\/blogs.sld.cu\/fracturadecadera\/wp-json\/wp\/v2\/comments?post=136"}],"version-history":[{"count":7,"href":"https:\/\/blogs.sld.cu\/fracturadecadera\/wp-json\/wp\/v2\/pages\/136\/revisions"}],"predecessor-version":[{"id":245,"href":"https:\/\/blogs.sld.cu\/fracturadecadera\/wp-json\/wp\/v2\/pages\/136\/revisions\/245"}],"wp:attachment":[{"href":"https:\/\/blogs.sld.cu\/fracturadecadera\/wp-json\/wp\/v2\/media?parent=136"}],"curies":[{"name":"wp","href":"https:\/\/api.w.org\/{rel}","templated":true}]}}

<p><span style="font-size: 12pt">Se enseñan los ejercicios respiratorios y se realizan ejercicios para conservar los arcos de movilidad y potenciar los músculos de miembros superiores y miembro inferior no operado, el cirujano o el personal encargado de la rehabilitación realiza en cama ejercicios activos asistidos de flexo extensión del miembro operado.</span></p>
<p><span style="font-size: 12pt">Tan pronto como sea posible, siguiendo las indicaciones del cirujano ortopédico se instruye sobre la manera correcta de sentar al paciente en el borde de la cama y si todo marcha bien al día siguiente se anima al paciente a sentarse en una silla con ayuda y siguiendo las instrucciones brindadas anteriormente.</span></p>
<p><span style="font-size: 12pt">Con ello mejora la mecánica respiratoria y se evitan las úlceras por presión. La movilización precoz también reduce el riesgo de trombosis. Se realizan ejercicios fortalecedores para miembros superiores, tronco y miembro inferior sano. En el miembro operado se realizará ejercicios isométricos de cuádriceps y glúteos, y cuando el cirujano lo autorice, con ayuda de otra persona se sostiene de pie sobre la pierna sana apoyándose en la baranda de la cama, en el andador o en burritos, sin descargar el peso sobre el miembro operado, conservando la postura y el equilibrio.</span></p>
<p><span style="font-size: 12pt">En días sucesivos según la respuesta del paciente y con el criterio del ortopédico se permitirá la descarga progresiva del peso sobre el miembro operado.</span></p>
<p><span style="font-size: 12pt">Se mantendrá un programa de ejercicios para conservar o mejorar la capacidad funcional motora general que favorezca la independencia del paciente y permita ganar confianza al andar y será entrenado en el uso de algún medio auxiliar de marcha, sea bastón, andador o burritos según requiera cuando sea capaz de soportar el peso sobre la cadera afectada sin dolor y tenga fortaleza muscular y equilibrio.</span></p>
<p><span style="font-size: 12pt"><a title="continuar" href="http://blogs.sld.cu/fracturadecadera/continuar/">continuar</a></span></p>

<p>Se enseñan los ejercicios respiratorios y se realizan ejercicios para conservar los arcos de movilidad y potenciar los músculos de miembros superiores y miembro inferior no operado, el cirujano o el personal encargado de la rehabilitación realiza en cama ejercicios activos asistidos de flexo extensión del miembro operado. Tan pronto como sea posible, siguiendo las [&hellip;]</p>
