{"id":14,"date":"2020-04-20T17:24:11","date_gmt":"2020-04-20T17:24:11","guid":{"rendered":"http:\/\/blogs.sld.cu\/fracturadecadera\/?page_id=14"},"modified":"2020-12-15T22:36:55","modified_gmt":"2020-12-15T22:36:55","slug":"sintomas-y-causas","status":"publish","type":"page","link":"https:\/\/blogs.sld.cu\/fracturadecadera\/sintomas-y-causas\/","title":{"rendered":"S\u00edntomas"},"content":{"rendered":"<p><span style=\"font-size: 12pt\">El s\u00edntoma m\u00e1s evidente es el dolor a nivel de la cadera que en ocasiones se irradia a la rodilla, acompa\u00f1ado de impotencia funcional del miembro lesionado, el paciente refiere dolor al apoyar el miembro e imposibilidad de caminar. En ocasiones el paciente puede deambular sin o con dolor ligero a moderado lo que no excluye que exista fractura.<\/span><\/p>\n<p><span style=\"font-size: 12pt\">El miembro lesionado adopta una actitud caracter\u00edstica en rotaci\u00f3n externa, abducci\u00f3n y semiflexi\u00f3n (aparenta ser m\u00e1s corto) con el borde externo del pi\u00e9 apoyado sobre el plano de la mesa, m\u00e1s marcado en las fracturas extracapsulares.<\/span><\/p>\n<p><span style=\"font-size: 12pt\"><img loading=\"lazy\" class=\"alignnone size-full wp-image-57\" src=\"http:\/\/blogs.sld.cu\/fracturadecadera\/files\/2020\/04\/signosfc.png\" alt=\"signosfc\" width=\"213\" height=\"128\" \/><\/span><\/p>\n<p><span style=\"font-size: 12pt\">Tumefacci\u00f3n de la ra\u00edz del muslo.<\/span><\/p>\n<p><span style=\"font-size: 12pt\">Impotencia funcional absoluta en las fracturas intracapsulares desplazadas y extracapsulares completas.<\/span><\/p>\n<p><span style=\"font-size: 12pt\">Cuando las fracturas del cuello femoral son incompletas o impactadas,\u00a0 el paciente puede realizar los movimientos de la cadera y en ocasiones deambular.<\/span><\/p>\n<p><span style=\"font-size: 12pt\"><strong>Causa<\/strong><\/span><\/p>\n<p><span style=\"font-size: 12pt\">Las fracturas generalmente est\u00e1n causadas por una ca\u00edda. Las personas mayores son las m\u00e1s propensas, especialmente si sus huesos se han debilitado por enfermedades como la osteoporosis o el c\u00e1ncer.<\/span><\/p>\n<p><span style=\"font-size: 12pt\"><strong>Diagn\u00f3stico<\/strong><\/span><\/p>\n<p><span style=\"font-size: 12pt\">Se basa en la cl\u00ednica y en los estudios imagenol\u00f3gicos<\/span><\/p>\n<p><span style=\"font-size: 12pt\"><img loading=\"lazy\" class=\" wp-image-158 size-full alignleft\" src=\"http:\/\/blogs.sld.cu\/fracturadecadera\/files\/2020\/04\/fracturacadera-e1588515819363.jpg\" alt=\"fracturacadera\" width=\"205\" height=\"274\" \/><\/span><\/p>\n<p><span style=\"font-size: 12pt\">\u00a0<\/span><\/p>\n","protected":false},"excerpt":{"rendered":"<p>El s\u00edntoma m\u00e1s evidente es el dolor a nivel de la cadera que en ocasiones se irradia a la rodilla, acompa\u00f1ado de impotencia funcional del miembro lesionado, el paciente refiere dolor al apoyar el miembro e imposibilidad de caminar. En ocasiones el paciente puede deambular sin o con dolor ligero a moderado lo que no [&hellip;]<\/p>\n","protected":false},"author":208,"featured_media":0,"parent":0,"menu_order":0,"comment_status":"closed","ping_status":"closed","template":"","meta":[],"_links":{"self":[{"href":"https:\/\/blogs.sld.cu\/fracturadecadera\/wp-json\/wp\/v2\/pages\/14"}],"collection":[{"href":"https:\/\/blogs.sld.cu\/fracturadecadera\/wp-json\/wp\/v2\/pages"}],"about":[{"href":"https:\/\/blogs.sld.cu\/fracturadecadera\/wp-json\/wp\/v2\/types\/page"}],"author":[{"embeddable":true,"href":"https:\/\/blogs.sld.cu\/fracturadecadera\/wp-json\/wp\/v2\/users\/208"}],"replies":[{"embeddable":true,"href":"https:\/\/blogs.sld.cu\/fracturadecadera\/wp-json\/wp\/v2\/comments?post=14"}],"version-history":[{"count":18,"href":"https:\/\/blogs.sld.cu\/fracturadecadera\/wp-json\/wp\/v2\/pages\/14\/revisions"}],"predecessor-version":[{"id":290,"href":"https:\/\/blogs.sld.cu\/fracturadecadera\/wp-json\/wp\/v2\/pages\/14\/revisions\/290"}],"wp:attachment":[{"href":"https:\/\/blogs.sld.cu\/fracturadecadera\/wp-json\/wp\/v2\/media?parent=14"}],"curies":[{"name":"wp","href":"https:\/\/api.w.org\/{rel}","templated":true}]}}