{"id":21,"date":"2020-04-20T17:30:49","date_gmt":"2020-04-20T17:30:49","guid":{"rendered":"http:\/\/blogs.sld.cu\/fracturadecadera\/?page_id=21"},"modified":"2020-12-15T22:35:28","modified_gmt":"2020-12-15T22:35:28","slug":"rehabilitacion","status":"publish","type":"page","link":"https:\/\/blogs.sld.cu\/fracturadecadera\/rehabilitacion\/","title":{"rendered":"Rehabilitaci\u00f3n"},"content":{"rendered":"<h4><span style=\"font-size: 12pt\"><strong>Por la Dra. Dulce Mar\u00eda Abrahantes Garc\u00eda<\/strong><\/span><\/h4>\n<p><span style=\"font-size: 12pt\">La mayor\u00eda de los pacientes presentan una enfermedad sist\u00e9mica asociada con el envejecimiento.<\/span><\/p>\n<p><span style=\"font-size: 12pt\">Cerca de la mitad de los ancianos independientes pasar\u00e1n a ser parcialmente dependientes para las actividades de la vida diaria tras sufrir la fractura.<\/span><\/p>\n<p><span style=\"font-size: 12pt\">Un tercio de ellos incluso puede llegar a ser totalmente dependientes.<\/span><\/p>\n<p><span style=\"font-size: 12pt\">Los pacientes que padecen esta lesi\u00f3n son en su mayor\u00eda personas mayores de 70 a\u00f1os y gran parte de ellos mayores de 85 a\u00f1os.<\/span><\/p>\n<p><span style=\"font-size: 12pt\">Hay dos grandes factores que contribuyen en la alta incidencia de fracturas de cadera en las personas mayores: la osteoporosis y las ca\u00eddas a pie plano.<\/span><\/p>\n<p><span style=\"font-size: 12pt\"><a href=\"http:\/\/blogs.sld.cu\/fracturadecadera\/133\/\">continuar<\/a><\/span><\/p>\n","protected":false},"excerpt":{"rendered":"<p>Por la Dra. Dulce Mar\u00eda Abrahantes Garc\u00eda La mayor\u00eda de los pacientes presentan una enfermedad sist\u00e9mica asociada con el envejecimiento. Cerca de la mitad de los ancianos independientes pasar\u00e1n a ser parcialmente dependientes para las actividades de la vida diaria tras sufrir la fractura. Un tercio de ellos incluso puede llegar a ser totalmente dependientes. [&hellip;]<\/p>\n","protected":false},"author":208,"featured_media":0,"parent":0,"menu_order":0,"comment_status":"closed","ping_status":"closed","template":"","meta":[],"_links":{"self":[{"href":"https:\/\/blogs.sld.cu\/fracturadecadera\/wp-json\/wp\/v2\/pages\/21"}],"collection":[{"href":"https:\/\/blogs.sld.cu\/fracturadecadera\/wp-json\/wp\/v2\/pages"}],"about":[{"href":"https:\/\/blogs.sld.cu\/fracturadecadera\/wp-json\/wp\/v2\/types\/page"}],"author":[{"embeddable":true,"href":"https:\/\/blogs.sld.cu\/fracturadecadera\/wp-json\/wp\/v2\/users\/208"}],"replies":[{"embeddable":true,"href":"https:\/\/blogs.sld.cu\/fracturadecadera\/wp-json\/wp\/v2\/comments?post=21"}],"version-history":[{"count":10,"href":"https:\/\/blogs.sld.cu\/fracturadecadera\/wp-json\/wp\/v2\/pages\/21\/revisions"}],"predecessor-version":[{"id":289,"href":"https:\/\/blogs.sld.cu\/fracturadecadera\/wp-json\/wp\/v2\/pages\/21\/revisions\/289"}],"wp:attachment":[{"href":"https:\/\/blogs.sld.cu\/fracturadecadera\/wp-json\/wp\/v2\/media?parent=21"}],"curies":[{"name":"wp","href":"https:\/\/api.w.org\/{rel}","templated":true}]}}

Rehabilitación

<h4><span style="font-size: 12pt"><strong>Por la Dra. Dulce María Abrahantes García</strong></span></h4>
<p><span style="font-size: 12pt">La mayoría de los pacientes presentan una enfermedad sistémica asociada con el envejecimiento.</span></p>
<p><span style="font-size: 12pt">Cerca de la mitad de los ancianos independientes pasarán a ser parcialmente dependientes para las actividades de la vida diaria tras sufrir la fractura.</span></p>
<p><span style="font-size: 12pt">Un tercio de ellos incluso puede llegar a ser totalmente dependientes.</span></p>
<p><span style="font-size: 12pt">Los pacientes que padecen esta lesión son en su mayoría personas mayores de 70 años y gran parte de ellos mayores de 85 años.</span></p>
<p><span style="font-size: 12pt">Hay dos grandes factores que contribuyen en la alta incidencia de fracturas de cadera en las personas mayores: la osteoporosis y las caídas a pie plano.</span></p>
<p><span style="font-size: 12pt"><a href="http://blogs.sld.cu/fracturadecadera/133/">continuar</a></span></p>

<p>Por la Dra. Dulce María Abrahantes García La mayoría de los pacientes presentan una enfermedad sistémica asociada con el envejecimiento. Cerca de la mitad de los ancianos independientes pasarán a ser parcialmente dependientes para las actividades de la vida diaria tras sufrir la fractura. Un tercio de ellos incluso puede llegar a ser totalmente dependientes. [&hellip;]</p>
