{"id":62,"date":"2021-03-09T07:53:22","date_gmt":"2021-03-09T07:53:22","guid":{"rendered":"http:\/\/blogs.sld.cu\/giardiasis\/?page_id=62"},"modified":"2021-10-26T18:24:34","modified_gmt":"2021-10-26T18:24:34","slug":"glosario","status":"publish","type":"page","link":"https:\/\/blogs.sld.cu\/giardiasis\/glosario\/","title":{"rendered":"Glosario"},"content":{"rendered":"<ul>\n<li><strong>Antiparasitario<\/strong>: Medicamento o producto indicado contra los par\u00e1sitos<\/li>\n<li><strong>Flagelo<\/strong>: Estructura para la movilidad de c\u00e9lulas y organismos unicelulares, constitu\u00eddo por microt\u00fabulos<\/li>\n<li><strong>Giardia<\/strong>: Protozoario flagelado<\/li>\n<li><strong>Giardiasis<\/strong>: Enfermedad inflamatoria intestinal producida por la Giardia lambia<\/li>\n<li><strong>Intestino delgado<\/strong>: \u00d3rgano tubular del sistema digestivo, que participa en la absorci\u00f3n de los nutrientes. Primera porci\u00f3n del intestino constitu\u00edda por 3 partes: duodeno, yeyuno, e ile\u00f3n.<\/li>\n<li><strong>Microbiolog\u00eda<\/strong>: Parte de la Biolog\u00eda que estudia los microrganismos.<\/li>\n<li><strong>Organismo unicelular<\/strong>: Organismo formado por una sola c\u00e9lula<\/li>\n<li><strong>Protozoarios<\/strong>: Grupo de animales eucariotas formados por una sola c\u00e9lula, o por una colonia de c\u00e9lulas iguales entre s\u00ed, sin diferenciaci\u00f3n de tejidos y que vive en medios acuosos o en l\u00edquidos internos de organismos superiores. La giardia, la ameba y el paramecio pertenecen a son protozoos.<\/li>\n<li><strong>Quistes tetranucledos<\/strong>: Es una forma del ciclo de vida de los par\u00e1sitos. Los\u00a0quistes\u00a0tetranucleados\u00a0de par\u00e1sitos son adquiridos de forma oral mediante la ingesta de heces o agua contaminada. Entran en el est\u00f3mago a trav\u00e9s del es\u00f3fago y terminan en la superficie de las vellosidades del intestino delgado. All\u00ed se desarrollan a lo largo de las etapas m\u00f3viles, los llamados trofozo\u00edtos.<\/li>\n<li><strong>Trofozoito<\/strong>: Etapa m\u00f3vil, por la presencia del flagelo, de los par\u00e1sitos cuando habitan en el intestino delgado del humano.<\/li>\n<\/ul>\n<p>&nbsp;<\/p>\n<p>&nbsp;<\/p>\n","protected":false},"excerpt":{"rendered":"<p>Antiparasitario: Medicamento o producto indicado contra los par\u00e1sitos Flagelo: Estructura para la movilidad de c\u00e9lulas y organismos unicelulares, constitu\u00eddo por microt\u00fabulos Giardia: Protozoario flagelado Giardiasis: Enfermedad inflamatoria intestinal producida por la Giardia lambia Intestino delgado: \u00d3rgano tubular del sistema digestivo, que participa en la absorci\u00f3n de los nutrientes. Primera porci\u00f3n del intestino constitu\u00edda por 3 [&hellip;]<\/p>\n","protected":false},"author":208,"featured_media":0,"parent":0,"menu_order":0,"comment_status":"closed","ping_status":"open","template":"","meta":[],"_links":{"self":[{"href":"https:\/\/blogs.sld.cu\/giardiasis\/wp-json\/wp\/v2\/pages\/62"}],"collection":[{"href":"https:\/\/blogs.sld.cu\/giardiasis\/wp-json\/wp\/v2\/pages"}],"about":[{"href":"https:\/\/blogs.sld.cu\/giardiasis\/wp-json\/wp\/v2\/types\/page"}],"author":[{"embeddable":true,"href":"https:\/\/blogs.sld.cu\/giardiasis\/wp-json\/wp\/v2\/users\/208"}],"replies":[{"embeddable":true,"href":"https:\/\/blogs.sld.cu\/giardiasis\/wp-json\/wp\/v2\/comments?post=62"}],"version-history":[{"count":21,"href":"https:\/\/blogs.sld.cu\/giardiasis\/wp-json\/wp\/v2\/pages\/62\/revisions"}],"predecessor-version":[{"id":215,"href":"https:\/\/blogs.sld.cu\/giardiasis\/wp-json\/wp\/v2\/pages\/62\/revisions\/215"}],"wp:attachment":[{"href":"https:\/\/blogs.sld.cu\/giardiasis\/wp-json\/wp\/v2\/media?parent=62"}],"curies":[{"name":"wp","href":"https:\/\/api.w.org\/{rel}","templated":true}]}}