{"id":68,"date":"2021-03-09T07:59:52","date_gmt":"2021-03-09T07:59:52","guid":{"rendered":"http:\/\/blogs.sld.cu\/giardiasis\/?page_id=68"},"modified":"2021-10-03T16:41:31","modified_gmt":"2021-10-03T16:41:31","slug":"preguntas-frecuentes","status":"publish","type":"page","link":"https:\/\/blogs.sld.cu\/giardiasis\/preguntas-frecuentes\/","title":{"rendered":"Preguntas frecuentes"},"content":{"rendered":"<p><strong>Sobre la Giardiasis<\/strong><\/p>\n<p><strong>\u00bfC\u00f3mo se cura la giardiasis?<\/strong><\/p>\n<p>Lamentablemente, en la poblaci\u00f3n cubana existen mitos relacionados con la giardiosis y plantean que \u201cla giardiosis es incurable\u201d, \u201cGiardia hoy y Giardia siempre\u201d, \u201cla Giardia se enquista en el h\u00edgado o llega a la vesicula y se hace incurable\u201d, \u201cel metronidazol no sirve para la Giardia\u201dentre otros. Vale aclarar entonces que la giardiosis es una enfermedad infecciosa curable y prevenible.\u00a0 Si bien es cierto que en muchas ocasiones es una enfermedad autolimitada; o sea, que se cura sola, cabe destacar que un grupo de personas necesitan de tomar alguno de los f\u00e1rmacos antiparasitarios con acci\u00f3n frente a Giardia, como el metronidazol, el secnidazol, el albendazol, entre otros. En una revisi\u00f3n sistem\u00e1tica sobre los f\u00e1rmacos utilizados contra la giardiosis en Cuba, <a href=\"https:\/\/www.infezmed.it\/index.php\/article?Anno=2019&amp;numero=1&amp;ArticoloDaVisualizzare=Vol_27_1_2019_58\" target=\"_blank\" rel=\"noopener\">publicada en la revista Le Infezioni in Medicina<\/a> se demostr\u00f3 que el metronidazol, como el resto de los medicamentos utilizados, era \u00fatil frente a esta parasitosis.<\/p>\n<p><strong>\u00bfQu\u00e9 efectos produce la giardia lambia?<\/strong><\/p>\n<p>En muchas personas la presencia de Giardia en su intestino cursa de manera asintom\u00e1tica. En otras, la infecci\u00f3n por Giardia est\u00e1 relacionada con diarreas l\u00edquidas malolientes, tambi\u00e9n con heces m\u00e1s fluidas (pastosas) y brillosas, por su mayor contenido de grasas. Se puede acompa\u00f1ar de dolores abdominales, n\u00e1useas, v\u00f3mitos y p\u00e9rdida de peso.<\/p>\n<p>Se ha visto que la giardiosis puede ocasionar un s\u00edndrome de malabsorci\u00f3n, con la consecuente disminuci\u00f3n de los niveles s\u00e9ricos de hierro, zinc, iodo y magnesio, entre otros.<\/p>\n<p>La infecci\u00f3n por Giardia, generalmente, desaparece en unas pocas semanas. Sin embargo, es posible que las personas afectadas mantengan molestias intestinales por un tiempo m\u00e1s largo, a pesar de que ya los par\u00e1sitos hayan desaparecido. Por ejemplo, no es raro que exista problemas en la absorci\u00f3n de la lactosa.<\/p>\n<p>En fecha reciente, se ha visto la infecci\u00f3n por Giardia relacionada con cuadros de fatiga cr\u00f3nica, s\u00edndrome de intestino irritable y en ni\u00f1os peque\u00f1os problemas con el aprendizaje.<\/p>\n<p><strong>\u00bfQu\u00e9 es el desenquistamiento?<\/strong><\/p>\n<p>Empecemos por conocer que el par\u00e1sito <em>Giardia<\/em> cuenta con dos estadios en su ciclo de vida. Una forma que es capaz de infectar a la persona que es el quiste. Este cuenta con una pared gruesa y resistente que le permite persistir en el medio ambiente por periodos prolongados y contaminar el agua y los alimentos. La otra forma es el trofozo\u00edto, que es la que se ubica en el intestino delgado de la persona a la que infecta y le causa las molestias.<\/p>\n<p>El ciclo de vida de <em>Giardia<\/em> se inicia cuando una persona ingiere los quistes que pueden estar presentes en el agua y alimentos contaminados. Cuando los quistes se exponen a los \u00e1cidos g\u00e1stricos y a las enzimas pancre\u00e1ticas, se induce el proceso de desenquistamiento. De ellos se liberan los trofozoitos, que una vez libres, se adhieren al intestino delgado.<\/p>\n<p><strong>\u00bfExisten variaciones en las manifestaciones cl\u00ednicas de la giardiosis?<\/strong><\/p>\n<p>Contrario a lo que muchas personas piensan, la presencia de <em>Giardia<\/em> generalmente no ocasiona s\u00edntomas. Sin embargo, cuando aparecen s\u00edntomas, estos pueden variar de acuerdo a la edad. En los ni\u00f1os peque\u00f1os es com\u00fan la diarrea acuosa y los v\u00f3mitos; en cambio, en los ni\u00f1os de mayor edad es m\u00e1s frecuente el dolor en la parte superior del abdomen, n\u00e1useas, p\u00e9rdida de peso y el aumento de los gases. Entre las personas que viajan de pa\u00edses no end\u00e9micos a pa\u00edses d\u00f3nde la infecci\u00f3n por <em>Giardia<\/em> es com\u00fan, los cuadros de diarreas cr\u00f3nicas son frecuentes.<\/p>\n<p><strong>\u00bfExisten algunos alimentos que puedan eliminar la giardia?<\/strong><\/p>\n<p>Algunos autores plantean que dietas con elevado contenido en vitamina C, el yogur y el ajo pueden ser \u00fatiles para eliminar la infecci\u00f3n por <em>Giardia<\/em>.<\/p>\n<p><strong>\u00bfCon giardiosis se puede comer de todo?<\/strong><\/p>\n<p>Definitivamente, s\u00ed. Ocurre que en algunos casos como secuela de la giardiosis queda una dificultad para absorber bien los l\u00e1cteos y de manera transitoria se sugiere disminuir la presencia de estos alimentos de la dieta. Tambi\u00e9n es importante tomar en consideraci\u00f3n que si la persona tiene diarrea debe aumentar la ingesti\u00f3n de l\u00edquidos para evitar la deshidrataci\u00f3n.<\/p>\n","protected":false},"excerpt":{"rendered":"<p>Sobre la Giardiasis \u00bfC\u00f3mo se cura la giardiasis? Lamentablemente, en la poblaci\u00f3n cubana existen mitos relacionados con la giardiosis y plantean que \u201cla giardiosis es incurable\u201d, \u201cGiardia hoy y Giardia siempre\u201d, \u201cla Giardia se enquista en el h\u00edgado o llega a la vesicula y se hace incurable\u201d, \u201cel metronidazol no sirve para la Giardia\u201dentre otros. [&hellip;]<\/p>\n","protected":false},"author":208,"featured_media":0,"parent":0,"menu_order":0,"comment_status":"closed","ping_status":"open","template":"","meta":[],"_links":{"self":[{"href":"https:\/\/blogs.sld.cu\/giardiasis\/wp-json\/wp\/v2\/pages\/68"}],"collection":[{"href":"https:\/\/blogs.sld.cu\/giardiasis\/wp-json\/wp\/v2\/pages"}],"about":[{"href":"https:\/\/blogs.sld.cu\/giardiasis\/wp-json\/wp\/v2\/types\/page"}],"author":[{"embeddable":true,"href":"https:\/\/blogs.sld.cu\/giardiasis\/wp-json\/wp\/v2\/users\/208"}],"replies":[{"embeddable":true,"href":"https:\/\/blogs.sld.cu\/giardiasis\/wp-json\/wp\/v2\/comments?post=68"}],"version-history":[{"count":10,"href":"https:\/\/blogs.sld.cu\/giardiasis\/wp-json\/wp\/v2\/pages\/68\/revisions"}],"predecessor-version":[{"id":153,"href":"https:\/\/blogs.sld.cu\/giardiasis\/wp-json\/wp\/v2\/pages\/68\/revisions\/153"}],"wp:attachment":[{"href":"https:\/\/blogs.sld.cu\/giardiasis\/wp-json\/wp\/v2\/media?parent=68"}],"curies":[{"name":"wp","href":"https:\/\/api.w.org\/{rel}","templated":true}]}}