{"id":73,"date":"2021-03-09T08:02:02","date_gmt":"2021-03-09T08:02:02","guid":{"rendered":"http:\/\/blogs.sld.cu\/giardiasis\/?page_id=73"},"modified":"2021-10-04T02:33:22","modified_gmt":"2021-10-04T02:33:22","slug":"recursos","status":"publish","type":"page","link":"https:\/\/blogs.sld.cu\/giardiasis\/recursos\/","title":{"rendered":"Recursos"},"content":{"rendered":"<p>En este espacio podr\u00e1 encontrar, entrevistas, y sitios de inter\u00e9s y otros materiales vinculados a la enfermedad.<\/p>\n<p><a href=\"http:\/\/scielo.sld.cu\/scielo.php?script=sci_arttext&amp;pid=S0864-21252010000100007\"><br \/>\n<\/a><a href=\"http:\/\/scielo.sld.cu\/scielo.php?script=sci_arttext&amp;pid=S0864-21252010000100007\">Conocimientos, percepciones y pr\u00e1cticas sobre giardiasis de ..<\/a>\u00a0 Scielo<\/p>\n<p><a href=\"https:\/\/www.mayoclinic.org\/es-es\/diseases-conditions\/giardia-infection\/symptoms-causes\/syc-20372786\">Infecci\u00f3n por giardia (giardiasis) &#8211; S\u00edntomas y causas &#8211; Mayo ..<\/a><\/p>\n<p><a href=\"https:\/\/www.msdmanuals.com\/es\/professional\/enfermedades-infecciosas\/protozoos-intestinales-y-microsporidias\/giardiasis\">Giardiasis &#8211; Enfermedades infecciosas &#8211; Manual MSD versi\u00f3n &#8230;<\/a><\/p>\n<p><a href=\"https:\/\/ldh.la.gov\/assets\/oph\/Center-PHCH\/Center-CH\/infectious-epi\/PublicInfo\/spanish\/GiardiaPublicInfoSP1.pdf\">Informaci\u00f3n sobre la Giardiasis &#8211; Louisiana.gov<\/a><\/p>\n<p><a href=\"https:\/\/es.wikipedia.org\/wiki\/Giardiasis\">Giardiasis &#8211; Wikipedia, la enciclopedia libre<\/a><\/p>\n<p><a href=\"https:\/\/scielosp.org\/article\/rsap\/2005.v7n3\/327-338\/\">Prevalencia de giardiasis y &#8230; &#8211; SciELO &#8211; Sa\u00fade P\u00fablica<\/a><\/p>\n<p><a href=\"https:\/\/www.merckmanuals.com\/es-us\/hogar\/infecciones\/infecciones-parasitarias-protozoos-y-microsporidios-intestinales\/giardiasis-giardiosis\">Giardiasis (giardiosis) &#8211; Infecciones &#8211; Manuale Merck versi\u00f3n &#8230;<\/a><\/p>\n<p><a href=\"https:\/\/www.google.com\/url?sa=t&amp;rct=j&amp;q=&amp;esrc=s&amp;source=web&amp;cd=&amp;cad=rja&amp;uact=8&amp;ved=2ahUKEwjipM7luKPvAhVxSzABHdXlBHoQFjATegQIJBAD&amp;url=https%3A%2F%2Fwww.karger.com%2FArticle%2FPDF%2F151270&amp;usg=AOvVaw0-cTqGzNIMrHIfVrpWf77o\">Giardiasis: Conceptos modernos sobre su control y tratamiento<\/a><\/p>\n<p><a href=\"https:\/\/www.lavanguardia.com\/vida\/salud\/enfermedades-infecciosas\/20190622\/463036173837\/giardiasis-giardia-intestinalis-giardia-lamblia-parasito-infeccion-diarrea.html\" target=\"_blank\" rel=\"noopener\">Giardiasis: S\u00edntomas, causas y c\u00f3mo tratar la enfermedad<\/a><\/p>\n<p><a href=\"https:\/\/mejorconsalud.as.com\/los-7-mejores-alimentos-combatir-los-parasitos-intestinales\/\">Los 7 mejores alimentos para combatir los par\u00e1sitos &#8230;<\/a><\/p>\n<p><a href=\"https:\/\/www.ugto.mx\/noticias\/noticias\/anuies-rco\/7195-combatir-la-giardia-lamblia-sin-efectos-secundarios\">Combatir la Giardia lamblia sin efectos secundarios<\/a><\/p>\n<p><a href=\"https:\/\/espanol.kaiserpermanente.org\/es\/health-wellness\/health-encyclopedia\/he.giardiasis-instrucciones-de-cuidado.abk7138\">Giardiasis: Instrucciones de cuidado | Kaiser Permanente<\/a><\/p>\n<p><a href=\"https:\/\/scielosp.org\/scielo.php?pid=S0036-36342002000400004&amp;script=sci_arttext&amp;tlng=es\">Impacto de la dieta sobre la &#8230; &#8211; SciELO &#8211; Sa\u00fade P\u00fablica<\/a><\/p>\n<p><a href=\"http:\/\/www.granma.cu\/granmad\/salud\/consultas\/i\/c27.html\">Infecci\u00f3n por giardias &#8211; Granma<\/a><\/p>\n<p><a href=\"http:\/\/blogs.sld.cu\/giardiasis\/files\/2021\/03\/Giardiosis.pdf\">Giardiasis. Rodrigo Quezada L\u00e1zaro y Ma. Guadalupe Ortega Pierres<\/a><\/p>\n<p>&nbsp;<\/p>\n<p>&nbsp;<\/p>\n<p>&nbsp;<\/p>\n","protected":false},"excerpt":{"rendered":"<p>En este espacio podr\u00e1 encontrar, entrevistas, y sitios de inter\u00e9s y otros materiales vinculados a la enfermedad. Conocimientos, percepciones y pr\u00e1cticas sobre giardiasis de ..\u00a0 Scielo Infecci\u00f3n por giardia (giardiasis) &#8211; S\u00edntomas y causas &#8211; Mayo .. Giardiasis &#8211; Enfermedades infecciosas &#8211; Manual MSD versi\u00f3n &#8230; Informaci\u00f3n sobre la Giardiasis &#8211; Louisiana.gov Giardiasis &#8211; Wikipedia, [&hellip;]<\/p>\n","protected":false},"author":208,"featured_media":0,"parent":0,"menu_order":0,"comment_status":"closed","ping_status":"open","template":"","meta":[],"_links":{"self":[{"href":"https:\/\/blogs.sld.cu\/giardiasis\/wp-json\/wp\/v2\/pages\/73"}],"collection":[{"href":"https:\/\/blogs.sld.cu\/giardiasis\/wp-json\/wp\/v2\/pages"}],"about":[{"href":"https:\/\/blogs.sld.cu\/giardiasis\/wp-json\/wp\/v2\/types\/page"}],"author":[{"embeddable":true,"href":"https:\/\/blogs.sld.cu\/giardiasis\/wp-json\/wp\/v2\/users\/208"}],"replies":[{"embeddable":true,"href":"https:\/\/blogs.sld.cu\/giardiasis\/wp-json\/wp\/v2\/comments?post=73"}],"version-history":[{"count":12,"href":"https:\/\/blogs.sld.cu\/giardiasis\/wp-json\/wp\/v2\/pages\/73\/revisions"}],"predecessor-version":[{"id":160,"href":"https:\/\/blogs.sld.cu\/giardiasis\/wp-json\/wp\/v2\/pages\/73\/revisions\/160"}],"wp:attachment":[{"href":"https:\/\/blogs.sld.cu\/giardiasis\/wp-json\/wp\/v2\/media?parent=73"}],"curies":[{"name":"wp","href":"https:\/\/api.w.org\/{rel}","templated":true}]}}