{"id":24,"date":"2020-10-28T02:49:23","date_gmt":"2020-10-28T02:49:23","guid":{"rendered":"http:\/\/blogs.sld.cu\/hepatitisvirales\/?page_id=24"},"modified":"2021-03-14T17:10:48","modified_gmt":"2021-03-14T17:10:48","slug":"hepatitis-virales","status":"publish","type":"page","link":"https:\/\/blogs.sld.cu\/hepatitisvirales\/hepatitis-virales\/","title":{"rendered":"Hepatitis virales"},"content":{"rendered":"<p><span style=\"font-family: verdana, geneva;font-size: 12pt\">Las <strong>hepatitis virales<\/strong> son enfermedades infecciosas del h\u00edgado que se caracterizan por necrosis (muerte) de los hepatocitos (c\u00e9lulas hep\u00e1ticas) e inflamaci\u00f3n. Existe una amplia variedad de <strong>virus<\/strong> que pueden causar hepatitis, los hepatotropos, conocidos as\u00ed porque infectan fundamentalmente al h\u00edgado por su marcada afinidad por este \u00f3rgano, son los virus de la hepatitis A, B,D,C y E,\u00a0 y los no hepatotropos, que pueden afectar al h\u00edgado y ocasionar s\u00edntomas de hepatitis, pero infectan primariamente a otros \u00f3rganos (virus de Epstein-Barr, citomegalovirus, varicela zoster, etc). Debe quedar bien claro que la enfermedad conocida como hepatitis viral es causada por los cinco virus ya referidos como primariamente hepatotropos.<\/span><\/p>\n<p><span style=\"font-family: verdana, geneva;font-size: 12pt\">Existen las formas <strong>agudas<\/strong> y las formas <strong>cr\u00f3nicas<\/strong> de hepatitis viral.<\/span><\/p>\n<p><span style=\"font-family: verdana, geneva;font-size: 12pt\">De forma general, puede decirse \u00a0que los agentes causantes del cuadro cl\u00ednico de la hepatitis viral aguda (HVA), a pesar de ser diferentes, ocasionan un s\u00edndrome cl\u00ednico similar, en el que no es posible precisar el agente causal ni por las manifestaciones cl\u00ednicas ni por los resultados de las pruebas bioquimicas de laboratorio.<\/span><\/p>\n","protected":false},"excerpt":{"rendered":"<p>Las hepatitis virales son enfermedades infecciosas del h\u00edgado que se caracterizan por necrosis (muerte) de los hepatocitos (c\u00e9lulas hep\u00e1ticas) e inflamaci\u00f3n. Existe una amplia variedad de virus que pueden causar hepatitis, los hepatotropos, conocidos as\u00ed porque infectan fundamentalmente al h\u00edgado por su marcada afinidad por este \u00f3rgano, son los virus de la hepatitis A, B,D,C [&hellip;]<\/p>\n","protected":false},"author":208,"featured_media":0,"parent":0,"menu_order":0,"comment_status":"closed","ping_status":"closed","template":"","meta":[],"_links":{"self":[{"href":"https:\/\/blogs.sld.cu\/hepatitisvirales\/wp-json\/wp\/v2\/pages\/24"}],"collection":[{"href":"https:\/\/blogs.sld.cu\/hepatitisvirales\/wp-json\/wp\/v2\/pages"}],"about":[{"href":"https:\/\/blogs.sld.cu\/hepatitisvirales\/wp-json\/wp\/v2\/types\/page"}],"author":[{"embeddable":true,"href":"https:\/\/blogs.sld.cu\/hepatitisvirales\/wp-json\/wp\/v2\/users\/208"}],"replies":[{"embeddable":true,"href":"https:\/\/blogs.sld.cu\/hepatitisvirales\/wp-json\/wp\/v2\/comments?post=24"}],"version-history":[{"count":10,"href":"https:\/\/blogs.sld.cu\/hepatitisvirales\/wp-json\/wp\/v2\/pages\/24\/revisions"}],"predecessor-version":[{"id":155,"href":"https:\/\/blogs.sld.cu\/hepatitisvirales\/wp-json\/wp\/v2\/pages\/24\/revisions\/155"}],"wp:attachment":[{"href":"https:\/\/blogs.sld.cu\/hepatitisvirales\/wp-json\/wp\/v2\/media?parent=24"}],"curies":[{"name":"wp","href":"https:\/\/api.w.org\/{rel}","templated":true}]}}