{"id":14,"date":"2022-02-17T22:48:49","date_gmt":"2022-02-17T22:48:49","guid":{"rendered":"https:\/\/blogs.sld.cu\/herpezoster\/?page_id=14"},"modified":"2022-04-22T17:36:46","modified_gmt":"2022-04-22T17:36:46","slug":"diagnostico-tratamiento","status":"publish","type":"page","link":"https:\/\/blogs.sld.cu\/herpezoster\/diagnostico-tratamiento\/","title":{"rendered":"Diagn\u00f3stico\/Tratamiento"},"content":{"rendered":"<h3>Diagn\u00f3stico<\/h3>\n<p><img loading=\"lazy\" class=\"alignnone wp-image-91 size-medium\" src=\"https:\/\/blogs.sld.cu\/herpezoster\/files\/2022\/04\/culebrilla-cara-287x300.gif\" alt=\"Culebrilla de la cara. Nervio facial.\" width=\"287\" height=\"300\" srcset=\"https:\/\/blogs.sld.cu\/herpezoster\/files\/2022\/04\/culebrilla-cara-287x300.gif 287w, https:\/\/blogs.sld.cu\/herpezoster\/files\/2022\/04\/culebrilla-cara-250x261.gif 250w\" sizes=\"(max-width: 287px) 100vw, 287px\" \/><\/p>\n<p>El Diagn\u00f3stico es clinico y no requiere de examenes complementarios.<\/p>\n<h2>Tratamiento<\/h2>\n<p>El tratamiento est\u00e1 encaminado al alivio de los s\u00edntomas, con antivirales, y antipir\u00e9ticos y antipruriticos, analg\u00e9sicos para el dolory reposo. Todos los medicamentos deben ser indicados por el medico, cl\u00ednico. Tomar liquido y evitar el rascado de laslesiones por mucho que piquen ya que las lesiones de la piel, pueden infectarse con bacterias que complican el cuadro.<\/p>\n<p>Cualquier persona y a cualquier edad puede padecer de Herpesz\u00f3ster, si previamente ha padecido de varicela.<\/p>\n<p>&nbsp;<\/p>\n","protected":false},"excerpt":{"rendered":"<p>Diagn\u00f3stico El Diagn\u00f3stico es clinico y no requiere de examenes complementarios. Tratamiento El tratamiento est\u00e1 encaminado al alivio de los s\u00edntomas, con antivirales, y antipir\u00e9ticos y antipruriticos, analg\u00e9sicos para el dolory reposo. Todos los medicamentos deben ser indicados por el medico, cl\u00ednico. Tomar liquido y evitar el rascado de laslesiones por mucho que piquen ya [&hellip;]<\/p>\n","protected":false},"author":208,"featured_media":0,"parent":0,"menu_order":0,"comment_status":"closed","ping_status":"closed","template":"","meta":[],"_links":{"self":[{"href":"https:\/\/blogs.sld.cu\/herpezoster\/wp-json\/wp\/v2\/pages\/14"}],"collection":[{"href":"https:\/\/blogs.sld.cu\/herpezoster\/wp-json\/wp\/v2\/pages"}],"about":[{"href":"https:\/\/blogs.sld.cu\/herpezoster\/wp-json\/wp\/v2\/types\/page"}],"author":[{"embeddable":true,"href":"https:\/\/blogs.sld.cu\/herpezoster\/wp-json\/wp\/v2\/users\/208"}],"replies":[{"embeddable":true,"href":"https:\/\/blogs.sld.cu\/herpezoster\/wp-json\/wp\/v2\/comments?post=14"}],"version-history":[{"count":6,"href":"https:\/\/blogs.sld.cu\/herpezoster\/wp-json\/wp\/v2\/pages\/14\/revisions"}],"predecessor-version":[{"id":109,"href":"https:\/\/blogs.sld.cu\/herpezoster\/wp-json\/wp\/v2\/pages\/14\/revisions\/109"}],"wp:attachment":[{"href":"https:\/\/blogs.sld.cu\/herpezoster\/wp-json\/wp\/v2\/media?parent=14"}],"curies":[{"name":"wp","href":"https:\/\/api.w.org\/{rel}","templated":true}]}}