{"id":20,"date":"2022-02-17T22:54:56","date_gmt":"2022-02-17T22:54:56","guid":{"rendered":"https:\/\/blogs.sld.cu\/herpezoster\/?page_id=20"},"modified":"2022-04-12T21:12:47","modified_gmt":"2022-04-12T21:12:47","slug":"preguntas-frecuentes","status":"publish","type":"page","link":"https:\/\/blogs.sld.cu\/herpezoster\/preguntas-frecuentes\/","title":{"rendered":"Preguntas frecuentes"},"content":{"rendered":"<p>1.<strong>\u00bf herpe zoster lo pueden padecer los j\u00f3venes?<\/strong><\/p>\n<p>Cualquier persona y a cualquier edad puede padecer de Herpe zoster, si previamente ha padecido de varicela. Aunque es m\u00e1s frecuente en personas mayores.<\/p>\n<ol start=\"2\">\n<li><strong>\u00bfHay productos naturales que alivien los s\u00edntomas?<\/strong><\/li>\n<\/ol>\n<p>Si, el vinagre de manzana, es recomendado en muchos lugares, el almid\u00f3n de ma\u00edz (maicena) pero siempre deben ser indicados por el m\u00e9dico, ya que las vesiculas al romperse dejar vias abiertas para la entrada de microorganismos, que pueden resultar muy peligrosas.<\/p>\n<ol start=\"3\">\n<li><strong>\u00bfEs cierto que hay personas que cortan la culebrilla?<\/strong><\/li>\n<\/ol>\n<p>Si, es cierto, pero ya eso es del \u00e1mbito espiritual, y cada cual debe decidir lo que haga es ese aspecto.<\/p>\n<ol start=\"4\">\n<li>4<strong>. \u00bfCu\u00e1nto tiempo dura la culebrilla?<\/strong><\/li>\n<\/ol>\n<p><em>Entre 4 y 5 semanas desde que aparecen las lesiones hasta que se secan y forman costras.<\/em><\/p>\n<p>&nbsp;<\/p>\n<p>&nbsp;<\/p>\n","protected":false},"excerpt":{"rendered":"<p>1.\u00bf herpe zoster lo pueden padecer los j\u00f3venes? Cualquier persona y a cualquier edad puede padecer de Herpe zoster, si previamente ha padecido de varicela. Aunque es m\u00e1s frecuente en personas mayores. \u00bfHay productos naturales que alivien los s\u00edntomas? Si, el vinagre de manzana, es recomendado en muchos lugares, el almid\u00f3n de ma\u00edz (maicena) pero [&hellip;]<\/p>\n","protected":false},"author":208,"featured_media":0,"parent":0,"menu_order":0,"comment_status":"closed","ping_status":"closed","template":"","meta":[],"_links":{"self":[{"href":"https:\/\/blogs.sld.cu\/herpezoster\/wp-json\/wp\/v2\/pages\/20"}],"collection":[{"href":"https:\/\/blogs.sld.cu\/herpezoster\/wp-json\/wp\/v2\/pages"}],"about":[{"href":"https:\/\/blogs.sld.cu\/herpezoster\/wp-json\/wp\/v2\/types\/page"}],"author":[{"embeddable":true,"href":"https:\/\/blogs.sld.cu\/herpezoster\/wp-json\/wp\/v2\/users\/208"}],"replies":[{"embeddable":true,"href":"https:\/\/blogs.sld.cu\/herpezoster\/wp-json\/wp\/v2\/comments?post=20"}],"version-history":[{"count":3,"href":"https:\/\/blogs.sld.cu\/herpezoster\/wp-json\/wp\/v2\/pages\/20\/revisions"}],"predecessor-version":[{"id":95,"href":"https:\/\/blogs.sld.cu\/herpezoster\/wp-json\/wp\/v2\/pages\/20\/revisions\/95"}],"wp:attachment":[{"href":"https:\/\/blogs.sld.cu\/herpezoster\/wp-json\/wp\/v2\/media?parent=20"}],"curies":[{"name":"wp","href":"https:\/\/api.w.org\/{rel}","templated":true}]}}