{"id":15,"date":"2020-12-08T05:56:01","date_gmt":"2020-12-08T05:56:01","guid":{"rendered":"http:\/\/blogs.sld.cu\/hipertensionarterial\/?page_id=15"},"modified":"2020-12-30T22:29:14","modified_gmt":"2020-12-30T22:29:14","slug":"pre-hipertension","status":"publish","type":"page","link":"https:\/\/blogs.sld.cu\/hipertensionarterial\/pre-hipertension\/","title":{"rendered":"Pre-hipertensi\u00f3n"},"content":{"rendered":"<p><a href=\"http:\/\/blogs.sld.cu\/hipertensionarterial\/files\/2020\/12\/midiendo-la-ta.jpg\"><img loading=\"lazy\" class=\" wp-image-70  alignleft\" src=\"http:\/\/blogs.sld.cu\/hipertensionarterial\/files\/2020\/12\/midiendo-la-ta.jpg\" alt=\"midiendo la ta\" width=\"170\" height=\"170\" \/><\/a><span style=\"font-size: 12pt\">La\u00a0<strong>p<\/strong><strong>r<\/strong><strong>e hipertensi\u00f3n<\/strong>\u00a0es la m\u00e1s reciente categor\u00eda en la clasificaci\u00f3n basada en cifras, de la hipertensi\u00f3n arterial (HTA), e incorporada desde el VII reporte del\u00a0<strong>Joint National Committee<\/strong>\u00a0(JNC) de los Estados Unidos de Norteam\u00e9rica para el estudio de esta afecci\u00f3n, emitido y publicado en el a\u00f1o 2003 (JAMA. 2003:2560-72)<\/span><\/p>\n<p><span style=\"font-size: 12pt\">En la\u00a0<strong>Gu\u00eda cubana<\/strong>\u00a0para el diagn\u00f3stico, evaluaci\u00f3n y tratamiento de la HTA, publicada en el 2018, aparece la clasificaci\u00f3n de la presi\u00f3n arterial seg\u00fan cifras\u00a0 en adultos de 18 a\u00f1os o m\u00e1s.<\/span><\/p>\n<p><span style=\"font-size: 12pt\"><strong>Pre hipertensi\u00f3n arterial<\/strong><\/span><\/p>\n<p><span style=\"font-size: 12pt\"><strong>Presi\u00f3n arterial sist\u00f3lica: 120 \u2013 139<\/strong><\/span><\/p>\n<p><span style=\"font-size: 12pt\"><strong>Presi\u00f3n arterial diast\u00f3lica: 80 \u2013 90<\/strong><\/span><\/p>\n<p><span style=\"font-size: 12pt\">Las personas que reiteradamente presenten las cifras antes mencionadas, son considerados como pre hipertensos, y es necesario informarles acerca de su condici\u00f3n,\u00a0no de enfermos, pero s\u00ed de personas en riesgo cuyas cifras de presi\u00f3n deben vigilar y tratar de llevar con las recomendaciones de los facultativos:\u00a0cambios de estilos de vida (eliminar el h\u00e1bito de fumar, la obesidad, el alcoholismo, el sedentarismo, la ingesta excesiva de sal) a la categor\u00eda de normal y as\u00ed quiz\u00e1s nunca llegar\u00e1n a desarrollar la enfermdad hipertensiva.<\/span><\/p>\n","protected":false},"excerpt":{"rendered":"<p>La\u00a0pre hipertensi\u00f3n\u00a0es la m\u00e1s reciente categor\u00eda en la clasificaci\u00f3n basada en cifras, de la hipertensi\u00f3n arterial (HTA), e incorporada desde el VII reporte del\u00a0Joint National Committee\u00a0(JNC) de los Estados Unidos de Norteam\u00e9rica para el estudio de esta afecci\u00f3n, emitido y publicado en el a\u00f1o 2003 (JAMA. 2003:2560-72) En la\u00a0Gu\u00eda cubana\u00a0para el diagn\u00f3stico, evaluaci\u00f3n y tratamiento [&hellip;]<\/p>\n","protected":false},"author":208,"featured_media":0,"parent":0,"menu_order":0,"comment_status":"closed","ping_status":"closed","template":"","meta":[],"_links":{"self":[{"href":"https:\/\/blogs.sld.cu\/hipertensionarterial\/wp-json\/wp\/v2\/pages\/15"}],"collection":[{"href":"https:\/\/blogs.sld.cu\/hipertensionarterial\/wp-json\/wp\/v2\/pages"}],"about":[{"href":"https:\/\/blogs.sld.cu\/hipertensionarterial\/wp-json\/wp\/v2\/types\/page"}],"author":[{"embeddable":true,"href":"https:\/\/blogs.sld.cu\/hipertensionarterial\/wp-json\/wp\/v2\/users\/208"}],"replies":[{"embeddable":true,"href":"https:\/\/blogs.sld.cu\/hipertensionarterial\/wp-json\/wp\/v2\/comments?post=15"}],"version-history":[{"count":8,"href":"https:\/\/blogs.sld.cu\/hipertensionarterial\/wp-json\/wp\/v2\/pages\/15\/revisions"}],"predecessor-version":[{"id":135,"href":"https:\/\/blogs.sld.cu\/hipertensionarterial\/wp-json\/wp\/v2\/pages\/15\/revisions\/135"}],"wp:attachment":[{"href":"https:\/\/blogs.sld.cu\/hipertensionarterial\/wp-json\/wp\/v2\/media?parent=15"}],"curies":[{"name":"wp","href":"https:\/\/api.w.org\/{rel}","templated":true}]}}