{"id":31,"date":"2020-12-08T06:33:06","date_gmt":"2020-12-08T06:33:06","guid":{"rendered":"http:\/\/blogs.sld.cu\/hipertensionarterial\/?page_id=31"},"modified":"2020-12-30T22:48:23","modified_gmt":"2020-12-30T22:48:23","slug":"glosario","status":"publish","type":"page","link":"https:\/\/blogs.sld.cu\/hipertensionarterial\/glosario\/","title":{"rendered":"Glosario"},"content":{"rendered":"<p><span style=\"font-size: 12pt\"><strong>Terminolog\u00eda vinculada a la hipertensi\u00f3n arterial<\/strong><\/span><\/p>\n<p><span style=\"font-size: 12pt\"><strong>Diast\u00f3lica: <\/strong>Es la presi\u00f3n mientras el coraz\u00f3n se relaja.<strong><br \/>\n<\/strong><\/span><\/p>\n<p><span style=\"font-size: 12pt\"><strong>Esfingoman\u00f3metro: <\/strong>Equipo que registra la tensi\u00f3n arterial<strong><br \/>\n<\/strong><\/span><\/p>\n<p><span style=\"font-size: 12pt\"><strong>Factores de riesgo:<\/strong> Son aquellas enfermedades o estilos de vida que tienen alta probabilidad de favorecer o promover una enfermedad (obesidad, tabaquismo, hipercolesteronemia, malos h\u00e1bitos diet\u00e9ticos), sedentarismo, hipertensi\u00f3n arterial)<\/span><\/p>\n<p><span style=\"font-size: 12pt\"><strong>Hipertension arterial controlada<\/strong>: Cuando las cifras de TA se encuentran por debajo de TAS (Tensi\u00f3n arterial sist\u00f3lica) la alta o la m\u00e1xima menor o igual a\u00a0 140 mmHg y TAD (Tensi\u00f3n arterial diast\u00f3lica) la baja o la m\u00e1xima menor o igual a 80 mmHg.<\/span><\/p>\n<p><span style=\"font-size: 12pt\"><strong>Hipertension arterial sist\u00f3lica aislada:<\/strong> Muy frecuente en pacientes de la tercera edad. Presentan cifras de TAS elevadas con cifras de TAD normales o bajas.<\/span><\/p>\n<p><span style=\"font-size: 12pt\"><strong>Hipertension arterial l\u00e1bil o no sostenida:<\/strong> Es aquella que evoluciona, encontr\u00e1ndose valores, a veces, elevados, y otras veces, valores normales o pr\u00f3ximos a la normalidad.<\/span><\/p>\n<p><span style=\"font-size: 12pt\"><strong>Hipertensi\u00f3n arterial de bata blanca:<\/strong><span class=\"ILfuVd NA6bn\"><span class=\"hgKElc\"> Se considera en este tipo a las personas que tienen alta la presi\u00f3n arterial\u00a0 habitualmente en la consulta m\u00e9dica y es normal en su medio ambiente o cuando es medida por personal no m\u00e9dico (familiar, vecino, enfermera u otro personal de salud o no).<\/span><\/span><\/span><\/p>\n<p><span style=\"font-size: 12pt\">MmHg: La presi\u00f3n arterial se expresa en milimetros de mercurio<\/span><\/p>\n<p><span style=\"font-size: 12pt\"><strong>Sist\u00f3lica: <\/strong>Presi\u00f3n de contracci\u00f3n del coraz\u00f3n.<strong><br \/>\n<\/strong><\/span><\/p>\n","protected":false},"excerpt":{"rendered":"<p>Terminolog\u00eda vinculada a la hipertensi\u00f3n arterial Diast\u00f3lica: Es la presi\u00f3n mientras el coraz\u00f3n se relaja. Esfingoman\u00f3metro: Equipo que registra la tensi\u00f3n arterial Factores de riesgo: Son aquellas enfermedades o estilos de vida que tienen alta probabilidad de favorecer o promover una enfermedad (obesidad, tabaquismo, hipercolesteronemia, malos h\u00e1bitos diet\u00e9ticos), sedentarismo, hipertensi\u00f3n arterial) Hipertension arterial controlada: Cuando [&hellip;]<\/p>\n","protected":false},"author":208,"featured_media":0,"parent":0,"menu_order":0,"comment_status":"closed","ping_status":"closed","template":"","meta":[],"_links":{"self":[{"href":"https:\/\/blogs.sld.cu\/hipertensionarterial\/wp-json\/wp\/v2\/pages\/31"}],"collection":[{"href":"https:\/\/blogs.sld.cu\/hipertensionarterial\/wp-json\/wp\/v2\/pages"}],"about":[{"href":"https:\/\/blogs.sld.cu\/hipertensionarterial\/wp-json\/wp\/v2\/types\/page"}],"author":[{"embeddable":true,"href":"https:\/\/blogs.sld.cu\/hipertensionarterial\/wp-json\/wp\/v2\/users\/208"}],"replies":[{"embeddable":true,"href":"https:\/\/blogs.sld.cu\/hipertensionarterial\/wp-json\/wp\/v2\/comments?post=31"}],"version-history":[{"count":12,"href":"https:\/\/blogs.sld.cu\/hipertensionarterial\/wp-json\/wp\/v2\/pages\/31\/revisions"}],"predecessor-version":[{"id":142,"href":"https:\/\/blogs.sld.cu\/hipertensionarterial\/wp-json\/wp\/v2\/pages\/31\/revisions\/142"}],"wp:attachment":[{"href":"https:\/\/blogs.sld.cu\/hipertensionarterial\/wp-json\/wp\/v2\/media?parent=31"}],"curies":[{"name":"wp","href":"https:\/\/api.w.org\/{rel}","templated":true}]}}