{"id":19,"date":"2021-10-16T13:36:20","date_gmt":"2021-10-16T13:36:20","guid":{"rendered":"https:\/\/blogs.sld.cu\/ictus\/?page_id=19"},"modified":"2021-12-01T23:54:33","modified_gmt":"2021-12-01T23:54:33","slug":"causas","status":"publish","type":"page","link":"https:\/\/blogs.sld.cu\/ictus\/causas\/","title":{"rendered":"Causas y S\u00edntomas"},"content":{"rendered":"<p><a href=\"http:\/\/blogs.sld.cu\/ictus\/files\/2021\/11\/causas-ictus-2.jpg\"><img loading=\"lazy\" class=\"alignnone wp-image-73\" src=\"http:\/\/blogs.sld.cu\/ictus\/files\/2021\/11\/causas-ictus-2.jpg\" alt=\"Causas y s\u00edntomas del ictus\" width=\"329\" height=\"280\" \/><\/a><\/p>\n<p>Las causas del ictus son variadas.<\/p>\n<p>La edad es uno de los factores de riesgo. Mientras mas edad a partir de los 55 a\u00f1os se incrementan los riesgos de padecer un ictus, pero tambien muchos de los factores purden ser controlados y eliminados, como es el caso de fumar, la drogadiccion, el control de la presi\u00f2n arterial y el control de la glicemia en los diabeticos.<\/p>\n<p>La obesidad<\/p>\n<h3>S\u00edntomas<\/h3>\n<div class=\"column col-12 col-sm-12 col-md-6 col-lg-6 col-xl-6\">\n<section class=\"textImageComponent textImageComponent \">\n<pre><strong>Los s\u00edntomas m\u00e1s frecuentes\u00a0 son:<\/strong><\/pre>\n<ul>\n<li>\n<pre>P\u00e9rdida de fuerza en la mitad del cuerpo (cara, brazo y \r\npierna del mismo lado).<\/pre>\n<\/li>\n<li>\n<pre>Dificultad para hablar.<\/pre>\n<\/li>\n<li>\n<pre>P\u00e9rdida de sensibilidad u hormigueos en la mitad del cuerpo.<\/pre>\n<\/li>\n<li>\n<pre>P\u00e9rdida s\u00fabita de visi\u00f3n en un ojo.<\/pre>\n<\/li>\n<li>\n<pre>Dolor de cabeza muy intenso distinto del habitual.<\/pre>\n<\/li>\n<\/ul>\n<\/section>\n<\/div>\n<p>&nbsp;<\/p>\n<p>&nbsp;<\/p>\n","protected":false},"excerpt":{"rendered":"<p>Las causas del ictus son variadas. La edad es uno de los factores de riesgo. Mientras mas edad a partir de los 55 a\u00f1os se incrementan los riesgos de padecer un ictus, pero tambien muchos de los factores purden ser controlados y eliminados, como es el caso de fumar, la drogadiccion, el control de la [&hellip;]<\/p>\n","protected":false},"author":208,"featured_media":0,"parent":0,"menu_order":0,"comment_status":"closed","ping_status":"closed","template":"","meta":[],"_links":{"self":[{"href":"https:\/\/blogs.sld.cu\/ictus\/wp-json\/wp\/v2\/pages\/19"}],"collection":[{"href":"https:\/\/blogs.sld.cu\/ictus\/wp-json\/wp\/v2\/pages"}],"about":[{"href":"https:\/\/blogs.sld.cu\/ictus\/wp-json\/wp\/v2\/types\/page"}],"author":[{"embeddable":true,"href":"https:\/\/blogs.sld.cu\/ictus\/wp-json\/wp\/v2\/users\/208"}],"replies":[{"embeddable":true,"href":"https:\/\/blogs.sld.cu\/ictus\/wp-json\/wp\/v2\/comments?post=19"}],"version-history":[{"count":10,"href":"https:\/\/blogs.sld.cu\/ictus\/wp-json\/wp\/v2\/pages\/19\/revisions"}],"predecessor-version":[{"id":179,"href":"https:\/\/blogs.sld.cu\/ictus\/wp-json\/wp\/v2\/pages\/19\/revisions\/179"}],"wp:attachment":[{"href":"https:\/\/blogs.sld.cu\/ictus\/wp-json\/wp\/v2\/media?parent=19"}],"curies":[{"name":"wp","href":"https:\/\/api.w.org\/{rel}","templated":true}]}}