{"id":30,"date":"2021-10-23T20:25:26","date_gmt":"2021-10-23T20:25:26","guid":{"rendered":"https:\/\/blogs.sld.cu\/ictus\/?page_id=30"},"modified":"2021-11-28T18:51:06","modified_gmt":"2021-11-28T18:51:06","slug":"diagnostico","status":"publish","type":"page","link":"https:\/\/blogs.sld.cu\/ictus\/diagnostico\/","title":{"rendered":"Diagn\u00f3stico"},"content":{"rendered":"<h3>diagn\u00f3stico: Certero y precoz<\/h3>\n<p>Realizar el ex\u00e0men f\u00ecsico y neurol\u00f3gico del paciente<\/p>\n<p>Estudios de imagenes del\u00a0 cerebro, y auscultaci\u00f2n carotidea. (Las car\u00f3tidas son arterias que se localizan en el cuello y que llevan la sangre al coraz\u00f3n. Pueden enfermar, acumulando l\u00ecpidos en fporma de placas de ateroma.<\/p>\n<p>Habitualmente, el m\u00e9dico puede diagnosticar un ictus por medio de la <strong>historia <\/strong>de los hechos y de la <strong>exploraci\u00f3n <\/strong>f\u00edsica. Esta \u00faltima contribuye a que el m\u00e9dico pueda determinar d\u00f3nde se localiza la lesi\u00f3n cerebral. Su diagn\u00f3stico se puede corroborar, mediante pruebas de imagen del cerebro, mencionadas anteriormente : <strong>tomograf\u00eda computadorizada <\/strong>(TC) o una <strong>resonancia magn\u00e9tica <\/strong>(RM) para confirmar el diagn\u00f3stico, aunque dichas pruebas s\u00f3lo detectan el ictus cuando han transcurrido unos d\u00edas del mismo. Una TC (tomograf\u00eda computarizada) o una RM son tambi\u00e9n eficaces para determinar si un ictus ha sido causado por una hemorragia o por un <strong>tumor cerebral<\/strong>. El m\u00e9dico puede realizar una <strong>angiograf\u00eda(estudio de los vasos sangu\u00edneo)<\/strong><\/p>\n<p>El m\u00e9dico trata de establecer la causa exacta del ictus, puesto que es especialmente importante determinar si \u00e9ste se ha producido por un co\u00e1gulo (embolia) que se aloj\u00f3 en el cerebro o por la obstrucci\u00f3n de un vaso sangu\u00edneo debido a una <strong>aterosclerosis <\/strong>(aterotrombosis).<\/p>\n<p>En efecto, si la causa es un co\u00e1gulo o una embolia es muy probable que ocurra otro ictus, a menos que se corrija el problema subyacente. Por ejemplo, si se est\u00e1n formando co\u00e1gulos en el coraz\u00f3n debido a una frecuencia card\u00edaca irregular, \u00e9sta debe tratarse a fin de prevenir la formaci\u00f3n de nuevos co\u00e1gulos que pudieran causar otro ictus. En esta situaci\u00f3n, el m\u00e9dico suele realizar un <strong>electrocardiograma <\/strong>(para detectar una <strong><a href=\"https:\/\/cuidateplus.marca.com\/enfermedades\/enfermedades-vasculares-y-del-corazon\/arritmias.html\" target=\"_self\" rel=\"noopener\">arritmia<\/a><\/strong>) y tambi\u00e9n puede recomendar otras pruebas de estudio del coraz\u00f3n. \u00c9stas pueden ser: una monitorizaci\u00f3n<\/p>\n<p>&nbsp;<\/p>\n<p>&nbsp;<\/p>\n","protected":false},"excerpt":{"rendered":"<p>diagn\u00f3stico: Certero y precoz Realizar el ex\u00e0men f\u00ecsico y neurol\u00f3gico del paciente Estudios de imagenes del\u00a0 cerebro, y auscultaci\u00f2n carotidea. (Las car\u00f3tidas son arterias que se localizan en el cuello y que llevan la sangre al coraz\u00f3n. Pueden enfermar, acumulando l\u00ecpidos en fporma de placas de ateroma. Habitualmente, el m\u00e9dico puede diagnosticar un ictus por [&hellip;]<\/p>\n","protected":false},"author":208,"featured_media":0,"parent":0,"menu_order":0,"comment_status":"closed","ping_status":"closed","template":"","meta":[],"_links":{"self":[{"href":"https:\/\/blogs.sld.cu\/ictus\/wp-json\/wp\/v2\/pages\/30"}],"collection":[{"href":"https:\/\/blogs.sld.cu\/ictus\/wp-json\/wp\/v2\/pages"}],"about":[{"href":"https:\/\/blogs.sld.cu\/ictus\/wp-json\/wp\/v2\/types\/page"}],"author":[{"embeddable":true,"href":"https:\/\/blogs.sld.cu\/ictus\/wp-json\/wp\/v2\/users\/208"}],"replies":[{"embeddable":true,"href":"https:\/\/blogs.sld.cu\/ictus\/wp-json\/wp\/v2\/comments?post=30"}],"version-history":[{"count":10,"href":"https:\/\/blogs.sld.cu\/ictus\/wp-json\/wp\/v2\/pages\/30\/revisions"}],"predecessor-version":[{"id":152,"href":"https:\/\/blogs.sld.cu\/ictus\/wp-json\/wp\/v2\/pages\/30\/revisions\/152"}],"wp:attachment":[{"href":"https:\/\/blogs.sld.cu\/ictus\/wp-json\/wp\/v2\/media?parent=30"}],"curies":[{"name":"wp","href":"https:\/\/api.w.org\/{rel}","templated":true}]}}