{"id":34,"date":"2021-10-23T20:30:04","date_gmt":"2021-10-23T20:30:04","guid":{"rendered":"https:\/\/blogs.sld.cu\/ictus\/?page_id=34"},"modified":"2021-11-29T05:00:35","modified_gmt":"2021-11-29T05:00:35","slug":"sintomas-tratamientos","status":"publish","type":"page","link":"https:\/\/blogs.sld.cu\/ictus\/sintomas-tratamientos\/","title":{"rendered":"Tratamientos"},"content":{"rendered":"<p>Aclaraci\u00f3n importante: Los contenidos de este sitio, no sustituyen la atenci\u00f2n\u00a0 por un m\u00e9dico. no se automedique, cons\u00f9ltelo con su m\u00e8dico.<\/p>\n<h3>Hay que tener en cuenta que las Enfermedades cerebro-vasculares son:<\/h3>\n<h1>Prevenibles<\/h1>\n<h1>Tratables<\/h1>\n<h1>Recuperables<\/h1>\n<p style=\"text-align: left;\">Mientras m\u00e0s precozmente se aplique el tratamiento y la rehabilitaci\u00f3n m\u00e1s r\u00e1pida ser\u00e1 la recuperaci\u00f3n.<\/p>\n<p>E<strong>l tratamiento incluye:<\/strong><\/p>\n<p><strong>ASPIRINA (ASA) Acido acetil salicilico(Primera linea terap\u00e9utica. Antiagregante plaquetario que evita la formaci\u00f2n de trombos.<br \/>\n<\/strong><\/p>\n<p><strong>Policosanol, comercializado en Cuba como PPG. Es un anticolesterol\u00e9mico. Evita la formaci\u00f3n de placas de ateroma en las paredes de las arterias. Dep\u00f2sitos del\u00ecpidos y reduce el colesterol y triglic\u00e9ridos libres en la sangre.Al igual que las Estatinas.<br \/>\n<\/strong><\/p>\n<p><strong>\u00e1cido f\u00f3lico. <span class=\"ILfuVd\"><span class=\"hgKElc\">El <b>\u00e1cido f\u00f3lico<\/b> es una vitamina B9). El cuerpo lo usa <b>para<\/b> producir c\u00e9lulas nuevas. Piense en la piel, el cabello y las u\u00f1as. Estas, y otras partes del cuerpo, producen c\u00e9lulas nuevas todos los d\u00edas.<\/span><\/span><\/strong><\/p>\n<p><strong>Rehabilitaci\u00f3n, Es personalizada en dependencia de las funciones que deba recuperar cada paciente. Motoras, del habla, la visi\u00f3n, etc. Y debe ser tratada con ejercicios, por un fisioterapeuta, \u00f1ogopeda, etc.<br \/>\n<\/strong><\/p>\n<p><strong><span class=\"ILfuVd\"><span class=\"hgKElc\">\u00a0<\/span><\/span><\/strong><\/p>\n<p>&nbsp;<\/p>\n<p>E<\/p>\n","protected":false},"excerpt":{"rendered":"<p>Aclaraci\u00f3n importante: Los contenidos de este sitio, no sustituyen la atenci\u00f2n\u00a0 por un m\u00e9dico. no se automedique, cons\u00f9ltelo con su m\u00e8dico. Hay que tener en cuenta que las Enfermedades cerebro-vasculares son: Prevenibles Tratables Recuperables Mientras m\u00e0s precozmente se aplique el tratamiento y la rehabilitaci\u00f3n m\u00e1s r\u00e1pida ser\u00e1 la recuperaci\u00f3n. El tratamiento incluye: ASPIRINA (ASA) Acido [&hellip;]<\/p>\n","protected":false},"author":208,"featured_media":0,"parent":0,"menu_order":0,"comment_status":"closed","ping_status":"closed","template":"","meta":[],"_links":{"self":[{"href":"https:\/\/blogs.sld.cu\/ictus\/wp-json\/wp\/v2\/pages\/34"}],"collection":[{"href":"https:\/\/blogs.sld.cu\/ictus\/wp-json\/wp\/v2\/pages"}],"about":[{"href":"https:\/\/blogs.sld.cu\/ictus\/wp-json\/wp\/v2\/types\/page"}],"author":[{"embeddable":true,"href":"https:\/\/blogs.sld.cu\/ictus\/wp-json\/wp\/v2\/users\/208"}],"replies":[{"embeddable":true,"href":"https:\/\/blogs.sld.cu\/ictus\/wp-json\/wp\/v2\/comments?post=34"}],"version-history":[{"count":21,"href":"https:\/\/blogs.sld.cu\/ictus\/wp-json\/wp\/v2\/pages\/34\/revisions"}],"predecessor-version":[{"id":175,"href":"https:\/\/blogs.sld.cu\/ictus\/wp-json\/wp\/v2\/pages\/34\/revisions\/175"}],"wp:attachment":[{"href":"https:\/\/blogs.sld.cu\/ictus\/wp-json\/wp\/v2\/media?parent=34"}],"curies":[{"name":"wp","href":"https:\/\/api.w.org\/{rel}","templated":true}]}}