{"id":11,"date":"2022-04-29T15:07:21","date_gmt":"2022-04-29T15:07:21","guid":{"rendered":"https:\/\/blogs.sld.cu\/impetigo\/?page_id=11"},"modified":"2022-05-24T03:54:20","modified_gmt":"2022-05-24T03:54:20","slug":"causas-sintomas","status":"publish","type":"page","link":"https:\/\/blogs.sld.cu\/impetigo\/causas-sintomas\/","title":{"rendered":"Causas\/ S\u00edntomas"},"content":{"rendered":"<p><img loading=\"lazy\" class=\"alignnone wp-image-56 size-medium\" src=\"https:\/\/blogs.sld.cu\/impetigo\/files\/2022\/04\/estafilococos-bacterias-esfericas-81653845-300x221.jpg\" alt=\"Bacterias \" width=\"300\" height=\"221\" srcset=\"https:\/\/blogs.sld.cu\/impetigo\/files\/2022\/04\/estafilococos-bacterias-esfericas-81653845-300x221.jpg 300w, https:\/\/blogs.sld.cu\/impetigo\/files\/2022\/04\/estafilococos-bacterias-esfericas-81653845-1024x754.jpg 1024w, https:\/\/blogs.sld.cu\/impetigo\/files\/2022\/04\/estafilococos-bacterias-esfericas-81653845-768x565.jpg 768w, https:\/\/blogs.sld.cu\/impetigo\/files\/2022\/04\/estafilococos-bacterias-esfericas-81653845-250x184.jpg 250w, https:\/\/blogs.sld.cu\/impetigo\/files\/2022\/04\/estafilococos-bacterias-esfericas-81653845.jpg 1300w\" sizes=\"(max-width: 300px) 100vw, 300px\" \/><\/p>\n<p>El imp\u00e9tigo es una infecci\u00f3n bacteriana, que la pueden causar <em>Streptococos y Estafilococos<\/em><\/p>\n<p><em><strong>S\u00edntomas<\/strong><\/em><\/p>\n<div id=\"attachment_57\" style=\"width: 425px\" class=\"wp-caption alignnone\"><img aria-describedby=\"caption-attachment-57\" loading=\"lazy\" class=\"wp-image-57 size-full\" src=\"https:\/\/blogs.sld.cu\/impetigo\/files\/2022\/04\/impetigo4444444.jpg\" alt=\"En la barbilla \" width=\"415\" height=\"233\" srcset=\"https:\/\/blogs.sld.cu\/impetigo\/files\/2022\/04\/impetigo4444444.jpg 415w, https:\/\/blogs.sld.cu\/impetigo\/files\/2022\/04\/impetigo4444444-300x168.jpg 300w, https:\/\/blogs.sld.cu\/impetigo\/files\/2022\/04\/impetigo4444444-250x140.jpg 250w\" sizes=\"(max-width: 415px) 100vw, 415px\" \/><p id=\"caption-attachment-57\" class=\"wp-caption-text\">illustration<\/p><\/div>\n<p>Los s\u00edntomas principales del imp\u00e9tigo son lesiones rojizas del tipo de ampollas que generalmente aparecen alrededor de la nariz y la boca, que se rompen y forman \u00a0llagas \u00a0que xudan durante algunos d\u00edas y luego forman costras amarillentas. Las llagas pueden propagarse a otras \u00e1reas del cuerpo mediante el contacto, la ropa y las toallas. La picaz\u00f3n y el dolor generalmente son leves.<\/p>\n<p>&nbsp;<\/p>\n<p>Existe un tipo menos com\u00fan que se denomina imp\u00e9tigo bulloso que provoca grandes ampollas en el tronco en beb\u00e9s y ni\u00f1os peque\u00f1os. Otro es un tipo de imp\u00e9tigo grave es la ectima, que provoca llagas dolorosas que est\u00e1n llenas de l\u00edquido o pus.<\/p>\n<p>&nbsp;<\/p>\n<h2>Causas<\/h2>\n<p>El imp\u00e9tigo es causado por bacterias, generalmente <em>estafilococos<\/em>.<\/p>\n<p>&nbsp;<\/p>\n<p>El contacto con una persona infectada es suficiente para contraer la enfermedad o cuando entras en contacto con las llagas de alguien infectado o con ropas de cama, toallas juguetesu otros objetos que haya tocado el enfermo o a los objetos que \u00e9l haya tocado.<\/p>\n<h2><strong>Factores de riesgo<\/strong><\/h2>\n<p><strong>\u00a0<\/strong><\/p>\n<p>: Edad. Ni\u00f1os de c\u00edrculo y de pre-escolar<\/p>\n","protected":false},"excerpt":{"rendered":"<p>El imp\u00e9tigo es una infecci\u00f3n bacteriana, que la pueden causar Streptococos y Estafilococos S\u00edntomas Los s\u00edntomas principales del imp\u00e9tigo son lesiones rojizas del tipo de ampollas que generalmente aparecen alrededor de la nariz y la boca, que se rompen y forman \u00a0llagas \u00a0que xudan durante algunos d\u00edas y luego forman costras amarillentas. Las llagas pueden [&hellip;]<\/p>\n","protected":false},"author":208,"featured_media":0,"parent":0,"menu_order":0,"comment_status":"closed","ping_status":"closed","template":"","meta":[],"_links":{"self":[{"href":"https:\/\/blogs.sld.cu\/impetigo\/wp-json\/wp\/v2\/pages\/11"}],"collection":[{"href":"https:\/\/blogs.sld.cu\/impetigo\/wp-json\/wp\/v2\/pages"}],"about":[{"href":"https:\/\/blogs.sld.cu\/impetigo\/wp-json\/wp\/v2\/types\/page"}],"author":[{"embeddable":true,"href":"https:\/\/blogs.sld.cu\/impetigo\/wp-json\/wp\/v2\/users\/208"}],"replies":[{"embeddable":true,"href":"https:\/\/blogs.sld.cu\/impetigo\/wp-json\/wp\/v2\/comments?post=11"}],"version-history":[{"count":11,"href":"https:\/\/blogs.sld.cu\/impetigo\/wp-json\/wp\/v2\/pages\/11\/revisions"}],"predecessor-version":[{"id":80,"href":"https:\/\/blogs.sld.cu\/impetigo\/wp-json\/wp\/v2\/pages\/11\/revisions\/80"}],"wp:attachment":[{"href":"https:\/\/blogs.sld.cu\/impetigo\/wp-json\/wp\/v2\/media?parent=11"}],"curies":[{"name":"wp","href":"https:\/\/api.w.org\/{rel}","templated":true}]}}