{"id":27,"date":"2021-03-30T05:23:28","date_gmt":"2021-03-30T05:23:28","guid":{"rendered":"http:\/\/blogs.sld.cu\/influenza\/?page_id=27"},"modified":"2021-05-26T03:43:03","modified_gmt":"2021-05-26T03:43:03","slug":"medidas-preventivas","status":"publish","type":"page","link":"https:\/\/blogs.sld.cu\/influenza\/medidas-preventivas\/","title":{"rendered":"Medidas preventivas"},"content":{"rendered":"<p><span style=\"font-size: 10pt; font-family: verdana, geneva;\">La vacunaci\u00f3n anual, es una de las medidas que aunque no evita el padecer la enfermedad, si hace que los riesgos de enfermar con gravedad, sean menores. Las personas de alto riesgo deben ser vacunadas.<br \/>\n<\/span><\/p>\n<p><a href=\"http:\/\/blogs.sld.cu\/influenza\/files\/2021\/03\/archivo-vacunaci\u00f3n-02-580x333.jpg\"><img loading=\"lazy\" class=\"alignnone wp-image-15\" src=\"http:\/\/blogs.sld.cu\/influenza\/files\/2021\/03\/archivo-vacunaci\u00f3n-02-580x333.jpg\" alt=\"archivo vacunaci\u00f3n\" width=\"495\" height=\"284\" srcset=\"https:\/\/blogs.sld.cu\/influenza\/files\/2021\/03\/archivo-vacunaci\u00f3n-02-580x333.jpg 780w, https:\/\/blogs.sld.cu\/influenza\/files\/2021\/03\/archivo-vacunaci\u00f3n-02-580x333-300x172.jpg 300w, https:\/\/blogs.sld.cu\/influenza\/files\/2021\/03\/archivo-vacunaci\u00f3n-02-580x333-250x143.jpg 250w\" sizes=\"(max-width: 495px) 100vw, 495px\" \/><\/a><\/p>\n<p><span style=\"font-size: 10pt; font-family: verdana, geneva;\">Las medidas preventiva son las mismas que para otras infecciones respiratorias que pueden desencadenar epidemias o pandemias: <\/span><\/p>\n<ul>\n<li><span style=\"font-size: 10pt; font-family: verdana, geneva;\">Lavarse las manos con frecuencia con agua y jab\u00f3n por lo menos durante 20 segundos, es una manera efectiva de prevenir muchas infecciones comunes. Si no hay acceso a agua ni jab\u00f3n, use un desinfectante de manos a base de alcohol.<\/span><\/li>\n<li><span style=\"font-size: 10pt; font-family: verdana, geneva;\">Evite tocarse los ojos, la nariz, y la boca.<\/span><\/li>\n<li><span style=\"font-size: 10pt; font-family: verdana, geneva;\">Tosa o estornude en un pa\u00f1uelo desechable, o en el codo. Luego l\u00e1vese las manos.<\/span><\/li>\n<li><span style=\"font-size: 10pt; font-family: verdana, geneva;\">Limpie regularmente las superficies que se tocan con frecuencia para prevenir la trasmisi\u00f3n de la infecci\u00f3n al tocar una superficie con el virus y luego tocarse la cara.<\/span><\/li>\n<li><span style=\"font-size: 10pt; font-family: verdana, geneva;\">La influenza se contagia f\u00e1cilmente donde la gente se junta \u2014 en centros de cuidado para ni\u00f1os, escuelas, edificios con oficinas, auditorios, y transporte p\u00fablico. Al evitar las multitudes cuando la temporada de influenza est\u00e1 en su apogeo, reduces la probabilidad de infectarte. <\/span><\/li>\n<li><span style=\"font-size: 10pt; font-family: verdana, geneva;\">Mantenga el distanciamiento social. S<\/span><span style=\"font-size: 10pt; font-family: verdana, geneva;\">ep\u00e1rase 1 metro y medio o dos metros de otras personas.<br \/>\n<\/span><\/li>\n<li><span style=\"font-size: 10pt; font-family: verdana, geneva;\">Usar tapabocas o nasobuco.<\/span><\/li>\n<\/ul>\n<p><span style=\"font-size: 10pt; font-family: verdana, geneva;\">Evite el contacto con cualquier persona que est\u00e9 enferma. Si est\u00e1s enfermo, qu\u00e9date en casa para reducir la probabilidad de infectar a otros.<\/span><\/p>\n<p>&nbsp;<\/p>\n","protected":false},"excerpt":{"rendered":"<p>La vacunaci\u00f3n anual, es una de las medidas que aunque no evita el padecer la enfermedad, si hace que los riesgos de enfermar con gravedad, sean menores. Las personas de alto riesgo deben ser vacunadas. Las medidas preventiva son las mismas que para otras infecciones respiratorias que pueden desencadenar epidemias o pandemias: Lavarse las manos [&hellip;]<\/p>\n","protected":false},"author":208,"featured_media":0,"parent":0,"menu_order":0,"comment_status":"closed","ping_status":"open","template":"","meta":[],"_links":{"self":[{"href":"https:\/\/blogs.sld.cu\/influenza\/wp-json\/wp\/v2\/pages\/27"}],"collection":[{"href":"https:\/\/blogs.sld.cu\/influenza\/wp-json\/wp\/v2\/pages"}],"about":[{"href":"https:\/\/blogs.sld.cu\/influenza\/wp-json\/wp\/v2\/types\/page"}],"author":[{"embeddable":true,"href":"https:\/\/blogs.sld.cu\/influenza\/wp-json\/wp\/v2\/users\/208"}],"replies":[{"embeddable":true,"href":"https:\/\/blogs.sld.cu\/influenza\/wp-json\/wp\/v2\/comments?post=27"}],"version-history":[{"count":11,"href":"https:\/\/blogs.sld.cu\/influenza\/wp-json\/wp\/v2\/pages\/27\/revisions"}],"predecessor-version":[{"id":115,"href":"https:\/\/blogs.sld.cu\/influenza\/wp-json\/wp\/v2\/pages\/27\/revisions\/115"}],"wp:attachment":[{"href":"https:\/\/blogs.sld.cu\/influenza\/wp-json\/wp\/v2\/media?parent=27"}],"curies":[{"name":"wp","href":"https:\/\/api.w.org\/{rel}","templated":true}]}}