{"id":2179,"date":"2013-12-16T12:18:50","date_gmt":"2013-12-16T17:18:50","guid":{"rendered":"http:\/\/blogviejo.sld.cu\/inorbib\/?page_id=2179"},"modified":"2015-02-20T18:18:09","modified_gmt":"2015-02-20T18:18:09","slug":"guias-clinicas","status":"publish","type":"page","link":"https:\/\/blogs.sld.cu\/inorbib\/guias-clinicas\/","title":{"rendered":"Gu\u00edas cl\u00ednicas"},"content":{"rendered":"<p><a title=\"Clinical Practice Guidelines\" href=\"http:\/\/www.asco.org\/ASCOv2\/Practice+%26+Guidelines\/Guidelines\/Clinical+Practice+Guidelines\" target=\"_blank\"> Clinical Practice Guidelines<\/a><\/p>\n<p><a title=\"ESMO Clinical Practice Guidelines\" href=\"http:\/\/www.esmo.org\/Guidelines-Practice\/Clinical-Practice-Guidelines\" target=\"_blank\">ESMO Clinical Practice Guidelines<\/a><\/p>\n<p><a title=\"NCCN Clinical Practice Guidelines in Oncology\" href=\"http:\/\/www.nccn.org\/professionals\/physician_gls\/f_guidelines.asp\" target=\"_blank\">NCCN Guidelines<\/a><\/p>\n<p><a title=\"Physician Data Query-National Cancer Institute\" href=\"http:\/\/www.cancer.gov\/cancertopics\/pdq\" target=\"_blank\">PDQ-NCI<\/a><\/p>\n<p><a title=\"Gu\u00edas de la sociedad Alemana de Hematolog\u00eda y Oncolog\u00eda\" href=\"http:\/\/www.onkopedia-guidelines.info\/en\/onkopedia\/guidelines\/guidelines_overview_en\" target=\"_blank\">DGHO Guidelines<\/a><\/p>\n","protected":false},"excerpt":{"rendered":"<p>Clinical Practice Guidelines ESMO Clinical Practice Guidelines NCCN Guidelines PDQ-NCI DGHO Guidelines<\/p>\n","protected":false},"author":176,"featured_media":0,"parent":0,"menu_order":0,"comment_status":"closed","ping_status":"closed","template":"","meta":[],"_links":{"self":[{"href":"https:\/\/blogs.sld.cu\/inorbib\/wp-json\/wp\/v2\/pages\/2179"}],"collection":[{"href":"https:\/\/blogs.sld.cu\/inorbib\/wp-json\/wp\/v2\/pages"}],"about":[{"href":"https:\/\/blogs.sld.cu\/inorbib\/wp-json\/wp\/v2\/types\/page"}],"author":[{"embeddable":true,"href":"https:\/\/blogs.sld.cu\/inorbib\/wp-json\/wp\/v2\/users\/176"}],"replies":[{"embeddable":true,"href":"https:\/\/blogs.sld.cu\/inorbib\/wp-json\/wp\/v2\/comments?post=2179"}],"version-history":[{"count":2,"href":"https:\/\/blogs.sld.cu\/inorbib\/wp-json\/wp\/v2\/pages\/2179\/revisions"}],"predecessor-version":[{"id":2534,"href":"https:\/\/blogs.sld.cu\/inorbib\/wp-json\/wp\/v2\/pages\/2179\/revisions\/2534"}],"wp:attachment":[{"href":"https:\/\/blogs.sld.cu\/inorbib\/wp-json\/wp\/v2\/media?parent=2179"}],"curies":[{"name":"wp","href":"https:\/\/api.w.org\/{rel}","templated":true}]}}