{"id":64,"date":"2009-05-06T09:42:21","date_gmt":"2009-05-06T14:42:21","guid":{"rendered":"http:\/\/blogviejo.sld.cu\/inorbib\/documentos-importantes\/"},"modified":"2009-05-06T09:42:21","modified_gmt":"2009-05-06T14:42:21","slug":"documentos-importantes","status":"publish","type":"page","link":"https:\/\/blogs.sld.cu\/inorbib\/documentos-importantes\/","title":{"rendered":"Documentos Importantes"},"content":{"rendered":"<p style=\"text-align: left\">En esta secci\u00f3n podr\u00e1 acceder a algunos documentos \u00fatiles para  los usuarios del INOR y en general de la Red de Infomed.<\/p>\n<p style=\"text-align: left\"><strong><img loading=\"lazy\" src=\"http:\/\/blogs.sld.cu\/inorbib\/files\/2009\/05\/bullet_sm_white.gif\" alt=\"\" width=\"17\" height=\"10\" \/>Orientaciones metodol\u00f3gicas<\/strong> <a href=\"http:\/\/blogs.sld.cu\/inorbib\/files\/2012\/11\/orientaciones_metodologicas.pdf\">(Descargar)<\/a><\/p>\n<p style=\"text-align: left\"><strong><img loading=\"lazy\" src=\"http:\/\/blogs.sld.cu\/inorbib\/files\/2009\/05\/bullet_sm_white.gif\" alt=\"\" width=\"17\" height=\"10\" \/><\/strong><strong>C\u00f3mo escribir y presentar un Curriculum Vitae M\u00e9dico<\/strong> <a href=\"http:\/\/blogs.sld.cu\/inorbib\/files\/2012\/11\/como_escribir_y_presentar_un_curriculum_vitae_medico.pdf\">(Descargar)<\/a><\/p>\n<p style=\"text-align: left\"><strong><img loading=\"lazy\" src=\"http:\/\/blogs.sld.cu\/inorbib\/files\/2009\/05\/bullet_sm_white.gif\" alt=\"\" width=\"17\" height=\"10\" \/><\/strong><strong>C\u00f3mo hacer un protocolo de tesis<\/strong> <a href=\"http:\/\/blogs.sld.cu\/inorbib\/files\/2012\/11\/como_hacer_un_protocolo_de_tesis.pdf\">(Descargar)<\/a><\/p>\n<p style=\"text-align: left\"><strong><img loading=\"lazy\" src=\"http:\/\/blogs.sld.cu\/inorbib\/files\/2009\/05\/bullet_sm_white.gif\" alt=\"\" width=\"17\" height=\"10\" \/><\/strong><strong>Partes componentes y elaboraci\u00f3n del protocolo de investigaci\u00f3n y del trabajo de terminaci\u00f3n de la residencia<\/strong> <a href=\"http:\/\/blogs.sld.cu\/inorbib\/files\/2012\/11\/partes_componentes_y_elaboracion_del_protocolo_de_investigacion_y_del_trabajo_de_terminacion_de_la_residencia_.pdf\">(Descargar)<\/a><\/p>\n<p style=\"text-align: left\"><strong><img loading=\"lazy\" src=\"http:\/\/blogs.sld.cu\/inorbib\/files\/2009\/05\/bullet_sm_white.gif\" alt=\"\" width=\"17\" height=\"10\" \/>Normas de Vancouver (Bibliograf\u00eda)<a href=\"http:\/\/blogs.sld.cu\/inorbib\/files\/2011\/05\/Requisitos_de_Uniformidad_2010-Vancouver.pdf\"> <\/a><\/strong><a href=\"http:\/\/blogs.sld.cu\/inorbib\/files\/2011\/05\/Requisitos_de_Uniformidad_2010-Vancouver.pdf\">(Descargar)<\/a><\/p>\n<p><strong><img loading=\"lazy\" src=\"http:\/\/blogs.sld.cu\/inorbib\/files\/2009\/05\/bullet_sm_white.gif\" alt=\"\" width=\"17\" height=\"10\" \/><\/strong><strong>Sugerencias para la confecci\u00f3n de p\u00f3steres y carteles<\/strong> <a href=\"http:\/\/blogs.sld.cu\/inorbib\/files\/2012\/11\/sugerencias_para_la_confeccion_de_posters_o_carteles.pdf\">(Descargar)<\/a><\/p>\n","protected":false},"excerpt":{"rendered":"<p>En esta secci\u00f3n podr\u00e1 acceder a algunos documentos \u00fatiles para los usuarios del INOR y en general de la Red de Infomed. Orientaciones metodol\u00f3gicas (Descargar) C\u00f3mo escribir y presentar un Curriculum Vitae M\u00e9dico (Descargar) C\u00f3mo hacer un protocolo de tesis (Descargar) Partes componentes y elaboraci\u00f3n del protocolo de investigaci\u00f3n y del trabajo de terminaci\u00f3n de [&hellip;]<\/p>\n","protected":false},"author":176,"featured_media":0,"parent":0,"menu_order":0,"comment_status":"open","ping_status":"open","template":"","meta":[],"_links":{"self":[{"href":"https:\/\/blogs.sld.cu\/inorbib\/wp-json\/wp\/v2\/pages\/64"}],"collection":[{"href":"https:\/\/blogs.sld.cu\/inorbib\/wp-json\/wp\/v2\/pages"}],"about":[{"href":"https:\/\/blogs.sld.cu\/inorbib\/wp-json\/wp\/v2\/types\/page"}],"author":[{"embeddable":true,"href":"https:\/\/blogs.sld.cu\/inorbib\/wp-json\/wp\/v2\/users\/176"}],"replies":[{"embeddable":true,"href":"https:\/\/blogs.sld.cu\/inorbib\/wp-json\/wp\/v2\/comments?post=64"}],"version-history":[{"count":1,"href":"https:\/\/blogs.sld.cu\/inorbib\/wp-json\/wp\/v2\/pages\/64\/revisions"}],"predecessor-version":[{"id":2863,"href":"https:\/\/blogs.sld.cu\/inorbib\/wp-json\/wp\/v2\/pages\/64\/revisions\/2863"}],"wp:attachment":[{"href":"https:\/\/blogs.sld.cu\/inorbib\/wp-json\/wp\/v2\/media?parent=64"}],"curies":[{"name":"wp","href":"https:\/\/api.w.org\/{rel}","templated":true}]}}