{"id":16,"date":"2020-02-07T03:36:25","date_gmt":"2020-02-07T03:36:25","guid":{"rendered":"http:\/\/blogs.sld.cu\/insuficienciacardiaca\/?page_id=16"},"modified":"2021-05-11T20:34:52","modified_gmt":"2021-05-11T20:34:52","slug":"recursos","status":"publish","type":"page","link":"https:\/\/blogs.sld.cu\/insuficienciacardiaca\/recursos\/","title":{"rendered":"Recursos"},"content":{"rendered":"<ul>\n<li><a href=\"http:\/\/www.revcardiologia.sld.cu\/index.php\/revcardiologia\/article\/view\/662\/html_56\">Revista cubana de Cardiolog\u00eda y Cirug\u00eda cardiovascular<\/a><\/li>\n<li><a href=\"http:\/\/www.sld.cu\/sitios\/pdguanabo\/temas.php?idv=8917\">Insuficiencia cardiaca. Policl\u00ednico de Guanabo<\/a><\/li>\n<li><a href=\"http:\/\/web.fisterra.com\">Fisterra web.fisterra.com<\/a><\/li>\n<li><a href=\"https:\/\/www.elsevier.es\/es-revista-revista-medica-clinica-las-condes-202-articulo-entrenamiento-fisico-pacientes-con-insuficiencia-S0716864012703784\" target=\"_blank\">Entrenamiento f\u00edsico en pacientes con insufucuencia cardiaca<\/a><\/li>\n<li><a href=\"https:\/\/scielo.conicyt.cl\/scielo.php?script=sci_arttext&amp;pid=S0718-85602013000100009\" target=\"_blank\">Beneficios del ejercicio en la insuficiencia cardiaca<\/a><\/li>\n<li><a href=\"https:\/\/medlineplus.gov\/spanish\/insuficienciacardiaca.html\" target=\"_blank\">Insuficiencia cardiaca. Medline plus<\/a><\/li>\n<li><a href=\"https:\/\/www.mayoclinic.org\/es-es\/insuficienciacardiaca\" target=\"_blank\">Insuficiencia cardiaca. Cl\u00ednica Mayo<\/a><\/li>\n<li><a href=\"https:\/\/www.fesemi.org\/informacion-pacientes\/conozca-mejor-su-enfermedad\/\" target=\"_blank\">SEMI. Buscador de enfermedades<\/a><\/li>\n<\/ul>\n","protected":false},"excerpt":{"rendered":"<p>Revista cubana de Cardiolog\u00eda y Cirug\u00eda cardiovascular Insuficiencia cardiaca. Policl\u00ednico de Guanabo Fisterra web.fisterra.com Entrenamiento f\u00edsico en pacientes con insufucuencia cardiaca Beneficios del ejercicio en la insuficiencia cardiaca Insuficiencia cardiaca. Medline plus Insuficiencia cardiaca. Cl\u00ednica Mayo SEMI. Buscador de enfermedades<\/p>\n","protected":false},"author":205,"featured_media":0,"parent":0,"menu_order":0,"comment_status":"closed","ping_status":"open","template":"","meta":[],"_links":{"self":[{"href":"https:\/\/blogs.sld.cu\/insuficienciacardiaca\/wp-json\/wp\/v2\/pages\/16"}],"collection":[{"href":"https:\/\/blogs.sld.cu\/insuficienciacardiaca\/wp-json\/wp\/v2\/pages"}],"about":[{"href":"https:\/\/blogs.sld.cu\/insuficienciacardiaca\/wp-json\/wp\/v2\/types\/page"}],"author":[{"embeddable":true,"href":"https:\/\/blogs.sld.cu\/insuficienciacardiaca\/wp-json\/wp\/v2\/users\/205"}],"replies":[{"embeddable":true,"href":"https:\/\/blogs.sld.cu\/insuficienciacardiaca\/wp-json\/wp\/v2\/comments?post=16"}],"version-history":[{"count":17,"href":"https:\/\/blogs.sld.cu\/insuficienciacardiaca\/wp-json\/wp\/v2\/pages\/16\/revisions"}],"predecessor-version":[{"id":484,"href":"https:\/\/blogs.sld.cu\/insuficienciacardiaca\/wp-json\/wp\/v2\/pages\/16\/revisions\/484"}],"wp:attachment":[{"href":"https:\/\/blogs.sld.cu\/insuficienciacardiaca\/wp-json\/wp\/v2\/media?parent=16"}],"curies":[{"name":"wp","href":"https:\/\/api.w.org\/{rel}","templated":true}]}}