{"id":236,"date":"2020-03-21T05:18:56","date_gmt":"2020-03-21T05:18:56","guid":{"rendered":"http:\/\/blogs.sld.cu\/insuficienciacardiaca\/?page_id=236"},"modified":"2021-05-11T20:14:31","modified_gmt":"2021-05-11T20:14:31","slug":"signos-y-sintomas","status":"publish","type":"page","link":"https:\/\/blogs.sld.cu\/insuficienciacardiaca\/signos-y-sintomas\/","title":{"rendered":"Signos y s\u00edntomas"},"content":{"rendered":"<p><strong>Algunos de los signos y s\u00edntomas de la insuficiencia card\u00edaca pueden ser los siguientes:<\/strong><\/p>\n<ul>\n<li>\u00bb Falta de aire (disnea) al hacer esfuerzos<\/li>\n<li>\u00bb Fatiga y debilidad<\/li>\n<li>\u00bb Hinchaz\u00f3n (edema) en las piernas, los tobillos y los pies<\/li>\n<li>\u00bb Latidos del coraz\u00f3n r\u00e1pidos o irregulares<\/li>\n<li>\u00bb Menor capacidad para hacer ejercicio<\/li>\n<li>\u00bb Tos o sibilancia constantes con flema blanca o rosa manchada de sangre<\/li>\n<li>\u00bb Mayor necesidad de orinar por la noche<\/li>\n<li>\u00bb Hinchaz\u00f3n del abdomen (ascitis)<\/li>\n<li>\u00bb Aumento de peso muy r\u00e1pido por retenci\u00f3n de l\u00edquido<\/li>\n<li>\u00bb Falta de apetito y n\u00e1useas<\/li>\n<li>\u00bb Dificultad para concentrarse o menor estado de alerta<\/li>\n<li>\u00bb Falta de aire repentina y grave, y tos con moco rosa espumoso<\/li>\n<li>\u00bb Dolor en el pecho si la insuficiencia card\u00edaca es producto de un ataque card\u00edaco.<\/li>\n<\/ul>\n<p>La insuficiencia card\u00edaca puede comenzar despu\u00e9s de que otras afecciones hayan debilitado o da\u00f1ado el coraz\u00f3n.<\/p>\n<p>Las cavidades principales del coraz\u00f3n (los ventr\u00edculos) se pueden volver r\u00edgidas y no llenarse de sangre de la manera adecuada. El m\u00fasculo card\u00edaco puede da\u00f1arse y debilitarse, y los ventr\u00edculos se dilatan, y el coraz\u00f3n no puede bombear sangre a todo el cuerpo de manera efectiva. El coraz\u00f3n aumenta de tama\u00f1o.<\/p>\n<p>La insuficiencia card\u00edaca puede afectar el lado izquierdo (ventr\u00edculo izquierdo), el lado derecho (ventr\u00edculo derecho) o ambos lados del coraz\u00f3n. En general, la insuficiencia card\u00edaca comienza en el lado izquierdo, espec\u00edficamente, en el ventr\u00edculo izquierdo (la cavidad de bombeo principal del coraz\u00f3n).<\/p>\n<p><span style=\"color: #0061ad\">\u00bfQu\u00e9 puede hacer para controlar la insuficiencia card\u00edaca?<\/span><\/p>\n<p>Para controlar la insuficiencia card\u00edaca debe seguir cuidadosamente las instrucciones y recomendaciones de su m\u00e9dico. Se pueden aliviar los s\u00edntomas y mejorar su situaci\u00f3n con el uso de medicamentos y ciertos cambios en la rutina de vida.<\/p>\n<p>Por tanto el control de su enfermedad incluye cambios que se refieren a:<\/p>\n<ol>\n<li>Tratamiento quir\u00fargico<\/li>\n<li>Tratamiento farmacol\u00f3gico<\/li>\n<li>Ejercicio f\u00edsico<\/li>\n<li>Dieta<\/li>\n<li>H\u00e1bitos y estilo de vida<\/li>\n<\/ol>\n<p><a href=\"http:\/\/blogs.sld.cu\/insuficienciacardiaca\/239-2\/\">H\u00e1bitos y estilos de vida<\/a><\/p>\n","protected":false},"excerpt":{"rendered":"<p>Algunos de los signos y s\u00edntomas de la insuficiencia card\u00edaca pueden ser los siguientes: \u00bb Falta de aire (disnea) al hacer esfuerzos \u00bb Fatiga y debilidad \u00bb Hinchaz\u00f3n (edema) en las piernas, los tobillos y los pies \u00bb Latidos del coraz\u00f3n r\u00e1pidos o irregulares \u00bb Menor capacidad para hacer ejercicio \u00bb Tos o sibilancia constantes [&hellip;]<\/p>\n","protected":false},"author":208,"featured_media":0,"parent":0,"menu_order":0,"comment_status":"closed","ping_status":"closed","template":"","meta":[],"_links":{"self":[{"href":"https:\/\/blogs.sld.cu\/insuficienciacardiaca\/wp-json\/wp\/v2\/pages\/236"}],"collection":[{"href":"https:\/\/blogs.sld.cu\/insuficienciacardiaca\/wp-json\/wp\/v2\/pages"}],"about":[{"href":"https:\/\/blogs.sld.cu\/insuficienciacardiaca\/wp-json\/wp\/v2\/types\/page"}],"author":[{"embeddable":true,"href":"https:\/\/blogs.sld.cu\/insuficienciacardiaca\/wp-json\/wp\/v2\/users\/208"}],"replies":[{"embeddable":true,"href":"https:\/\/blogs.sld.cu\/insuficienciacardiaca\/wp-json\/wp\/v2\/comments?post=236"}],"version-history":[{"count":12,"href":"https:\/\/blogs.sld.cu\/insuficienciacardiaca\/wp-json\/wp\/v2\/pages\/236\/revisions"}],"predecessor-version":[{"id":475,"href":"https:\/\/blogs.sld.cu\/insuficienciacardiaca\/wp-json\/wp\/v2\/pages\/236\/revisions\/475"}],"wp:attachment":[{"href":"https:\/\/blogs.sld.cu\/insuficienciacardiaca\/wp-json\/wp\/v2\/media?parent=236"}],"curies":[{"name":"wp","href":"https:\/\/api.w.org\/{rel}","templated":true}]}}