{"id":30,"date":"2021-09-25T14:26:42","date_gmt":"2021-09-25T14:26:42","guid":{"rendered":"http:\/\/blogs.sld.cu\/vihsida\/?page_id=30"},"modified":"2021-09-25T23:06:53","modified_gmt":"2021-09-25T23:06:53","slug":"virus-del-papiloma-humano-vph","status":"publish","type":"page","link":"https:\/\/blogs.sld.cu\/its\/virus-del-papiloma-humano-vph\/","title":{"rendered":"Virus del Papiloma humano (VPH)"},"content":{"rendered":"<p>Los virus del papiloma humano (VPH) son virus comunes que pueden causar verrugas. Existen m\u00e1s de 100 tipos de VPH. La mayor\u00eda son inofensivos, pero aproximadamente 30 tipos se asocian con un mayor riesgo de provocar c\u00e1ncer. Estos tipos afectan los genitales y se adquieren a trav\u00e9s del contacto sexual con una pareja infectada. Se clasifican como de bajo riesgo o de alto riesgo. Los VPH de bajo riesgo pueden causar verrugas genitales. En las mujeres, los VPH de alto riesgo pueden conducir al c\u00e1ncer en el cuello uterino, vulva, vagina y ano. En los hombres, pueden conducir al c\u00e1ncer del ano y del pene.<\/p>\n<p>El virus del papiloma humano genital es la infecci\u00f3n de transmisi\u00f3n sexual (ITS) m\u00e1s frecuente. Existen m\u00e1s de 40 tipos de VPH que pueden infectar las zonas genitales de los hombres y las mujeres. Estos tipos de VPH tambi\u00e9n pueden infectar la boca y la garganta.\u00a0 La mayor\u00eda de las personas que se infectan por el VPH ni siquiera saben que lo est\u00e1n.<\/p>\n<p>El VPH no es igual al virus del herpes o al VIH (el virus que causa el sida). Todos estos virus se pueden transmitir durante el contacto sexual, pero causan s\u00edntomas y problemas de salud distintos.<\/p>\n<p>El VPH puede hacer que las c\u00e9lulas normales de la piel infectada se vuelvan anormales. La mayor\u00eda de las veces, estos cambios en las c\u00e9lulas no se pueden ver ni sentir.\u00a0 El cuerpo combate en forma natural el VPH y las c\u00e9lulas infectadas vuelven a su normalidad en algunos casos. Pero cuando el cuerpo no elimina el VPH, el virus puede causar cambios visibles como verrugas genitales o c\u00e1ncer. Las verrugas pueden aparecer semanas o meses despu\u00e9s de contraer el VPH. El c\u00e1ncer suele demorar a\u00f1os en presentarse despu\u00e9s de que se contrae la infecci\u00f3n. El VPH es la causa principal de la aparici\u00f3n del c\u00e1ncer del cuello uterino.<\/p>\n<p><strong>\u00bfC\u00f3mo se trasmite?<\/strong><\/p>\n<p>El VPH se transmite por contacto genital, m\u00e1s a menudo por relaciones sexuales vaginales y anales. Tambi\u00e9n se puede transmitir por las relaciones sexuales orales y el contacto entre los genitales. El VPH se transmite entre parejas heterosexuales y homosexuales (gay), aun cuando la pareja infectada no tenga signos ni s\u00edntomas.<\/p>\n<p>Una persona puede tener el VPH hasta a\u00f1os despu\u00e9s de haber tenido contacto sexual con una pareja infectada.\u00a0 La mayor\u00eda de las personas infectadas no saben que est\u00e1n infectadas o que est\u00e1n transmitiendo el virus a su pareja sexual. Tambi\u00e9n es posible contraer m\u00e1s de un tipo de VPH.<\/p>\n<p>En muy pocos casos, una mujer embarazada que tiene el VPH genital puede transmitir el virus a su beb\u00e9 durante el parto. Y, en casos muy raros, el beb\u00e9 puede presentar papilomatosis respiratoria recurrente (PRR) de comienzo juvenil.<\/p>\n<p><strong>\u00bfCu\u00e1les son los s\u00edntomas?<\/strong><br \/>\nLa mayor\u00eda de las personas infectadas por el VPH no presenta s\u00edntomas o problemas de salud por la infecci\u00f3n. En el 90% de los casos, el sistema inmunitario del cuerpo elimina el VPH de manera natural en un lapso de dos a\u00f1os. Pero algunas veces, las infecciones por el VPH no se curan, y pueden causar:<\/p>\n<ul>\n<li>&#8211; Verrugas genitales<\/li>\n<li>&#8211; Rara vez, verrugas en la garganta, una afecci\u00f3n llamada papilomatosis respiratoria recurrente o PRR. \u00a0Cuando se presenta en ni\u00f1os, se le llama papilomatosis respiratoria recurrente de comienzo juvenil<\/li>\n<li>&#8211; C\u00e1ncer de cuello uterino y otros c\u00e1nceres menos frecuentes pero graves, como c\u00e1ncer de vulva, de vagina, de pene, de ano y c\u00e1ncer de la cavidad orofar\u00edngea (parte posterior de la garganta, incluidas la base de la lengua y las am\u00edgdalas)<\/li>\n<\/ul>\n<p>Los tipos de VPH que pueden causar verrugas genitales no son los mismos que los que causan c\u00e1ncer. No hay manera de saber cu\u00e1les personas con el VPH padecer\u00e1n c\u00e1ncer u otros problemas de salud.<\/p>\n<p>S\u00edntomas y signos relacionados con la infecci\u00f3n por VPH:<\/p>\n<p><strong>Verrugas genitales: <\/strong>por lo general aparecen en las zonas genitales como un granito o peque\u00f1os grupos de granitos. Pueden ser peque\u00f1as o grandes, planas o elevadas o en forma de coliflor. Los profesionales m\u00e9dicos pueden diagnosticar las verrugas con solo mirar el \u00e1rea genital durante la consulta. Las verrugas pueden aparecer semanas o meses despu\u00e9s del contacto sexual con una pareja infectada, aun cuando esta persona no tenga signos de verrugas genitales. Si no se tratan, las verrugas genitales pueden desaparecer, quedarse igual o aumentar en tama\u00f1o y en n\u00famero. Las verrugas no se convertir\u00e1n en c\u00e1ncer.<\/p>\n<p><strong>C\u00e1ncer de cuello uterino: <\/strong>por lo general no presenta s\u00edntomas sino hasta que est\u00e1 en una etapa avanzada. Por esta raz\u00f3n, es importante que las mujeres se realicen peri\u00f3dicamente <a href=\"http:\/\/www.cdc.gov\/spanish\/cancer\/cervical\/basic_info\/screening.htm\">pruebas de detecci\u00f3n del c\u00e1ncer de cuello uterino<\/a>. Estas pruebas pueden identificar signos iniciales de la enfermedad para que sean tratados en forma temprana, antes de que se conviertan en c\u00e1ncer.<\/p>\n<p><strong>Otros c\u00e1nceres relacionados con el VPH:<\/strong> pueden no presentar signos o s\u00edntomas sino hasta que est\u00e9n avanzados y sean dif\u00edciles de tratar.\u00a0 Esto incluye c\u00e1nceres de vulva, de vagina, de pene, de ano y c\u00e1ncer de la cavidad orofar\u00edngea (parte posterior de la garganta, incluidas la base de la lengua y las am\u00edgdalas).<\/p>\n<p><strong>Papilomatosis respiratoria recurrente: <\/strong>una afecci\u00f3n en la que se forman verrugas en la garganta. Algunas veces puede bloquear las v\u00edas respiratorias, causando ronquera o dificultad para respirar.<\/p>\n<p><strong>\u00bfCu\u00e1les son las pruebas para diagnosticar la infecci\u00f3n?<\/strong><\/p>\n<p>Las pruebas de detecci\u00f3n del VPH disponibles en el mercado mundial solo se utilizan para evaluar a mujeres a cierta edad y que hayan tenido resultados espec\u00edficos en sus pruebas de Papanicolaou para el c\u00e1ncer de cuello uterino. No existe una prueba general para hombres o mujeres que detecte si una persona tiene el VPH, ni tampoco se cuenta con una prueba aprobada de detecci\u00f3n para detectar el VPH en los genitales, la boca o la garganta.<\/p>\n<p><strong>\u00bfC\u00f3mo se trata la infecci\u00f3n por VPH?<br \/>\n<\/strong><br \/>\nNo existe un tratamiento contra el virus, pero <em>hay <\/em>tratamientos para las enfermedades que el VPH puede causar:<\/p>\n<p><strong>Las verrugas genitales visibles<\/strong> las puede eliminar el propio paciente con el uso de medicamentos recetados,\u00a0 o tambi\u00e9n si va al m\u00e9dico para que le d\u00e9 tratamiento. Algunas personas prefieren no tratarse las verrugas, para ver si desaparecen por s\u00ed solas. Ning\u00fan tratamiento es mejor que otro.<\/p>\n<p><strong>El c\u00e1ncer de cuello uterino <\/strong>se puede tratar m\u00e1s f\u00e1cilmente si se diagnostica y trata en su etapa inicial. Sin embargo, una mujer que se hace en forma peri\u00f3dica la prueba de Papanicolaou y tiene un seguimiento adecuado puede identificar problemas <em>antes<\/em> de que aparezca el c\u00e1ncer. La prevenci\u00f3n es siempre preferible al tratamiento.<\/p>\n<p>Otros tipos de c\u00e1ncer relacionados con el VPH tambi\u00e9n se pueden tratar m\u00e1s f\u00e1cilmente si se diagnostican y tratan en etapas iniciales.<\/p>\n<p>La PRR se puede tratar mediante cirug\u00eda o medicamentos.\u00a0 En ocasiones, puede requerir de muchos tratamientos o cirug\u00edas durante varios a\u00f1os.<\/p>\n<p><strong>\u00bfC\u00f3mo puedo protegerme?<br \/>\n<\/strong><br \/>\nHay muchas formas en que una persona puede reducir su probabilidad de contraer el VPH:<\/p>\n<ul>\n<li>Las vacunas pueden proteger a hombres y mujeres contra casi todos los tipos comunes de VPH que pueden causar enfermedad y c\u00e1ncer. Estas vacunas se administran en tres inyecciones. Es importante recibir las tres dosis para contar con la mejor protecci\u00f3n. Las vacunas son m\u00e1s eficaces cuando se dan a los 11 o 12 a\u00f1os de edad. <strong><br \/>\nNi\u00f1as y mujeres: <\/strong>Existen dos vacunas (Cervarix y Gardasil) para proteger a las mujeres contra los tipos de VPH que causan la mayor\u00eda de los c\u00e1nceres de cuello uterino.\u00a0 Una de estas vacunas (Gardasil), tambi\u00e9n protege contra la mayor\u00eda de las verrugas genitales.\u00a0 Gardasil tambi\u00e9n ha demostrado proteger contra los c\u00e1nceres de ano, de vagina y de vulva. Ambas vacunas est\u00e1n recomendadas para ni\u00f1as de 11 a 12 a\u00f1os de edad y para ni\u00f1as y mujeres de 13 a 26 a\u00f1os que no hayan recibido ninguna dosis o que no hayan completado la serie cuando eran m\u00e1s peque\u00f1as. Las vacunas tambi\u00e9n se pueden administrar a ni\u00f1as a partir de los 9 a\u00f1os de edad. Se recomienda que, en lo posible, las tres dosis de la vacuna sean de la misma marca. <strong><br \/>\nNi\u00f1os y hombres:<\/strong> Una de las vacunas disponibles (Gardasil) protege a los varones contra la mayor\u00eda de las verrugas genitales y los c\u00e1nceres de ano. Esta vacuna est\u00e1 disponible para varones de 9 a 26 a\u00f1os de edad.<\/li>\n<li>Las personas que decidan llevar una vida sexual activa, pueden reducir su riesgo de contraer el VPH si utilizan condones. Para que protejan m\u00e1s, los condones se deben usar en todas las relaciones sexuales, desde el inicio hasta el final. Los condones tambi\u00e9n pueden disminuir el riesgo de contraer otras enfermedades relacionadas con el VPH, como las verrugas genitales y el c\u00e1ncer de cuello uterino. Pero el VPH puede infectar las \u00e1reas que no queden cubiertas por el cond\u00f3n, por lo que los condones no protegen <em>completamente<\/em> contra el VPH.<\/li>\n<li>Una persona puede <strong>reducir<\/strong> la probabilidad de contraer el VPH si permanece en una relaci\u00f3n con una sola pareja, limita el n\u00famero de parejas sexuales o escoge una pareja que no ha tenido parejas sexuales o ha tenido muy pocas.\u00a0 Sin embargo, hasta las personas que han tenido solo una pareja sexual en la vida pueden contraer el VPH pues no se puede determinar si una pareja que ha sido sexualmente activa en el pasado est\u00e1 infectada actualmente.<\/li>\n<\/ul>\n","protected":false},"excerpt":{"rendered":"<p>Los virus del papiloma humano (VPH) son virus comunes que pueden causar verrugas. Existen m\u00e1s de 100 tipos de VPH. La mayor\u00eda son inofensivos, pero aproximadamente 30 tipos se asocian con un mayor riesgo de provocar c\u00e1ncer. Estos tipos afectan los genitales y se adquieren a trav\u00e9s del contacto sexual con una pareja infectada. Se [&hellip;]<\/p>\n","protected":false},"author":123,"featured_media":0,"parent":0,"menu_order":0,"comment_status":"closed","ping_status":"closed","template":"","meta":[],"_links":{"self":[{"href":"https:\/\/blogs.sld.cu\/its\/wp-json\/wp\/v2\/pages\/30"}],"collection":[{"href":"https:\/\/blogs.sld.cu\/its\/wp-json\/wp\/v2\/pages"}],"about":[{"href":"https:\/\/blogs.sld.cu\/its\/wp-json\/wp\/v2\/types\/page"}],"author":[{"embeddable":true,"href":"https:\/\/blogs.sld.cu\/its\/wp-json\/wp\/v2\/users\/123"}],"replies":[{"embeddable":true,"href":"https:\/\/blogs.sld.cu\/its\/wp-json\/wp\/v2\/comments?post=30"}],"version-history":[{"count":4,"href":"https:\/\/blogs.sld.cu\/its\/wp-json\/wp\/v2\/pages\/30\/revisions"}],"predecessor-version":[{"id":100,"href":"https:\/\/blogs.sld.cu\/its\/wp-json\/wp\/v2\/pages\/30\/revisions\/100"}],"wp:attachment":[{"href":"https:\/\/blogs.sld.cu\/its\/wp-json\/wp\/v2\/media?parent=30"}],"curies":[{"name":"wp","href":"https:\/\/api.w.org\/{rel}","templated":true}]}}