{"id":32,"date":"2021-09-25T04:28:13","date_gmt":"2021-09-25T04:28:13","guid":{"rendered":"http:\/\/blogs.sld.cu\/vihsida\/?page_id=32"},"modified":"2021-09-25T23:08:30","modified_gmt":"2021-09-25T23:08:30","slug":"clamidiasis","status":"publish","type":"page","link":"https:\/\/blogs.sld.cu\/its\/clamidiasis\/","title":{"rendered":"Clamidia"},"content":{"rendered":"<p><strong>\u00bfQu\u00e9 es?<\/strong><br \/>\nLa infecci\u00f3n por clamidia es una ITS frecuente, causada por la bacteria <em>Chlamydia trachomatis<\/em>, que puede afectar la vagina, el cuello del \u00fatero, las trompas de Falopio, el ano, la uretra o los ojos.<\/p>\n<p>Aunque generalmente la infecci\u00f3n por clamidia no presenta s\u00edntomas o se manifiesta con s\u00edntomas leves, hay complicaciones graves que pueden ocurrir en forma silenciosa y causar da\u00f1os irreversibles, como la infertilidad, antes de que la mujer se d\u00e9 cuenta del problema.<\/p>\n<p>Esta infecci\u00f3n tambi\u00e9n puede causar secreci\u00f3n del pene en un hombre infectado.<\/p>\n<p>La infecci\u00f3n por clamidia es una de las infecciones de transmisi\u00f3n sexual bacteriana reportada con mayor frecuencia. Muchos casos no se reportan porque la mayor\u00eda de las personas con clamidia no saben que tienen la infecci\u00f3n y no se hacen pruebas para detectar la enfermedad. Adem\u00e1s, es frecuente que se traten los s\u00edntomas y no se hagan las pruebas de detecci\u00f3n.<\/p>\n<p><strong>\u00bfC\u00f3mo se trasmite?<\/strong><br \/>\nLa infecci\u00f3n por clamidida puede ser transmitida durante relaciones sexuales vaginales, orales o anales, sin protecci\u00f3n; incluso puede pasarse al ojo con una mano o con otra parte del cuerpo humedecida con secreciones infectadas.<\/p>\n<p>Tambi\u00e9n se puede transmitir de madre a hijo durante el parto vaginal.<\/p>\n<p>Toda persona sexualmente activa puede contraer la infecci\u00f3n por clamidia. Entre mayor n\u00famero de parejas sexuales tenga la persona, mayor es el riesgo de infecci\u00f3n. Las adolescentes y las mujeres j\u00f3venes que son sexualmente activas est\u00e1n expuestas a un mayor riesgo de infecci\u00f3n porque el cuello uterino (la entrada al \u00fatero) no se ha formado completamente y es m\u00e1s susceptible a infecciones.<\/p>\n<p>Debido a que la clamidia puede transmitirse durante las relaciones sexuales orales o anales, los hombres que tienen relaciones sexuales con hombres tambi\u00e9n est\u00e1n en peligro de contraer la infecci\u00f3n clamidial.<\/p>\n<p>La clamidia es muy com\u00fan entre:<\/p>\n<ul>\n<li>Las personas que tienen m\u00e1s de un compa\u00f1ero(a) de relaciones sexuales<\/li>\n<li>Las personas cuyos compa\u00f1eros(as) de relaciones sexuales tienen m\u00e1s de un compa\u00f1ero(a) de relaciones sexuales<\/li>\n<li>Las personas que no usan condones<\/li>\n<li>Las personas con historia de ITS frecuentes<\/li>\n<li>Las personas menores 25 a\u00f1os de edad<\/li>\n<\/ul>\n<p>La clamidia no se puede transmitir bes\u00e1ndose o compartiendo ropa, o a trav\u00e9s de asientos de inodoro, s\u00e1banas, picaportes, piscinas, piscinas de hidromasaje, ba\u00f1aderas o cubiertos.<\/p>\n<p><strong>\u00bfCu\u00e1les son los s\u00edntomas?<\/strong><br \/>\nA la infecci\u00f3n por clamidia se le conoce como la enfermedad silenciosa porque casi tres cuartas partes de las mujeres infectadas y cerca de la mitad de los hombres infectados no presentan s\u00edntomas. Cuando se manifiestan, los s\u00edntomas aparecen generalmente entre 1 y 3 semanas despu\u00e9s del contagio.<\/p>\n<p>En las mujeres, la bacteria infecta inicialmente el cuello uterino y la uretra (el conducto urinario). Las mujeres con s\u00edntomas podr\u00edan presentar flujo vaginal anormal o una sensaci\u00f3n de ardor al orinar. Algunas mujeres siguen sin tener signos ni s\u00edntomas aun despu\u00e9s de que la infecci\u00f3n se propaga del cuello uterino a las trompas de Falopio (los conductos que transportan los \u00f3vulos desde los ovarios hasta el \u00fatero); otras mujeres presentan dolor en la parte inferior del vientre, dolor de espalda, n\u00e1usea, fiebre, dolor durante las relaciones sexuales o sangrado entre los per\u00edodos menstruales. La infecci\u00f3n clamidial del cuello uterino puede propagarse al recto. La dificultad para lograr el\u00a0 embarazo tambi\u00e9n puede deberse a una infecci\u00f3n de este tipo. En general, los s\u00edntomas pueden incluir:<\/p>\n<ul>\n<li>Sangrado entre per\u00edodos menstruales<\/li>\n<li>Sangrado vaginal despu\u00e9s de tener relaciones sexuales<\/li>\n<li>Dolor en el abdomen<\/li>\n<li>Dolor durante las relaciones sexuales<\/li>\n<li>Fiebre<\/li>\n<li>Sensaci\u00f3n de ardor al orinar<\/li>\n<li>Necesidad de orinar m\u00e1s de lo habitual<\/li>\n<li>Secreci\u00f3n vaginales nuevas o diferentes<\/li>\n<li>Dolor, picaz\u00f3n, sangrado y\/o secreci\u00f3n de mucosidad del recto (cuando se tiene clamidia en el ano)<\/li>\n<li>Enrojecimiento, picaz\u00f3n y\/o secreciones de los ojos (cuando se tiene clamidia en los ojos)<\/li>\n<\/ul>\n<p>Estos s\u00edntomas son muy similares a los s\u00edntomas de la gonorrea, otro tipo de ITS.<\/p>\n<p>Los hombres con signos o s\u00edntomas podr\u00edan presentar secreci\u00f3n del pene o una sensaci\u00f3n de ardor al orinar; tambi\u00e9n pueden sufrir de ardor y picaz\u00f3n alrededor de la abertura del pene. El dolor y la inflamaci\u00f3n de los test\u00edculos es poco frecuente.<\/p>\n<p>Los hombres o mujeres que tienen relaciones sexuales con penetraci\u00f3n anal pueden contraer la infecci\u00f3n clamidial en el recto, lo cual puede causar dolor, secreciones o sangrado en el recto.<\/p>\n<p>La infecci\u00f3n por clamidia tambi\u00e9n puede presentarse en la garganta de las mujeres y hombres que han tenido relaciones sexuales orales con una pareja infectada.<\/p>\n<p><strong>\u00bfCu\u00e1les son las pruebas para diagnosticar la clamidia?<\/strong><br \/>\nExisten pruebas de laboratorio para diagnosticar la infecci\u00f3n por clamidia. En algunas pruebas se analiza la orina y en otras se requiere que la muestra sea obtenida de zonas como el pene o el cuello uterino. Es recomendable realizarse la prueba para la clamidia por lo menos una vez al a\u00f1o, o m\u00e1s frecuente si existe m\u00e1s de una pareja o has tenido clamidia u otro tipo de ITS.<\/p>\n<p><strong>\u00bfC\u00f3mo se trata la clamidia?<\/strong><br \/>\nLa infecci\u00f3n por clamidia puede ser f\u00e1cilmente tratada y curada con antibi\u00f3ticos. Los tratamientos usados m\u00e1s frecuentemente son una dosis \u00fanica del medicamento azitromicina o una semana de tratamiento con doxiciclina (dos veces al d\u00eda). Las personas VIH positivas que tienen la infecci\u00f3n por clamidia deben recibir el mismo tratamiento que las que no lo son.<\/p>\n<p>Todas las parejas sexuales deben ser evaluadas, hacerse las pruebas y recibir tratamiento. Las personas con infecci\u00f3n por clamidia deben abstenerse de tener relaciones sexuales hasta que ellas y sus parejas sexuales hayan terminado el tratamiento, de lo contrario podr\u00edan volverse a infectar. Es importante alertar a todas las personas de la cadena de transmisi\u00f3n para que ellas tambi\u00e9n puedan ser tratadas.<\/p>\n<p>Las mujeres cuyas parejas sexuales no han recibido el tratamiento adecuado corren un alto riesgo de volverse a infectar. Tener infecciones m\u00faltiples aumenta el riesgo de que la mujer tenga graves complicaciones que afecten su salud reproductiva, como la infertilidad. Las mujeres deben considerar hacerse otra prueba tres o cuatro meses despu\u00e9s de finalizar el tratamiento. Esto es de especial importancia cuando la mujer no sabe si su pareja sexual ha recibido tratamiento.<\/p>\n<p>Es importante recibir tratamiento temprano para que no ocurran problemas m\u00e1s serios de salud y continuarlo hasta el final, aunque los s\u00edntomas hayan desaparecido.<\/p>\n<p>Si no es tratada, la infecci\u00f3n puede avanzar y causar graves problemas reproductivos y de salud con consecuencias a corto y largo plazo. Al igual que la enfermedad, los da\u00f1os que causa la infecci\u00f3n a menudo no se perciben.<\/p>\n<p>La clamidia puede provocar una infecci\u00f3n urinaria tanto en hombres como en mujeres.<\/p>\n<p>En las mujeres, si la infecci\u00f3n no es tratada, puede propagarse al \u00fatero o a las trompas de Falopio y causar enfermedad inflamatoria p\u00e9lvica (EIP). Esto ocurre hasta en un 40 por ciento de las mujeres que tienen la infecci\u00f3n por clamidia y no han recibido tratamiento. La EIP puede causar da\u00f1o permanente a las trompas de Falopio, al \u00fatero y a los tejidos circundantes. El da\u00f1o puede llegar a causar dolor p\u00e9lvico cr\u00f3nico, infertilidad y embarazo ect\u00f3pico (embarazo implantado fuera del \u00fatero), el cual puede causar la muerte. Si est\u00e1n expuestas al virus del VIH, las mujeres infectadas por clamidia tienen hasta cinco veces m\u00e1s probabilidades de infectarse.<\/p>\n<p>Las complicaciones entre los hombres son poco comunes. En ocasiones, la infecci\u00f3n se propaga al epid\u00eddimo (el conducto que transporta el semen desde los test\u00edculos) y causa dolor, fiebre y, rara vez, esterilidad.<\/p>\n<p>En muy pocos casos, la infecci\u00f3n clamidial genital puede causar artritis que puede estar acompa\u00f1ada de lesiones en la piel e inflamaci\u00f3n de los ojos y de la uretra (s\u00edndrome de Reiter).<\/p>\n<p>Hay cierta evidencia de que en las mujeres embarazadas, las infecciones clamidiales que no reciben tratamiento pueden propiciar partos prematuros. Los beb\u00e9s que nacen de mujeres infectadas pueden contraer infecciones clamidiales en los ojos y en las v\u00edas respiratorias. La infecci\u00f3n por clamidia es una de las causas principales de neumon\u00eda precoz y conjuntivitis en los reci\u00e9n nacidos.<\/p>\n<p><strong>\u00bfC\u00f3mo puedo protegerme?<\/strong><br \/>\nLa manera m\u00e1s segura de evitar el contagio de enfermedades de transmisi\u00f3n sexual es abstenerse del contacto sexual o tener una relaci\u00f3n estable, mutuamente mon\u00f3gama, con una pareja a quien se le han hecho pruebas y se sabe que no est\u00e1 infectada.<\/p>\n<p>Los condones de l\u00e1tex en los hombres, cuando se usan de manera habitual y correcta, pueden reducir el riesgo de transmisi\u00f3n de la clamidia.<\/p>\n<p>Los CDC recomiendan que todas las mujeres sexualmente activas de 25 a\u00f1os de edad o menos y las mujeres de m\u00e1s edad con factores de riesgo de infecciones clamidiales (quienes tienen una nueva pareja sexual o m\u00faltiples parejas sexuales), as\u00ed como todas las mujeres embarazadas se hagan anualmente pruebas para detectar esta enfermedad. El m\u00e9dico deber\u00eda siempre hacer una evaluaci\u00f3n de riesgos de enfermedades sexuales, la cual podr\u00eda indicar la necesidad de realizar pruebas de detecci\u00f3n con mayor frecuencia en ciertas mujeres.<\/p>\n<p>Cualquier s\u00edntoma en el \u00e1rea genital como por ejemplo una llaga poco usual, flujo con olor, sensaci\u00f3n de ardor al orinar o sangrado entre ciclos menstruales, podr\u00eda significar que la mujer tiene una infecci\u00f3n por una ITS. Si la mujer tiene alguno de estos s\u00edntomas, debe dejar de tener relaciones sexuales y consultar con un m\u00e9dico de inmediato. El tratamiento temprano de las enfermedades de transmisi\u00f3n sexual puede prevenir la EIP. Las mujeres a las que se les inform\u00f3 que tienen una enfermedad de transmisi\u00f3n sexual y est\u00e1n recibiendo tratamiento deben comunic\u00e1rselo a todas sus parejas sexuales recientes (con las que tuvieron relaciones sexuales en los \u00faltimos 60 d\u00edas), para que consulten con un m\u00e9dico y se hagan las pruebas para saber si tienen una ITS. No se debe reiniciar la actividad sexual hasta que todas las parejas sexuales hayan sido examinadas y, en caso de ser necesario, hayan recibido tratamiento.<\/p>\n","protected":false},"excerpt":{"rendered":"<p>\u00bfQu\u00e9 es? La infecci\u00f3n por clamidia es una ITS frecuente, causada por la bacteria Chlamydia trachomatis, que puede afectar la vagina, el cuello del \u00fatero, las trompas de Falopio, el ano, la uretra o los ojos. Aunque generalmente la infecci\u00f3n por clamidia no presenta s\u00edntomas o se manifiesta con s\u00edntomas leves, hay complicaciones graves que [&hellip;]<\/p>\n","protected":false},"author":208,"featured_media":0,"parent":0,"menu_order":0,"comment_status":"closed","ping_status":"closed","template":"","meta":[],"_links":{"self":[{"href":"https:\/\/blogs.sld.cu\/its\/wp-json\/wp\/v2\/pages\/32"}],"collection":[{"href":"https:\/\/blogs.sld.cu\/its\/wp-json\/wp\/v2\/pages"}],"about":[{"href":"https:\/\/blogs.sld.cu\/its\/wp-json\/wp\/v2\/types\/page"}],"author":[{"embeddable":true,"href":"https:\/\/blogs.sld.cu\/its\/wp-json\/wp\/v2\/users\/208"}],"replies":[{"embeddable":true,"href":"https:\/\/blogs.sld.cu\/its\/wp-json\/wp\/v2\/comments?post=32"}],"version-history":[{"count":3,"href":"https:\/\/blogs.sld.cu\/its\/wp-json\/wp\/v2\/pages\/32\/revisions"}],"predecessor-version":[{"id":106,"href":"https:\/\/blogs.sld.cu\/its\/wp-json\/wp\/v2\/pages\/32\/revisions\/106"}],"wp:attachment":[{"href":"https:\/\/blogs.sld.cu\/its\/wp-json\/wp\/v2\/media?parent=32"}],"curies":[{"name":"wp","href":"https:\/\/api.w.org\/{rel}","templated":true}]}}