{"id":67,"date":"2021-09-25T06:15:43","date_gmt":"2021-09-25T06:15:43","guid":{"rendered":"http:\/\/blogs.sld.cu\/vihsida\/?page_id=67"},"modified":"2021-09-25T23:09:58","modified_gmt":"2021-09-25T23:09:58","slug":"chancroide","status":"publish","type":"page","link":"https:\/\/blogs.sld.cu\/its\/chancroide\/","title":{"rendered":"Chancroide"},"content":{"rendered":"<p><strong>\u00bfQu\u00e9 es?<\/strong><strong><br \/>\n<\/strong>El chancroide es una ITS producida por una bacteria, el bacilo <em>Haemophilus ducreyi<\/em>. Es com\u00fan en pa\u00edses tropicales, aunque rara en otras partes del mundo. El chancroide es un factor de riesgo para contraer el virus del VIH.<\/p>\n<p><strong>\u00bfC\u00f3mo se trasmite?<\/strong><strong><br \/>\n<\/strong>Cualquier persona sexualmente activa puede infectarse con chancroide. Es m\u00e1s com\u00fan en los hombres que en las mujeres, especialmente en los hombres sin circuncisi\u00f3n. El chancroide se contagia a trav\u00e9s del contacto sexual con una persona infectada. Es m\u00e1s probable que las bacterias invadan los \u00f3rganos sexuales en el punto de una lesi\u00f3n preexistente, como una cortadura o raspadura peque\u00f1a. La probabilidad de contagio es mayor si la persona es muy activa sexualmente y no practica h\u00e1bitos de higiene personal.<\/p>\n<p><strong>\u00bfCu\u00e1les son los s\u00edntomas?<\/strong><strong><br \/>\n<\/strong>En general, los s\u00edntomas aparecen entre\u00a04 y\u00a07 d\u00edas despu\u00e9s de la exposici\u00f3n. La primera se\u00f1al de infecci\u00f3n es, generalmente, la aparici\u00f3n de una o m\u00e1s \u00falceras o bultos elevados en los \u00f3rganos genitales. Las \u00falceras est\u00e1n rodeadas por un borde rojo delgado que pronto se llena con pus y en alg\u00fan momento se rompe, dejando una herida abierta dolorosa.\u00a0 La \u00falcera puede estar en el pene, el ano, la vulva, la vagina, el \u00fatero, los muslos, las mama, los labios, etc. En el 50% de los casos sin tratamiento, las bacterias del chancroide infectan los ganglios linf\u00e1ticos de la ingle. En un plazo de 5 a 10 d\u00edas de la aparici\u00f3n de las \u00falceras primarias, las gl\u00e1ndulas de un lado (a veces ambos lados) de la ingle se inflaman, endurecen y provocan dolor. Surge una inflamaci\u00f3n redondeada y dolorosa que puede eventualmente reventarse.<\/p>\n<p>El chancroide es contagioso mientras la persona infectada tenga heridas abiertas. Las heridas abiertas contienen bacterias y cualquier contacto con dichas heridas puede causar la infecci\u00f3n.<\/p>\n<p>El chancroide sin tratar suele provocar \u00falceras en los genitales y f\u00edstulas en la uretra. A veces, las \u00falceras persisten durante semanas o meses y pueden llagar a requerir cirug\u00eda.<\/p>\n<p><strong>\u00bfCu\u00e1les son las pruebas para diagnosticar el chancroide?<br \/>\n<\/strong>El diagn\u00f3stico del chancroide se hace examinando la(s) \u00falcera(s) y verificando la presencia de ganglios linf\u00e1ticos inflamados, al igual que realizando un cultivo a partir una muestra de la base de las \u00falceras. No hay ex\u00e1menes de laboratorio para el chancroide como existen para la s\u00edfilis.<\/p>\n<p><strong>\u00bfC\u00f3mo se trata el chancroide?<\/strong><br \/>\nEl chancroide puede ser tratado en forma efectiva con ciertos antibi\u00f3ticos: azitromocina, ceftriaxona, ciprofloxacina y eritromicina. Las inflamaciones grandes de los ganglios linf\u00e1ticos requieren drenaje, ya sea con aguja o con cirug\u00eda local. Se espera que las lesiones y las \u00falceras sanen en el plazo de dos semanas.<\/p>\n<p>Una infecci\u00f3n anterior por chancroide no inmuniza a la persona. Una nueva infecci\u00f3n puede ocurrir inmediatamente despu\u00e9s de la cura. No existen evidencias de resistencia natural. Los chancroides en personas con VIH pueden tomar mucho m\u00e1s tiempo para sanar.<\/p>\n<p><strong>\u00bfC\u00f3mo puedo protegerme?<\/strong><\/p>\n<ul>\n<li>Limite la cantidad de compa\u00f1eros sexuales.<\/li>\n<li>Utilice cond\u00f3n.<\/li>\n<li>Lave sus genitales a fondo despu\u00e9s de las relaciones sexuales.<\/li>\n<li>Si usted piensa que pueda estar infectado(a), evite el contacto sexual y acuda a su cl\u00ednica local, a un hospital o visite a su m\u00e9dico.<\/li>\n<li>Notifique a todos sus contactos sexuales de inmediato para que puedan ser examinados y tratados.<\/li>\n<li>El hecho de tener relaciones sexuales \u00fanicamente con una pareja que se sepa que no tiene la enfermedad es el m\u00e9todo de <em>sexo seguro<\/em> m\u00e1s pr\u00e1ctico y confiable.<\/li>\n<\/ul>\n<p>Los condones brindan una protecci\u00f3n muy buena para evitar la propagaci\u00f3n de la mayor parte de las infecci\u00f3n de transmisi\u00f3n sexual, siempre y cuando se empleen de forma correcta y constante.<\/p>\n<p>&nbsp;<\/p>\n","protected":false},"excerpt":{"rendered":"<p>\u00bfQu\u00e9 es? El chancroide es una ITS producida por una bacteria, el bacilo Haemophilus ducreyi. Es com\u00fan en pa\u00edses tropicales, aunque rara en otras partes del mundo. El chancroide es un factor de riesgo para contraer el virus del VIH. \u00bfC\u00f3mo se trasmite? Cualquier persona sexualmente activa puede infectarse con chancroide. Es m\u00e1s com\u00fan en [&hellip;]<\/p>\n","protected":false},"author":123,"featured_media":0,"parent":0,"menu_order":0,"comment_status":"closed","ping_status":"closed","template":"","meta":[],"_links":{"self":[{"href":"https:\/\/blogs.sld.cu\/its\/wp-json\/wp\/v2\/pages\/67"}],"collection":[{"href":"https:\/\/blogs.sld.cu\/its\/wp-json\/wp\/v2\/pages"}],"about":[{"href":"https:\/\/blogs.sld.cu\/its\/wp-json\/wp\/v2\/types\/page"}],"author":[{"embeddable":true,"href":"https:\/\/blogs.sld.cu\/its\/wp-json\/wp\/v2\/users\/123"}],"replies":[{"embeddable":true,"href":"https:\/\/blogs.sld.cu\/its\/wp-json\/wp\/v2\/comments?post=67"}],"version-history":[{"count":2,"href":"https:\/\/blogs.sld.cu\/its\/wp-json\/wp\/v2\/pages\/67\/revisions"}],"predecessor-version":[{"id":109,"href":"https:\/\/blogs.sld.cu\/its\/wp-json\/wp\/v2\/pages\/67\/revisions\/109"}],"wp:attachment":[{"href":"https:\/\/blogs.sld.cu\/its\/wp-json\/wp\/v2\/media?parent=67"}],"curies":[{"name":"wp","href":"https:\/\/api.w.org\/{rel}","templated":true}]}}