{"id":69,"date":"2021-09-25T06:19:04","date_gmt":"2021-09-25T06:19:04","guid":{"rendered":"http:\/\/blogs.sld.cu\/vihsida\/?page_id=69"},"modified":"2021-09-25T23:08:59","modified_gmt":"2021-09-25T23:08:59","slug":"linfogranuloma-venereo","status":"publish","type":"page","link":"https:\/\/blogs.sld.cu\/its\/linfogranuloma-venereo\/","title":{"rendered":"Linfogranuloma ven\u00e9reo"},"content":{"rendered":"<p><strong>\u00bfQu\u00e9 es?<\/strong><br \/>\nEs una infecci\u00f3n de transmisi\u00f3n sexual (ITS) causada por tres subtipos diferentes de la bacteria Chlamydia trachomatis, L1, L2 y L3. Tambi\u00e9n se le conoce como LGV, linfogranuloma inguinal o linfopat\u00eda ven\u00e9rea.<\/p>\n<p><strong>\u00bfC\u00f3mo se trasmite?<\/strong><br \/>\nSe contrae a trav\u00e9s del contacto sexual. El principal factor de riesgo lo constituye el hecho de tener varios compa\u00f1eros sexuales y relaciones desprotegidas.<\/p>\n<p><strong>\u00bfCu\u00e1les son los s\u00edntomas?<\/strong><br \/>\nLos s\u00edntomas de LGV pueden comenzar desde unos cuantos d\u00edas hasta un mes despu\u00e9s de resultar infectado. El linfogranuloma ven\u00e9reo es m\u00e1s com\u00fan en Centroam\u00e9rica y Suram\u00e9rica que en Am\u00e9rica del Norte.<\/p>\n<p>La enfermedad comienza como una \u00falcera indolora en los \u00f3rganos genitales masculinos o en el tracto genital femenino. A medida que bacteria se disemina, los ganglios linf\u00e1ticos en el \u00e1rea se inflaman y se tornan sensibles. La piel alrededor del \u00e1rea a menudo es roja. Los ganglios linf\u00e1ticos inflamados (bubones) se rompen y drenan a trav\u00e9s de la piel.<\/p>\n<p>El sistema linf\u00e1tico filtra l\u00edquido proveniente de los alrededores de las c\u00e9lulas. \u00c9ste es parte importante del sistema inmunol\u00f3gico. Cuando las personas se refieren a gl\u00e1ndulas inflamadas en el cuello, por lo general, est\u00e1n hablando de los ganglios linf\u00e1ticos inflamados. Las \u00e1reas m\u00e1s comunes en donde los ganglios linf\u00e1ticos pueden palparse con facilidad, especialmente cuando se agrandan, son: la ingle, las axilas, por encima de la clav\u00edcula (\u00e1rea supraclavicular), en el cuello (\u00e1rea cervical) y en la parte posterior de la cabeza, por encima de la l\u00ednea del cabello (\u00e1rea occipital).<\/p>\n<p>En personas que practican relaciones sexuales anales, la enfermedad puede afectar los ganglios linf\u00e1ticos alrededor del recto (perirrectal). La infecci\u00f3n con frecuencia est\u00e1 asociada con deposiciones con sangre, defecaci\u00f3n dolorosa (tenesmo), diarrea y dolor abdominal bajo. Las mujeres pueden desarrollar f\u00edstulas (conexiones) entre la vagina y el recto.<\/p>\n<p><strong>En general, los s\u00edntomas m\u00e1s comunes son:<\/strong><\/p>\n<ul>\n<li>\u00dalcera peque\u00f1a e indolora en los \u00f3rganos genitales<\/li>\n<li>Hinchaz\u00f3n y enrojecimiento de la piel en el \u00e1rea inguinal<\/li>\n<li>Ganglios linf\u00e1ticos inguinales inflamados en uno o ambos lados<\/li>\n<li>Drenaje de los ganglios linf\u00e1ticos inguinales<\/li>\n<li>Flujo de pus o sangre por el recto (sangre en las heces)<\/li>\n<li>Dolor con las deposiciones (tenesmo)<\/li>\n<li>En ocasiones puede ser asintom\u00e1tico en la mujer. Pero tambi\u00e9n puede causarle salpingitis cr\u00f3nica y cervicitis.<\/li>\n<\/ul>\n<p>En el hombre, es la causa principal de uretritis no gonoc\u00f3cica.<\/p>\n<p><strong>\u00bfCu\u00e1les son las pruebas para diagnosticar el linfogranuloma ven\u00e9reo?<\/strong><br \/>\nLos ex\u00e1menes pueden abarcar:<\/p>\n<ul>\n<li>Biopsia del ganglio<\/li>\n<li>Inmunofluorescencia indirecta para clamidia<\/li>\n<li>Serolog\u00eda para LGV<\/li>\n<\/ul>\n<p>La historia m\u00e9dica y el examen f\u00edsico pueden mostrar:<\/p>\n<ul>\n<li>Antecedentes de contacto sexual con un individuo que tiene linfogranuloma ven\u00e9reo<\/li>\n<li>Una \u00falcera en los genitales de la persona afectada<\/li>\n<li>F\u00edstula perianal con drenaje<\/li>\n<li>Inflamaci\u00f3n de los ganglios linf\u00e1ticos inguinales (linfadenopat\u00eda inguinal)<\/li>\n<li>Drenaje de los ganglios linf\u00e1ticos inguinales<\/li>\n<\/ul>\n<p><strong>\u00bfC\u00f3mo se trata el linfogranuloma ven\u00e9reo?<\/strong><br \/>\nEl linfogranuloma ven\u00e9reo puede curarse mediante una terapia antibi\u00f3tica adecuada y entre los medicamentos m\u00e1s com\u00fanmente formulados se encuentran la tetraciclina, la doxiciclina y la eritromicina. Con tratamiento, el pron\u00f3stico es bueno. Cuando no se trata, o no se sigue adecuadamente, pueden ocurrir complicaciones como:<\/p>\n<ul>\n<li>Cicatrizaci\u00f3n y estrechez del recto<\/li>\n<li>Inflamaci\u00f3n e hinchaz\u00f3n de los genitales<\/li>\n<li>F\u00edstula rectovaginal (una abertura entre el recto y la vagina)<\/li>\n<li>Meningoencefalitis (inflamaci\u00f3n cerebral), la cual es poco frecuente<\/li>\n<\/ul>\n<p>Se debe buscar asistencia m\u00e9dica si se ha estado en contacto con alguien que pueda tener una enfermedad de transmisi\u00f3n sexual, incluyendo LGV, o si se desarrollan s\u00edntomas de esta enfermedad.<\/p>\n<p><strong>\u00bfC\u00f3mo puedo protegerme?<\/strong><br \/>\nLa abstinencia es la \u00fanica manera absoluta de prevenir una enfermedad de transmisi\u00f3n sexual, pero las pr\u00e1cticas de sexo seguro pueden reducir el riesgo. El uso apropiado de condones, ya sean masculinos o femeninos, reduce notablemente la probabilidad de contraer una enfermedad de transmisi\u00f3n sexual. El cond\u00f3n debe estar en su lugar desde el inicio de la relaci\u00f3n sexual hasta el final de la misma.<\/p>\n","protected":false},"excerpt":{"rendered":"<p>\u00bfQu\u00e9 es? Es una infecci\u00f3n de transmisi\u00f3n sexual (ITS) causada por tres subtipos diferentes de la bacteria Chlamydia trachomatis, L1, L2 y L3. Tambi\u00e9n se le conoce como LGV, linfogranuloma inguinal o linfopat\u00eda ven\u00e9rea. \u00bfC\u00f3mo se trasmite? Se contrae a trav\u00e9s del contacto sexual. El principal factor de riesgo lo constituye el hecho de tener [&hellip;]<\/p>\n","protected":false},"author":208,"featured_media":0,"parent":0,"menu_order":0,"comment_status":"closed","ping_status":"closed","template":"","meta":[],"_links":{"self":[{"href":"https:\/\/blogs.sld.cu\/its\/wp-json\/wp\/v2\/pages\/69"}],"collection":[{"href":"https:\/\/blogs.sld.cu\/its\/wp-json\/wp\/v2\/pages"}],"about":[{"href":"https:\/\/blogs.sld.cu\/its\/wp-json\/wp\/v2\/types\/page"}],"author":[{"embeddable":true,"href":"https:\/\/blogs.sld.cu\/its\/wp-json\/wp\/v2\/users\/208"}],"replies":[{"embeddable":true,"href":"https:\/\/blogs.sld.cu\/its\/wp-json\/wp\/v2\/comments?post=69"}],"version-history":[{"count":2,"href":"https:\/\/blogs.sld.cu\/its\/wp-json\/wp\/v2\/pages\/69\/revisions"}],"predecessor-version":[{"id":107,"href":"https:\/\/blogs.sld.cu\/its\/wp-json\/wp\/v2\/pages\/69\/revisions\/107"}],"wp:attachment":[{"href":"https:\/\/blogs.sld.cu\/its\/wp-json\/wp\/v2\/media?parent=69"}],"curies":[{"name":"wp","href":"https:\/\/api.w.org\/{rel}","templated":true}]}}