{"id":31,"date":"2021-04-09T07:22:30","date_gmt":"2021-04-09T07:22:30","guid":{"rendered":"http:\/\/blogs.sld.cu\/neumonia\/?page_id=31"},"modified":"2021-10-31T22:49:25","modified_gmt":"2021-10-31T22:49:25","slug":"preguntas-frecuentes","status":"publish","type":"page","link":"https:\/\/blogs.sld.cu\/neumonia\/preguntas-frecuentes\/","title":{"rendered":"Preguntas frecuentes sobre neumon\u00eda y sus variantes"},"content":{"rendered":"<p><strong>\u00bb \u00bfC\u00f3mo se cura la neumon\u00eda, si se puede originar de diversos microorganismos?<\/strong><\/p>\n<p><em>La neumon\u00eda se cura tratando la infecci\u00f3n y previniendo las complicaciones. Si la neumon\u00eda se adquiere en la comunidad, puede realizar tratamiento con antibi\u00f3ticos en el hogar. Si presenta cualquier signo de gravedad o factor de riesgo para complicaciones, el tratamiento se realiza en el hospital. Aun cuando los s\u00edntomas desaparecen en d\u00edas o semanas, algunas manifestaciones como sensaci\u00f3n de cansancio puede perdurar un mes o m\u00e1s.<\/em><\/p>\n<p><em>Se origina de diferentes microorganismos como las bacterias, virus y hongos. La causa m\u00e1s com\u00fan es por bacterias y puede desarrollarse por s\u00ed sola o despu\u00e9s de una infecci\u00f3n por virus como el de la gripe.<\/em><\/p>\n<p><strong>\u00bb \u00bfQu\u00e9 tipo de bacteria es m\u00e1s frecuente como causa de la neumon\u00eda?<\/strong><\/p>\n<p><em>La bacteria que con mayor frecuencia causa neumon\u00eda es el Strectococcus pneumoniae (Neumococo), sobre todo si es adquirida en la comunidad.<\/em><\/p>\n<p><strong>\u00bb \u00bfOtras bacterias tambi\u00e9n la pueden causar?<\/strong><\/p>\n<p><em>Diversos tipos de bacterias pueden causar neumon\u00eda. Seg\u00fan el lugar de adquisici\u00f3n en la comunidad o intrahospitalaria algunas bacterias ser\u00e1n m\u00e1s frecuentes que otras. Otras bacterias, adem\u00e1s del mencionado Streptococcus pneumoniae, son: Haemophilus influenzae, Sataphilococcus aureus, Klebsiella pneumoniae, Mycoplasmas pneumoniae, Legionella pneumophila, Chlamydia pneumoniae.<\/em><\/p>\n<p><strong>\u00bb \u00bfQu\u00e9 diferencia hay entre neumon\u00eda y pulmon\u00eda?<\/strong><\/p>\n<p><em>No existen diferencia entre neumon\u00eda y pulmon\u00eda, solo que el termino pulmon\u00eda est\u00e1 en desuso y se refiere a la neumon\u00eda que es el nombre utilizado en la actualidad.<\/em><\/p>\n<p><strong>\u00bb \u00bfC\u00f3mo saber si estoy mejorando de la neumon\u00eda?<\/strong><\/p>\n<p><em>Por lo general el enfermo de neumon\u00eda empieza a mejorar despu\u00e9s de 3 a 5 d\u00edas de tratamiento adecuado. Comienza a sentirse mejor, a tener menos tos, fiebre, fatiga, mejora el apetito y los par\u00e1metros de la anal\u00edtica sangu\u00ednea, y tambi\u00e9n hay mejor\u00eda de las alteraciones radiol\u00f3gicas iniciales en la radiograf\u00eda de t\u00f3rax.<\/em><\/p>\n","protected":false},"excerpt":{"rendered":"<p>\u00bb \u00bfC\u00f3mo se cura la neumon\u00eda, si se puede originar de diversos microorganismos? La neumon\u00eda se cura tratando la infecci\u00f3n y previniendo las complicaciones. Si la neumon\u00eda se adquiere en la comunidad, puede realizar tratamiento con antibi\u00f3ticos en el hogar. Si presenta cualquier signo de gravedad o factor de riesgo para complicaciones, el tratamiento se [&hellip;]<\/p>\n","protected":false},"author":208,"featured_media":0,"parent":0,"menu_order":0,"comment_status":"closed","ping_status":"open","template":"","meta":[],"_links":{"self":[{"href":"https:\/\/blogs.sld.cu\/neumonia\/wp-json\/wp\/v2\/pages\/31"}],"collection":[{"href":"https:\/\/blogs.sld.cu\/neumonia\/wp-json\/wp\/v2\/pages"}],"about":[{"href":"https:\/\/blogs.sld.cu\/neumonia\/wp-json\/wp\/v2\/types\/page"}],"author":[{"embeddable":true,"href":"https:\/\/blogs.sld.cu\/neumonia\/wp-json\/wp\/v2\/users\/208"}],"replies":[{"embeddable":true,"href":"https:\/\/blogs.sld.cu\/neumonia\/wp-json\/wp\/v2\/comments?post=31"}],"version-history":[{"count":11,"href":"https:\/\/blogs.sld.cu\/neumonia\/wp-json\/wp\/v2\/pages\/31\/revisions"}],"predecessor-version":[{"id":136,"href":"https:\/\/blogs.sld.cu\/neumonia\/wp-json\/wp\/v2\/pages\/31\/revisions\/136"}],"wp:attachment":[{"href":"https:\/\/blogs.sld.cu\/neumonia\/wp-json\/wp\/v2\/media?parent=31"}],"curies":[{"name":"wp","href":"https:\/\/api.w.org\/{rel}","templated":true}]}}