{"id":49,"date":"2021-04-22T22:56:21","date_gmt":"2021-04-22T22:56:21","guid":{"rendered":"http:\/\/blogs.sld.cu\/neumonia\/?page_id=49"},"modified":"2021-10-31T23:24:38","modified_gmt":"2021-10-31T23:24:38","slug":"tratamiento","status":"publish","type":"page","link":"https:\/\/blogs.sld.cu\/neumonia\/tratamiento\/","title":{"rendered":"Tratamiento"},"content":{"rendered":"<p>Para el tratamiento de la neumon\u00eda se tienen en cuenta los riesgos que tiene el paciente y si necesita internamiento o no por criterios establecidos.<\/p>\n<p>De manera general en la Neumon\u00eda adquirida en la comunidad se indica tratamiento de sost\u00e9n, reposo, aporte cal\u00f3rico e hidrataci\u00f3n adecuados, medidas antit\u00e9rmicas f\u00edsicas y farmacol\u00f3gicas, analg\u00e9sicos (medicamentos para el dolor) y antitus\u00edgenos (para la tos) si lo requiere el enfermo, vigilancia hemodin\u00e1mica, evoluci\u00f3n m\u00e9dica diaria, prescripci\u00f3n de fitof\u00e1rmacos (jarabes expectorantes) y los antimicrobianos espec\u00edficos seg\u00fan microorganismo aislado y su sensibilidad y la fisioterapia respiratoria.<\/p>\n<p>En caso de no completarse el diagn\u00f3stico microbiol\u00f3gico, se indicar\u00e1 tratamiento emp\u00edrico con antimicrobianos seg\u00fan los g\u00e9rmenes m\u00e1s frecuentes conocidos, las caracter\u00edsticas del enfermo, los riesgos que posee y la evoluci\u00f3n que ha tenido. Los antibiotioticos m\u00e1s utilizados son: Penicilina G procainica, amoxacillina o ampicillina, cefalexina, y\/o alternativas, azitromicina, claritromicina, eritromicina.<\/p>\n<p>En pacientes ingresados: penicilina cristalina, cefazolina, cefalexina,\u00a0 cefuroxima, ceftriaxona, cefotaxima, ceftazidima, cefepime, azitromicina, amoxicilina + sulbact\u00e1n, entre otros antibi\u00f3ticos.<span style=\"font-size: 12pt; font-family: verdana, geneva;\"><br \/>\n<\/span><\/p>\n<p>&nbsp;<\/p>\n","protected":false},"excerpt":{"rendered":"<p>Para el tratamiento de la neumon\u00eda se tienen en cuenta los riesgos que tiene el paciente y si necesita internamiento o no por criterios establecidos. De manera general en la Neumon\u00eda adquirida en la comunidad se indica tratamiento de sost\u00e9n, reposo, aporte cal\u00f3rico e hidrataci\u00f3n adecuados, medidas antit\u00e9rmicas f\u00edsicas y farmacol\u00f3gicas, analg\u00e9sicos (medicamentos para el [&hellip;]<\/p>\n","protected":false},"author":208,"featured_media":0,"parent":0,"menu_order":0,"comment_status":"closed","ping_status":"open","template":"","meta":[],"_links":{"self":[{"href":"https:\/\/blogs.sld.cu\/neumonia\/wp-json\/wp\/v2\/pages\/49"}],"collection":[{"href":"https:\/\/blogs.sld.cu\/neumonia\/wp-json\/wp\/v2\/pages"}],"about":[{"href":"https:\/\/blogs.sld.cu\/neumonia\/wp-json\/wp\/v2\/types\/page"}],"author":[{"embeddable":true,"href":"https:\/\/blogs.sld.cu\/neumonia\/wp-json\/wp\/v2\/users\/208"}],"replies":[{"embeddable":true,"href":"https:\/\/blogs.sld.cu\/neumonia\/wp-json\/wp\/v2\/comments?post=49"}],"version-history":[{"count":6,"href":"https:\/\/blogs.sld.cu\/neumonia\/wp-json\/wp\/v2\/pages\/49\/revisions"}],"predecessor-version":[{"id":155,"href":"https:\/\/blogs.sld.cu\/neumonia\/wp-json\/wp\/v2\/pages\/49\/revisions\/155"}],"wp:attachment":[{"href":"https:\/\/blogs.sld.cu\/neumonia\/wp-json\/wp\/v2\/media?parent=49"}],"curies":[{"name":"wp","href":"https:\/\/api.w.org\/{rel}","templated":true}]}}