{"id":32,"date":"2021-01-30T05:23:26","date_gmt":"2021-01-30T05:23:26","guid":{"rendered":"http:\/\/blogs.sld.cu\/ninosacudido\/?page_id=32"},"modified":"2021-12-15T19:31:01","modified_gmt":"2021-12-15T19:31:01","slug":"consejos-a-los-padres","status":"publish","type":"page","link":"https:\/\/blogs.sld.cu\/ninosacudido\/consejos-a-los-padres\/","title":{"rendered":"Consejos a los padres"},"content":{"rendered":"<p><a href=\"http:\/\/blogs.sld.cu\/ninosacudido\/files\/2021\/01\/miedo-estar-solos-500x334.jpg\"><img loading=\"lazy\" class=\"alignnone wp-image-56\" src=\"http:\/\/blogs.sld.cu\/ninosacudido\/files\/2021\/01\/miedo-estar-solos-500x334.jpg\" alt=\"miedo-estar-solos-500x334\" width=\"249\" height=\"246\" srcset=\"https:\/\/blogs.sld.cu\/ninosacudido\/files\/2021\/01\/miedo-estar-solos-500x334.jpg 292w, https:\/\/blogs.sld.cu\/ninosacudido\/files\/2021\/01\/miedo-estar-solos-500x334-250x247.jpg 250w\" sizes=\"(max-width: 249px) 100vw, 249px\" \/><\/a><\/p>\n<p><strong>\u2018\u00bf<\/strong><strong>Por qu\u00e9 lloran los ni\u00f1os?\u00a0 <\/strong><\/p>\n<p>Debemos de tener en cuenta que los ni\u00f1os que a\u00fan no hablan, llorar es la forma de comunicarse. Es verdad que el llanto del ni\u00f1o, es angustiante, y a veces nos desespera, pero ten en cuenta que el no llora por gusto, es la forma de decirte algo, por lo que debes saber interpretar su llanto. Los ni\u00f1os hasta cerca de los 5 o 6 a\u00f1os, les gusta y necesitan, estar acompa\u00f1ados, por lo que a veces reclaman compa\u00f1\u00eda. Cuando el ni\u00f1o llora y levanta sus dos bracitos, te esta pidiendo que lo cargues. C\u00e1rgalo y p\u00e1sale tu mano por la espalda, ver\u00e1s que eso lo calma y hasta se puede que se duerma. Si le gritas y te desesperas, lo est\u00e1s ense\u00f1ando a ser un grit\u00f3n, y eso no le gusta a nadie.<\/p>\n<p>Si llora y se restriega los ojos con sus manitas, es que tiene sue\u00f1o, has lo mismo, pues posiblemente lo has acostumbrado a dormirlo cargado. Si llora e instintivamente se lleva las manitos al est\u00f3mago, es que tiene c\u00f3licos, y debes sacarle los gases, d\u00e1ndole palmaditas o pasando la mano por la espalda. Un llanto que es muy angustiante es el de dolor de o\u00eddos, el ni\u00f1o, se toca la cabeza y se muerde las manitas, e incluso si lo tienes cargado te muerde el hombro. Recuerda que est\u00e1 experimentando algo nuevo y muy doloroso, en esos casos hay que llevarlo al m\u00e9dico.<\/p>\n<p>Cuando llora por hambre, tambi\u00e9n se pasa la mano cerrada por la boca.<\/p>\n<p>Nunca dejes a tu ni\u00f1o llorando, siempre debes calmarlo. El ni\u00f1o no nace sabiendo todo. Somos nosotros los que lo ense\u00f1amos a ser un llor\u00f3n\/a. Incluso el llanto cuando no es resuelto, es la antesala de las perretas o rabietas, ya que estas son producto de \u00a0 la desesperaci\u00f3n y la impotencia porque no le hacen caso. Todos no tenemos el mismo car\u00e1cter, hay personas m\u00e1s fuertes de car\u00e1cter que otras, y desde ni\u00f1os lo manifiestan.<\/p>\n<p><a href=\"https:\/\/blogs.sld.cu\/ninosacudido\/por-que-llora-un-bebe-y-como-calmarlo\/\" target=\"_blank\" rel=\"noopener\"><strong>\u00bfC\u00f2mo calmar\u00a0 a un beb\u00e8 o ni\u00f1o peque\u00f1o que llora?<\/strong><\/a><\/p>\n","protected":false},"excerpt":{"rendered":"<p>\u2018\u00bfPor qu\u00e9 lloran los ni\u00f1os?\u00a0 Debemos de tener en cuenta que los ni\u00f1os que a\u00fan no hablan, llorar es la forma de comunicarse. Es verdad que el llanto del ni\u00f1o, es angustiante, y a veces nos desespera, pero ten en cuenta que el no llora por gusto, es la forma de decirte algo, por lo [&hellip;]<\/p>\n","protected":false},"author":208,"featured_media":0,"parent":0,"menu_order":0,"comment_status":"closed","ping_status":"closed","template":"","meta":[],"_links":{"self":[{"href":"https:\/\/blogs.sld.cu\/ninosacudido\/wp-json\/wp\/v2\/pages\/32"}],"collection":[{"href":"https:\/\/blogs.sld.cu\/ninosacudido\/wp-json\/wp\/v2\/pages"}],"about":[{"href":"https:\/\/blogs.sld.cu\/ninosacudido\/wp-json\/wp\/v2\/types\/page"}],"author":[{"embeddable":true,"href":"https:\/\/blogs.sld.cu\/ninosacudido\/wp-json\/wp\/v2\/users\/208"}],"replies":[{"embeddable":true,"href":"https:\/\/blogs.sld.cu\/ninosacudido\/wp-json\/wp\/v2\/comments?post=32"}],"version-history":[{"count":7,"href":"https:\/\/blogs.sld.cu\/ninosacudido\/wp-json\/wp\/v2\/pages\/32\/revisions"}],"predecessor-version":[{"id":109,"href":"https:\/\/blogs.sld.cu\/ninosacudido\/wp-json\/wp\/v2\/pages\/32\/revisions\/109"}],"wp:attachment":[{"href":"https:\/\/blogs.sld.cu\/ninosacudido\/wp-json\/wp\/v2\/media?parent=32"}],"curies":[{"name":"wp","href":"https:\/\/api.w.org\/{rel}","templated":true}]}}