{"id":101,"date":"2020-12-07T00:01:18","date_gmt":"2020-12-07T00:01:18","guid":{"rendered":"http:\/\/blogs.sld.cu\/parkinson\/?page_id=101"},"modified":"2021-03-06T05:53:30","modified_gmt":"2021-03-06T05:53:30","slug":"recursos-de-informacion","status":"publish","type":"page","link":"https:\/\/blogs.sld.cu\/parkinson\/recursos-de-informacion\/","title":{"rendered":"Recursos de Informaci\u00f3n"},"content":{"rendered":"<p><span style=\"font-size: 12pt\"><strong>Entrevistas a expertos, sitios de la enfermedad, art\u00edculos de inter\u00e9s<\/strong><\/span><\/p>\n<p><span style=\"font-family: verdana, geneva;font-size: 12pt\"><a href=\"https:\/\/www.merckmanuals.com\/es-us\/professional\/trastornos-neurol%C3%B3gicos\/trastornos-del-movimiento-y-cerebelosos\/enfermedad-de-parkinson\" target=\"_blank\">Manual Merck. Enfermedad de Parkinson<\/a><\/span><\/p>\n<p><span style=\"font-family: verdana, geneva;font-size: 12pt\"><span style=\"text-decoration: underline\">Enfermedad de Parkinson &#8211; S\u00edntomas y causas &#8211; Mayo Clinic<\/span><\/span><\/p>\n<p><span style=\"font-family: verdana, geneva;font-size: 12pt\"><span style=\"text-decoration: underline\"><a href=\"https:\/\/www.google.com.cu\/url?sa=t&amp;rct=j&amp;q=&amp;esrc=s&amp;source=web&amp;cd=&amp;cad=rja&amp;uact=8&amp;ved=2ahUKEwjW_ou23rrtAhWotlkKHXjqD-wQFjANegQIGBAC&amp;url=https%3A%2F%2Fwww.parkinsonmadrid.org%2Fel-parkinson%2Fel-parkinson-definicion%2F&amp;usg=AOvVaw2AjgbTqvHwaOR54IHUM2L4\">Definici\u00f3n de la enfermedad de Parkinson \u2013 Asociaci\u00f3n &#8230;<\/a><\/span><\/span><\/p>\n<p><span style=\"font-family: verdana, geneva;font-size: 12pt\"><span style=\"text-decoration: underline\"><a href=\"https:\/\/www.google.com.cu\/url?sa=t&amp;rct=j&amp;q=&amp;esrc=s&amp;source=web&amp;cd=&amp;cad=rja&amp;uact=8&amp;ved=2ahUKEwjW_ou23rrtAhWotlkKHXjqD-wQFjAKegQIIBAC&amp;url=http%3A%2F%2Fwww.sld.cu%2Fgalerias%2Fpdf%2Fsitios%2Frehabilitacion%2Fenfermedad_de_parkinson.pdf&amp;usg=AOvVaw0cbAJJUuyA3LcmsWM3p0Fe\">ENFERMEDAD DE PARKINSON Gu\u00eda terap\u00e9utica de la &#8230;<\/a><\/span><\/span><\/p>\n<p><span style=\"font-family: verdana, geneva;font-size: 12pt\"><span style=\"text-decoration: underline\"><a href=\"https:\/\/www.google.com.cu\/url?sa=t&amp;rct=j&amp;q=&amp;esrc=s&amp;source=web&amp;cd=&amp;cad=rja&amp;uact=8&amp;ved=2ahUKEwjW_ou23rrtAhWotlkKHXjqD-wQFjARegQIFxAC&amp;url=https%3A%2F%2Fwww.elsevier.es%2Fes-revista-revista-medica-clinica-las-condes-202-articulo-actualizacion-en-la-enfermedad-de-S0716864016300372&amp;usg=AOvVaw2039khkjbCIouM7ZH_Em8T\">ACTUALIZACI\u00d3N EN LA ENFERMEDAD DE PARKINSON &#8230;<\/a><\/span><\/span><\/p>\n<p><span style=\"font-family: verdana, geneva;font-size: 12pt\"><span style=\"text-decoration: underline\"><a href=\"https:\/\/www.google.com.cu\/url?sa=t&amp;rct=j&amp;q=&amp;esrc=s&amp;source=web&amp;cd=&amp;cad=rja&amp;uact=8&amp;ved=2ahUKEwjW_ou23rrtAhWotlkKHXjqD-wQFjAQegQIGRAC&amp;url=https%3A%2F%2Fwww.parkinson.org%2Fespanol%2F10signos&amp;usg=AOvVaw0B4jdrsycvyyEUswpW8XiG\">10 Signos de Alerta Temprana | Parkinson&#8217;s Foundation<\/a><\/span><\/span><\/p>\n<p><span style=\"font-family: verdana, geneva;font-size: 12pt\"><a href=\"https:\/\/www.google.com.cu\/url?sa=t&amp;rct=j&amp;q=&amp;esrc=s&amp;source=web&amp;cd=&amp;cad=rja&amp;uact=8&amp;ved=2ahUKEwjW_ou23rrtAhWotlkKHXjqD-wQFjAAegQIAhAC&amp;url=https%3A%2F%2Fwww.mayoclinic.org%2Fes-es%2Fdiseases-conditions%2Fparkinsons-disease%2Fsymptoms-causes%2Fsyc-20376055&amp;usg=AOvVaw0L85jswQUj_OYulMQG-FEE\"><span style=\"text-decoration: underline\">Enfermedad de Parkinson &#8211; Wikipedia, la enciclopedia libre<\/span><\/a><\/span><\/p>\n<p><span style=\"font-family: verdana, geneva;font-size: 12pt\"><span style=\"text-decoration: underline\"><a href=\"https:\/\/www.google.com.cu\/url?sa=t&amp;rct=j&amp;q=&amp;esrc=s&amp;source=web&amp;cd=&amp;ved=2ahUKEwjW_ou23rrtAhWotlkKHXjqD-wQFjAPegQIFhAC&amp;url=https%3A%2F%2Fwww.msdmanuals.com%2Fes%2Fhogar%2Fenfermedades-cerebrales%2C-medulares-y-nerviosas%2Ftrastornos-del-movimiento%2Fenfermedad-de-parkinson&amp;usg=AOvVaw3E8h0yK03r3Zj9Wr2At3aX\">Enfermedad de Parkinson &#8211; Enfermedades cerebrales <\/a><\/span><\/span><\/p>\n<p><span style=\"font-family: verdana, geneva;font-size: 12pt\"><span style=\"text-decoration: underline\"><a href=\"https:\/\/www.google.com.cu\/url?sa=t&amp;rct=j&amp;q=&amp;esrc=s&amp;source=web&amp;cd=&amp;ved=2ahUKEwjW_ou23rrtAhWotlkKHXjqD-wQFjAOegQIGhAC&amp;url=https%3A%2F%2Fwww.msdmanuals.com%2Fes%2Fprofessional%2Ftrastornos-neurol%25C3%25B3gicos%2Ftrastornos-del-movimiento-y-cerebelosos%2Fenfermedad-de-parkinson&amp;usg=AOvVaw2_onejmZm7e_6Wz5XX1RXB\">Enfermedad de Parkinson &#8211; Trastornos neurol\u00f3gicos &#8211; Manual &#8230;<\/a><\/span><\/span><\/p>\n<p><span style=\"font-family: verdana, geneva;font-size: 12pt\">\u00a0<\/span><\/p>\n","protected":false},"excerpt":{"rendered":"<p>Entrevistas a expertos, sitios de la enfermedad, art\u00edculos de inter\u00e9s Manual Merck. Enfermedad de Parkinson Enfermedad de Parkinson &#8211; S\u00edntomas y causas &#8211; Mayo Clinic Definici\u00f3n de la enfermedad de Parkinson \u2013 Asociaci\u00f3n &#8230; ENFERMEDAD DE PARKINSON Gu\u00eda terap\u00e9utica de la &#8230; ACTUALIZACI\u00d3N EN LA ENFERMEDAD DE PARKINSON &#8230; 10 Signos de Alerta Temprana | [&hellip;]<\/p>\n","protected":false},"author":208,"featured_media":0,"parent":0,"menu_order":0,"comment_status":"closed","ping_status":"open","template":"","meta":[],"_links":{"self":[{"href":"https:\/\/blogs.sld.cu\/parkinson\/wp-json\/wp\/v2\/pages\/101"}],"collection":[{"href":"https:\/\/blogs.sld.cu\/parkinson\/wp-json\/wp\/v2\/pages"}],"about":[{"href":"https:\/\/blogs.sld.cu\/parkinson\/wp-json\/wp\/v2\/types\/page"}],"author":[{"embeddable":true,"href":"https:\/\/blogs.sld.cu\/parkinson\/wp-json\/wp\/v2\/users\/208"}],"replies":[{"embeddable":true,"href":"https:\/\/blogs.sld.cu\/parkinson\/wp-json\/wp\/v2\/comments?post=101"}],"version-history":[{"count":9,"href":"https:\/\/blogs.sld.cu\/parkinson\/wp-json\/wp\/v2\/pages\/101\/revisions"}],"predecessor-version":[{"id":268,"href":"https:\/\/blogs.sld.cu\/parkinson\/wp-json\/wp\/v2\/pages\/101\/revisions\/268"}],"wp:attachment":[{"href":"https:\/\/blogs.sld.cu\/parkinson\/wp-json\/wp\/v2\/media?parent=101"}],"curies":[{"name":"wp","href":"https:\/\/api.w.org\/{rel}","templated":true}]}}

Recursos de Información

<p><span style="font-size: 12pt"><strong>Entrevistas a expertos, sitios de la enfermedad, artículos de interés</strong></span></p>
<p><span style="font-family: verdana, geneva;font-size: 12pt"><a href="https://www.merckmanuals.com/es-us/professional/trastornos-neurol%C3%B3gicos/trastornos-del-movimiento-y-cerebelosos/enfermedad-de-parkinson" target="_blank">Manual Merck. Enfermedad de Parkinson</a></span></p>
<p><span style="font-family: verdana, geneva;font-size: 12pt"><span style="text-decoration: underline">Enfermedad de Parkinson &#8211; Síntomas y causas &#8211; Mayo Clinic</span></span></p>
<p><span style="font-family: verdana, geneva;font-size: 12pt"><span style="text-decoration: underline"><a href="https://www.google.com.cu/url?sa=t&amp;rct=j&amp;q=&amp;esrc=s&amp;source=web&amp;cd=&amp;cad=rja&amp;uact=8&amp;ved=2ahUKEwjW_ou23rrtAhWotlkKHXjqD-wQFjANegQIGBAC&amp;url=https%3A%2F%2Fwww.parkinsonmadrid.org%2Fel-parkinson%2Fel-parkinson-definicion%2F&amp;usg=AOvVaw2AjgbTqvHwaOR54IHUM2L4">Definición de la enfermedad de Parkinson – Asociación &#8230;</a></span></span></p>
<p><span style="font-family: verdana, geneva;font-size: 12pt"><span style="text-decoration: underline"><a href="https://www.google.com.cu/url?sa=t&amp;rct=j&amp;q=&amp;esrc=s&amp;source=web&amp;cd=&amp;cad=rja&amp;uact=8&amp;ved=2ahUKEwjW_ou23rrtAhWotlkKHXjqD-wQFjAKegQIIBAC&amp;url=http%3A%2F%2Fwww.sld.cu%2Fgalerias%2Fpdf%2Fsitios%2Frehabilitacion%2Fenfermedad_de_parkinson.pdf&amp;usg=AOvVaw0cbAJJUuyA3LcmsWM3p0Fe">ENFERMEDAD DE PARKINSON Guía terapéutica de la &#8230;</a></span></span></p>
<p><span style="font-family: verdana, geneva;font-size: 12pt"><span style="text-decoration: underline"><a href="https://www.google.com.cu/url?sa=t&amp;rct=j&amp;q=&amp;esrc=s&amp;source=web&amp;cd=&amp;cad=rja&amp;uact=8&amp;ved=2ahUKEwjW_ou23rrtAhWotlkKHXjqD-wQFjARegQIFxAC&amp;url=https%3A%2F%2Fwww.elsevier.es%2Fes-revista-revista-medica-clinica-las-condes-202-articulo-actualizacion-en-la-enfermedad-de-S0716864016300372&amp;usg=AOvVaw2039khkjbCIouM7ZH_Em8T">ACTUALIZACIÓN EN LA ENFERMEDAD DE PARKINSON &#8230;</a></span></span></p>
<p><span style="font-family: verdana, geneva;font-size: 12pt"><span style="text-decoration: underline"><a href="https://www.google.com.cu/url?sa=t&amp;rct=j&amp;q=&amp;esrc=s&amp;source=web&amp;cd=&amp;cad=rja&amp;uact=8&amp;ved=2ahUKEwjW_ou23rrtAhWotlkKHXjqD-wQFjAQegQIGRAC&amp;url=https%3A%2F%2Fwww.parkinson.org%2Fespanol%2F10signos&amp;usg=AOvVaw0B4jdrsycvyyEUswpW8XiG">10 Signos de Alerta Temprana | Parkinson&#8217;s Foundation</a></span></span></p>
<p><span style="font-family: verdana, geneva;font-size: 12pt"><a href="https://www.google.com.cu/url?sa=t&amp;rct=j&amp;q=&amp;esrc=s&amp;source=web&amp;cd=&amp;cad=rja&amp;uact=8&amp;ved=2ahUKEwjW_ou23rrtAhWotlkKHXjqD-wQFjAAegQIAhAC&amp;url=https%3A%2F%2Fwww.mayoclinic.org%2Fes-es%2Fdiseases-conditions%2Fparkinsons-disease%2Fsymptoms-causes%2Fsyc-20376055&amp;usg=AOvVaw0L85jswQUj_OYulMQG-FEE"><span style="text-decoration: underline">Enfermedad de Parkinson &#8211; Wikipedia, la enciclopedia libre</span></a></span></p>
<p><span style="font-family: verdana, geneva;font-size: 12pt"><span style="text-decoration: underline"><a href="https://www.google.com.cu/url?sa=t&amp;rct=j&amp;q=&amp;esrc=s&amp;source=web&amp;cd=&amp;ved=2ahUKEwjW_ou23rrtAhWotlkKHXjqD-wQFjAPegQIFhAC&amp;url=https%3A%2F%2Fwww.msdmanuals.com%2Fes%2Fhogar%2Fenfermedades-cerebrales%2C-medulares-y-nerviosas%2Ftrastornos-del-movimiento%2Fenfermedad-de-parkinson&amp;usg=AOvVaw3E8h0yK03r3Zj9Wr2At3aX">Enfermedad de Parkinson &#8211; Enfermedades cerebrales </a></span></span></p>
<p><span style="font-family: verdana, geneva;font-size: 12pt"><span style="text-decoration: underline"><a href="https://www.google.com.cu/url?sa=t&amp;rct=j&amp;q=&amp;esrc=s&amp;source=web&amp;cd=&amp;ved=2ahUKEwjW_ou23rrtAhWotlkKHXjqD-wQFjAOegQIGhAC&amp;url=https%3A%2F%2Fwww.msdmanuals.com%2Fes%2Fprofessional%2Ftrastornos-neurol%25C3%25B3gicos%2Ftrastornos-del-movimiento-y-cerebelosos%2Fenfermedad-de-parkinson&amp;usg=AOvVaw2_onejmZm7e_6Wz5XX1RXB">Enfermedad de Parkinson &#8211; Trastornos neurológicos &#8211; Manual &#8230;</a></span></span></p>
<p><span style="font-family: verdana, geneva;font-size: 12pt"> </span></p>

<p>Entrevistas a expertos, sitios de la enfermedad, artículos de interés Manual Merck. Enfermedad de Parkinson Enfermedad de Parkinson &#8211; Síntomas y causas &#8211; Mayo Clinic Definición de la enfermedad de Parkinson – Asociación &#8230; ENFERMEDAD DE PARKINSON Guía terapéutica de la &#8230; ACTUALIZACIÓN EN LA ENFERMEDAD DE PARKINSON &#8230; 10 Signos de Alerta Temprana | [&hellip;]</p>
