{"id":11,"date":"2020-08-06T04:00:46","date_gmt":"2020-08-06T04:00:46","guid":{"rendered":"http:\/\/blogs.sld.cu\/parkinson\/?page_id=11"},"modified":"2021-03-10T00:00:20","modified_gmt":"2021-03-10T00:00:20","slug":"acerca-de","status":"publish","type":"page","link":"https:\/\/blogs.sld.cu\/parkinson\/acerca-de\/","title":{"rendered":"Acerca de"},"content":{"rendered":"<p><span style=\"font-size: 12pt\"><a href=\"http:\/\/blogs.sld.cu\/parkinson\/files\/2020\/08\/parkinenfermo.jpg\"><img loading=\"lazy\" class=\"alignnone wp-image-194 size-full\" src=\"http:\/\/blogs.sld.cu\/parkinson\/files\/2020\/08\/parkinenfermo.jpg\" alt=\"Sir William Richard Gowers Parkinson Disease sketch 1886\" width=\"363\" height=\"438\" srcset=\"https:\/\/blogs.sld.cu\/parkinson\/files\/2020\/08\/parkinenfermo.jpg 363w, https:\/\/blogs.sld.cu\/parkinson\/files\/2020\/08\/parkinenfermo-249x300.jpg 249w, https:\/\/blogs.sld.cu\/parkinson\/files\/2020\/08\/parkinenfermo-250x302.jpg 250w\" sizes=\"(max-width: 363px) 100vw, 363px\" \/><\/a><\/span><\/p>\n<div><span style=\"font-family: verdana, geneva;font-size: 10pt\">Ilustraci\u00f3n de la enfermedad de Parkinson por <strong>Sir William Richard Gowers,<\/strong> publicada por primera vez en &#8220;A Manual of Diseases of the Nervous System&#8221; (Manual de Enfermedades del Sistema Nervioso (1886) Enfermedad de Parkinson<\/span><\/div>\n<p><span style=\"font-family: verdana, geneva;font-size: 12pt\">La <strong>enfermedad de Parkinson<\/strong> es una enfermedad neurodegenerativa del sistema nervioso central, en el \u00e1rea encargada de coordinar la actividad, el tono muscular y los movimientos. Ocurre cuando las c\u00e9lulas nerviosas (neuronas) no producen suficiente cantidad de una sustancia qu\u00edmica neurotransmisora, denominada <strong>dopamina<\/strong>, muy importante para el cerebro y sus funciones. El \u00e1rea cerebral que se ve m\u00e1s afectada por la p\u00e9rdida de neuronas, est\u00e1 localizada cerca de la base del cerebro y se le denomina <strong>sustancia negra<\/strong>.<\/span><\/p>\n<p><span style=\"font-family: verdana, geneva;font-size: 12pt\">El nombre de la enfermedad, se debe a James Parkinson (1755- 1824) que fue un m\u00e9dico cl\u00ednico, soci\u00f3logo, ge\u00f3logo, bot\u00e1nico y paleont\u00f3logo nacido en Inglaterra, que la describi\u00f3 y la denomin\u00f3 \u201cpar\u00e1lisis agitante\u201d.<\/span><\/p>\n<p><span style=\"font-family: verdana, geneva;font-size: 12pt\">Esta enfermedad es la causa m\u00e1s frecuente de parkinsonismo. Su incidencia oscila normalmente entre 10 y 20 casos por 100,000 personas\/a\u00f1o, y su prevalencia suele estar comprendida entre 100 y 200 casos por 100,000 personas. Afecta normalmente con m\u00e1s frecuencia a los hombres que a las mujeres, explic\u00e1ndose con diversas hip\u00f3tesis: la exposici\u00f3n laboral m\u00e1s frecuente de los varones, la acci\u00f3n neuro protectora de los estr\u00f3genos femeninos o un factor gen\u00e9tico vinculado al cromosoma X. Existe en todas las razas y todos los continentes, con ligeras variaciones.<\/span><\/p>\n<p><span style=\"font-family: verdana, geneva;font-size: 12pt\">Nuestras p\u00e1ginas tienen como objetivo explicar y orientar a la poblaci\u00f3n acerca de esta enfermedad, para mejor conocimiento de los familiares de las personas afectadas, logrando de esa forma un mejor control y comprensi\u00f3n de los pacientes.<\/span><\/p>\n<p>&nbsp;<\/p>\n<p>&nbsp;<\/p>\n","protected":false},"excerpt":{"rendered":"<p>Ilustraci\u00f3n de la enfermedad de Parkinson por Sir William Richard Gowers, publicada por primera vez en &#8220;A Manual of Diseases of the Nervous System&#8221; (Manual de Enfermedades del Sistema Nervioso (1886) Enfermedad de Parkinson La enfermedad de Parkinson es una enfermedad neurodegenerativa del sistema nervioso central, en el \u00e1rea encargada de coordinar la actividad, el [&hellip;]<\/p>\n","protected":false},"author":208,"featured_media":0,"parent":0,"menu_order":0,"comment_status":"closed","ping_status":"closed","template":"","meta":[],"_links":{"self":[{"href":"https:\/\/blogs.sld.cu\/parkinson\/wp-json\/wp\/v2\/pages\/11"}],"collection":[{"href":"https:\/\/blogs.sld.cu\/parkinson\/wp-json\/wp\/v2\/pages"}],"about":[{"href":"https:\/\/blogs.sld.cu\/parkinson\/wp-json\/wp\/v2\/types\/page"}],"author":[{"embeddable":true,"href":"https:\/\/blogs.sld.cu\/parkinson\/wp-json\/wp\/v2\/users\/208"}],"replies":[{"embeddable":true,"href":"https:\/\/blogs.sld.cu\/parkinson\/wp-json\/wp\/v2\/comments?post=11"}],"version-history":[{"count":17,"href":"https:\/\/blogs.sld.cu\/parkinson\/wp-json\/wp\/v2\/pages\/11\/revisions"}],"predecessor-version":[{"id":262,"href":"https:\/\/blogs.sld.cu\/parkinson\/wp-json\/wp\/v2\/pages\/11\/revisions\/262"}],"wp:attachment":[{"href":"https:\/\/blogs.sld.cu\/parkinson\/wp-json\/wp\/v2\/media?parent=11"}],"curies":[{"name":"wp","href":"https:\/\/api.w.org\/{rel}","templated":true}]}}