{"id":138,"date":"2021-01-07T07:09:03","date_gmt":"2021-01-07T07:09:03","guid":{"rendered":"http:\/\/blogs.sld.cu\/parkinson\/?page_id=138"},"modified":"2021-03-06T05:54:34","modified_gmt":"2021-03-06T05:54:34","slug":"sintomas-cardinales-de-la-enfermedad-de-parkinson","status":"publish","type":"page","link":"https:\/\/blogs.sld.cu\/parkinson\/sintomas-cardinales-de-la-enfermedad-de-parkinson\/","title":{"rendered":"S\u00edntomas cardinales de la enfermedad de Parkinson"},"content":{"rendered":"<p><a href=\"http:\/\/blogs.sld.cu\/parkinson\/files\/2021\/01\/content_1_morbo-Parkinson-Infografica.png\"><img loading=\"lazy\" class=\"alignnone  wp-image-196\" src=\"http:\/\/blogs.sld.cu\/parkinson\/files\/2021\/01\/content_1_morbo-Parkinson-Infografica.png\" alt=\"content_1_morbo-Parkinson-Infografica\" width=\"442\" height=\"442\" srcset=\"https:\/\/blogs.sld.cu\/parkinson\/files\/2021\/01\/content_1_morbo-Parkinson-Infografica.png 600w, https:\/\/blogs.sld.cu\/parkinson\/files\/2021\/01\/content_1_morbo-Parkinson-Infografica-150x150.png 150w, https:\/\/blogs.sld.cu\/parkinson\/files\/2021\/01\/content_1_morbo-Parkinson-Infografica-300x300.png 300w, https:\/\/blogs.sld.cu\/parkinson\/files\/2021\/01\/content_1_morbo-Parkinson-Infografica-250x250.png 250w\" sizes=\"(max-width: 442px) 100vw, 442px\" \/><\/a><\/p>\n<p><span style=\"font-family: verdana, geneva;font-size: 10pt\">Tomado de Dove comemicuro (Traducido al espa\u00f1ol)<\/span><\/p>\n<p><span style=\"font-size: 12pt;font-family: verdana, geneva\">Los signos cardinales de la enfermedad de Parkinson son: temblor, bradicinesia, rigidez y alteraci\u00f3n de los reflejos posturales. Son fundamentales para el diagn\u00f3stico de la enfermedad, debido a que est\u00e1n basados todav\u00eda en los s\u00edntomas cl\u00ednicos de la enfermedad.<\/span><\/p>\n<ul>\n<li><span style=\"font-size: 12pt;font-family: verdana, geneva\"><strong>El temblor<\/strong> es frecuente. En su inicio, suele comenzar de forma asim\u00e9trica, y habitualmente disminuye o desaparece con los movimientos voluntarios. Aumenta con el estr\u00e9s, la actividad mental o durante la marcha de los pacientes.<\/span><\/li>\n<li><span style=\"font-size: 12pt;font-family: verdana, geneva\"><strong>la bradicinesia<\/strong>, es el s\u00edntoma m\u00e1s incapacitante de todos y el signo principal para el diagn\u00f3stico de la enfermedad. Su presencia produce lentitud de movimiento, con alteraci\u00f3n de los movimientos finos para realizar tareas precisas, dificultad para tragar, facies hipom\u00edmica, habla hipof\u00f3nica y marcha lenta a peque\u00f1os pasos, con disminuci\u00f3n del braceo.<\/span><\/li>\n<li><span style=\"font-size: 12pt;font-family: verdana, geneva\"><strong>la rigidez<\/strong> es el tercer signo cardinal de la enfermedad es, que se caracteriza por la resistencia al desplazamiento pasivo de una parte del cuerpo. Es uniforme desde el principio hasta el final de un movimiento pasivo.<\/span><\/li>\n<li><span style=\"font-size: 12pt;font-family: verdana, geneva\"><strong>La alteraci\u00f3n de los reflejos posturales,<\/strong> aunque incluida cl\u00e1sicamente dentro de los signos cardinales, en la actualidad, no se considera una caracter\u00edstica cl\u00ednica de la enfermedad en los estadios iniciales, ya que aparece en fases m\u00e1s avanzadas<\/span><\/li>\n<\/ul>\n<p><span style=\"font-size: 12pt;font-family: verdana, geneva\"><strong><a title=\"Manifestaciones no motoras m\u00e1s caracter\u00edsticas\" href=\"http:\/\/blogs.sld.cu\/parkinson\/manifestaciones-no-motoras-mas-caracteristicas\/\">Manifestaciones no motoras m\u00e1s caracter\u00edsticas<\/a><\/strong><\/span><\/p>\n","protected":false},"excerpt":{"rendered":"<p>Tomado de Dove comemicuro (Traducido al espa\u00f1ol) Los signos cardinales de la enfermedad de Parkinson son: temblor, bradicinesia, rigidez y alteraci\u00f3n de los reflejos posturales. Son fundamentales para el diagn\u00f3stico de la enfermedad, debido a que est\u00e1n basados todav\u00eda en los s\u00edntomas cl\u00ednicos de la enfermedad. El temblor es frecuente. En su inicio, suele comenzar [&hellip;]<\/p>\n","protected":false},"author":208,"featured_media":0,"parent":0,"menu_order":0,"comment_status":"closed","ping_status":"closed","template":"","meta":[],"_links":{"self":[{"href":"https:\/\/blogs.sld.cu\/parkinson\/wp-json\/wp\/v2\/pages\/138"}],"collection":[{"href":"https:\/\/blogs.sld.cu\/parkinson\/wp-json\/wp\/v2\/pages"}],"about":[{"href":"https:\/\/blogs.sld.cu\/parkinson\/wp-json\/wp\/v2\/types\/page"}],"author":[{"embeddable":true,"href":"https:\/\/blogs.sld.cu\/parkinson\/wp-json\/wp\/v2\/users\/208"}],"replies":[{"embeddable":true,"href":"https:\/\/blogs.sld.cu\/parkinson\/wp-json\/wp\/v2\/comments?post=138"}],"version-history":[{"count":10,"href":"https:\/\/blogs.sld.cu\/parkinson\/wp-json\/wp\/v2\/pages\/138\/revisions"}],"predecessor-version":[{"id":258,"href":"https:\/\/blogs.sld.cu\/parkinson\/wp-json\/wp\/v2\/pages\/138\/revisions\/258"}],"wp:attachment":[{"href":"https:\/\/blogs.sld.cu\/parkinson\/wp-json\/wp\/v2\/media?parent=138"}],"curies":[{"name":"wp","href":"https:\/\/api.w.org\/{rel}","templated":true}]}}