{"id":15,"date":"2020-08-06T04:02:26","date_gmt":"2020-08-06T04:02:26","guid":{"rendered":"http:\/\/blogs.sld.cu\/parkinson\/?page_id=15"},"modified":"2021-03-06T05:44:11","modified_gmt":"2021-03-06T05:44:11","slug":"signos-sintomas-y-causas","status":"publish","type":"page","link":"https:\/\/blogs.sld.cu\/parkinson\/signos-sintomas-y-causas\/","title":{"rendered":"Causas\/S\u00edntomas"},"content":{"rendered":"<p><a href=\"http:\/\/blogs.sld.cu\/parkinson\/files\/2020\/08\/cerebro.jpg\"><img loading=\"lazy\" class=\"  wp-image-205 aligncenter\" src=\"http:\/\/blogs.sld.cu\/parkinson\/files\/2020\/08\/cerebro.jpg\" alt=\"cerebro\" width=\"415\" height=\"233\" srcset=\"https:\/\/blogs.sld.cu\/parkinson\/files\/2020\/08\/cerebro.jpg 465w, https:\/\/blogs.sld.cu\/parkinson\/files\/2020\/08\/cerebro-300x168.jpg 300w, https:\/\/blogs.sld.cu\/parkinson\/files\/2020\/08\/cerebro-250x140.jpg 250w\" sizes=\"(max-width: 415px) 100vw, 415px\" \/><\/a><\/p>\n<p><span style=\"font-family: verdana, geneva;font-size: 12pt\">Del Parkinson hay mucho todav\u00eda por estudiar, y cada d\u00eda hay m\u00e1s investigaciones y avances en ese sentido, pero se sabe que la causa es porque dejan de funcionar y mueren las neuronas que producen la dopamina producto de algunos cambios en su metabolismo. <span style=\"font-family: verdana, geneva\">La enfermedad es un trastorno neuro degenerativo cr\u00f3nico que surge por la destrucci\u00f3n de causa desconocida de unas neuronas pigmentadas de la sustancia negra, que es una parte del cerebro situada en su porci\u00f3n m\u00e1s baja, lo que llamamos ganglios basales.<\/span><br \/>\n<\/span><\/p>\n<p><span style=\"font-family: verdana, geneva;font-size: 12pt\">La dopamina es una sustancia trasmisora de los impulsos nerviosos de una c\u00e9lula a otra, producida por las neuronas presentes en la sustancia negra (nigra).<\/span><\/p>\n<p><span style=\"font-family: verdana, geneva;font-size: 12pt\"><strong>Los s\u00edntomas son motores y no motores<\/strong><\/span><\/p>\n<p><span style=\"font-family: verdana, geneva;font-size: 12pt\">Los s\u00edntomas motores cardinales de la enfermedad son:\u00a0 el temblor, la rigidez, la lentitud de movimientos y la inestabilidad postural, entre otros. Debido a que el diagn\u00f3stico de la enfermedad de Parkinson est\u00e1 basado en criterios cl\u00ednicos, es imprescindible el adecuado conocimiento de las caracter\u00edsticas de cada uno de los signos cardinales de la enfermedad para diferenciarlo de otros s\u00edndromes parkinsonianos.<\/span><\/p>\n<p><span style=\"font-family: verdana, geneva;font-size: 12pt\">Los s\u00edntomas no motores son mayoritariamente independientes de la degeneraci\u00f3n del sistema dopamin\u00e9rgico y no responden a terapia convencional sustitutiva de dopamina. Con frecuencia aparecen a\u00f1os antes que los s\u00edntomas motores, se los conoce como \u201cs\u00edntomas pre motores\u201d. Los m\u00e1s importantes son: sialorrea, estre\u00f1imiento, hipotensi\u00f3n ortost\u00e1tica, hiposmia, insomnio, somnolencia diurna excesiva, trastornos del sue\u00f1o REM, depresi\u00f3n, apat\u00eda, ansiedad, alucinaciones y demencia.<\/span><\/p>\n<p><span style=\"font-size: 12pt\"><a title=\"S\u00edntomas cardinales de la enfermedad de Parkinson\" href=\"http:\/\/blogs.sld.cu\/parkinson\/sintomas-cardinales-de-la-enfermedad-de-parkinson\/\"><span style=\"font-family: verdana, geneva\">S\u00edntomas cardinales de la enfermedad<\/span> <\/a><\/span><\/p>\n<p><span style=\"font-size: 12pt\">\u00a0<\/span><\/p>\n","protected":false},"excerpt":{"rendered":"<p>Del Parkinson hay mucho todav\u00eda por estudiar, y cada d\u00eda hay m\u00e1s investigaciones y avances en ese sentido, pero se sabe que la causa es porque dejan de funcionar y mueren las neuronas que producen la dopamina producto de algunos cambios en su metabolismo. La enfermedad es un trastorno neuro degenerativo cr\u00f3nico que surge por [&hellip;]<\/p>\n","protected":false},"author":208,"featured_media":0,"parent":0,"menu_order":0,"comment_status":"closed","ping_status":"closed","template":"","meta":[],"_links":{"self":[{"href":"https:\/\/blogs.sld.cu\/parkinson\/wp-json\/wp\/v2\/pages\/15"}],"collection":[{"href":"https:\/\/blogs.sld.cu\/parkinson\/wp-json\/wp\/v2\/pages"}],"about":[{"href":"https:\/\/blogs.sld.cu\/parkinson\/wp-json\/wp\/v2\/types\/page"}],"author":[{"embeddable":true,"href":"https:\/\/blogs.sld.cu\/parkinson\/wp-json\/wp\/v2\/users\/208"}],"replies":[{"embeddable":true,"href":"https:\/\/blogs.sld.cu\/parkinson\/wp-json\/wp\/v2\/comments?post=15"}],"version-history":[{"count":20,"href":"https:\/\/blogs.sld.cu\/parkinson\/wp-json\/wp\/v2\/pages\/15\/revisions"}],"predecessor-version":[{"id":263,"href":"https:\/\/blogs.sld.cu\/parkinson\/wp-json\/wp\/v2\/pages\/15\/revisions\/263"}],"wp:attachment":[{"href":"https:\/\/blogs.sld.cu\/parkinson\/wp-json\/wp\/v2\/media?parent=15"}],"curies":[{"name":"wp","href":"https:\/\/api.w.org\/{rel}","templated":true}]}}