{"id":21,"date":"2020-08-06T04:18:34","date_gmt":"2020-08-06T04:18:34","guid":{"rendered":"http:\/\/blogs.sld.cu\/parkinson\/?page_id=21"},"modified":"2021-03-10T00:15:38","modified_gmt":"2021-03-10T00:15:38","slug":"factores-de-riesgoprevencion","status":"publish","type":"page","link":"https:\/\/blogs.sld.cu\/parkinson\/factores-de-riesgoprevencion\/","title":{"rendered":"Riesgo\/Prevenci\u00f3n"},"content":{"rendered":"<h2><span style=\"font-family: verdana, geneva\"><strong><span id=\"fbb6bb10-20aa-13d4-3df1-b57ba806808c\" class=\"gc-revision-history\">Factores de riesgo<\/span><\/strong><\/span><\/h2>\n<p><span style=\"font-family: verdana, geneva;font-size: 12pt\">Los factores de riesgo son los siguientes:<\/span><\/p>\n<ol>\n<li><span style=\"font-family: verdana, geneva;font-size: 12pt\"><strong>Edad.<\/strong> La enfermedad aparece generalmente en la 5ta. o 6ta. d\u00e9cada de la vida. No es frecuente verla en los j\u00f3venes y adultos j\u00f3venes. El riesgo es mayor con los a\u00f1os.<\/span><\/li>\n<li><span style=\"font-family: verdana, geneva;font-size: 12pt\"><strong>Factor hereditario<\/strong>. Tener uno o m\u00e1s familiares afectados de Parkinson aumenta las posibilidades de desarrollar la enfermedad.<\/span><\/li>\n<li><span style=\"font-family: verdana, geneva;font-size: 12pt\">\u00a0<strong>Sexo.<\/strong>\u00a0Los hombres tienen mayor probabilidad de padecer la enfermedad de Parkinson que las mujeres.<\/span><\/li>\n<li><span style=\"font-family: verdana, geneva;font-size: 12pt\">\u00a0<strong>Exposici\u00f3n a toxinas.<\/strong>\u00a0La exposici\u00f3n continua a herbicidas y pesticidas podr\u00eda aumentar el riesgo de contraer Parkinson.<\/span><\/li>\n<\/ol>\n<p><span style=\"font-family: verdana, geneva;font-size: 12pt\"><strong>La enfermedad de Parkinson no est\u00e1 excenta de complicaciones como por ejemplo:<\/strong><\/span><\/p>\n<p><span style=\"font-family: verdana, geneva;font-size: 12pt\">Dificultades para pensar.<\/span><\/p>\n<p><span style=\"font-family: verdana, geneva;font-size: 12pt\">Depresi\u00f3n y cambios emocionales.<\/span><\/p>\n<p><span style=\"font-family: verdana, geneva;font-size: 12pt\">Dificultades para tragar, masticar y comer.<\/span><\/p>\n<p><span style=\"font-family: verdana, geneva;font-size: 12pt\">Dificultades para dormir y trastornos del sue\u00f1o.<\/span><\/p>\n<p><span style=\"font-family: verdana, geneva;font-size: 12pt\">Problemas con la vejiga.<\/span><\/p>\n<p><span style=\"font-family: verdana, geneva;font-size: 12pt\">Estre\u00f1imiento.<\/span><\/p>\n<p><span style=\"font-family: verdana, geneva;font-size: 12pt\">Inestabilidad en la presi\u00f3n arterial.<\/span><\/p>\n<p><span style=\"font-family: verdana, geneva;font-size: 12pt\">P\u00e9rdida del olfato.<\/span><\/p>\n<p><span style=\"font-family: verdana, geneva;font-size: 12pt\">Cansancio<\/span><\/p>\n<p><span style=\"font-family: verdana, geneva;font-size: 12pt\">Disfunci\u00f3n sexual<\/span><\/p>\n<p><span style=\"font-family: verdana, geneva;font-size: 12pt\">Dolor<\/span><\/p>\n<p><span style=\"font-family: verdana, geneva;font-size: 12pt\">Seg\u00fan evoluciona la enfermedad, algunos de los problemas o dificultades que hemos mencionado pueden ir apareciendo. Algunos en estadios m\u00e1s temprano y otros en estadios avanzados. Por ejemplo, la depresi\u00f3n puede aparecer en las primeras etapas.<\/span><\/p>\n<p><span style=\"font-family: verdana, geneva;font-size: 12pt\"><strong>Prevenci\u00f3n<\/strong><\/span><\/p>\n<p><span style=\"font-family: verdana, geneva;font-size: 12pt\">La causa de la enfermedad de Parkinson se desconoce como la de cualquier otra demencia. Para prevenir su aparici\u00f3n, como con otra enfermedad, se recomienda llevar una vida sana a nivel f\u00edsico, mental, emocional y social.<\/span><\/p>\n<p><span style=\"font-family: verdana, geneva;font-size: 12pt\">Lo mejor es acudir al m\u00e9dico si tu o un familiar, presentan algunos de los signos y s\u00edntomas asociados con la enfermedad de Parkinson.<\/span><\/p>\n<p><span style=\"font-family: verdana, geneva\">\u00a0<\/span><\/p>\n","protected":false},"excerpt":{"rendered":"<p>Factores de riesgo Los factores de riesgo son los siguientes: Edad. La enfermedad aparece generalmente en la 5ta. o 6ta. d\u00e9cada de la vida. No es frecuente verla en los j\u00f3venes y adultos j\u00f3venes. El riesgo es mayor con los a\u00f1os. Factor hereditario. Tener uno o m\u00e1s familiares afectados de Parkinson aumenta las posibilidades de [&hellip;]<\/p>\n","protected":false},"author":208,"featured_media":0,"parent":0,"menu_order":0,"comment_status":"closed","ping_status":"closed","template":"","meta":[],"_links":{"self":[{"href":"https:\/\/blogs.sld.cu\/parkinson\/wp-json\/wp\/v2\/pages\/21"}],"collection":[{"href":"https:\/\/blogs.sld.cu\/parkinson\/wp-json\/wp\/v2\/pages"}],"about":[{"href":"https:\/\/blogs.sld.cu\/parkinson\/wp-json\/wp\/v2\/types\/page"}],"author":[{"embeddable":true,"href":"https:\/\/blogs.sld.cu\/parkinson\/wp-json\/wp\/v2\/users\/208"}],"replies":[{"embeddable":true,"href":"https:\/\/blogs.sld.cu\/parkinson\/wp-json\/wp\/v2\/comments?post=21"}],"version-history":[{"count":10,"href":"https:\/\/blogs.sld.cu\/parkinson\/wp-json\/wp\/v2\/pages\/21\/revisions"}],"predecessor-version":[{"id":269,"href":"https:\/\/blogs.sld.cu\/parkinson\/wp-json\/wp\/v2\/pages\/21\/revisions\/269"}],"wp:attachment":[{"href":"https:\/\/blogs.sld.cu\/parkinson\/wp-json\/wp\/v2\/media?parent=21"}],"curies":[{"name":"wp","href":"https:\/\/api.w.org\/{rel}","templated":true}]}}

Riesgo/Prevención

<h2><span style="font-family: verdana, geneva"><strong><span id="fbb6bb10-20aa-13d4-3df1-b57ba806808c" class="gc-revision-history">Factores de riesgo</span></strong></span></h2>
<p><span style="font-family: verdana, geneva;font-size: 12pt">Los factores de riesgo son los siguientes:</span></p>
<ol>
<li><span style="font-family: verdana, geneva;font-size: 12pt"><strong>Edad.</strong> La enfermedad aparece generalmente en la 5ta. o 6ta. década de la vida. No es frecuente verla en los jóvenes y adultos jóvenes. El riesgo es mayor con los años.</span></li>
<li><span style="font-family: verdana, geneva;font-size: 12pt"><strong>Factor hereditario</strong>. Tener uno o más familiares afectados de Parkinson aumenta las posibilidades de desarrollar la enfermedad.</span></li>
<li><span style="font-family: verdana, geneva;font-size: 12pt"> <strong>Sexo.</strong> Los hombres tienen mayor probabilidad de padecer la enfermedad de Parkinson que las mujeres.</span></li>
<li><span style="font-family: verdana, geneva;font-size: 12pt"> <strong>Exposición a toxinas.</strong> La exposición continua a herbicidas y pesticidas podría aumentar el riesgo de contraer Parkinson.</span></li>
</ol>
<p><span style="font-family: verdana, geneva;font-size: 12pt"><strong>La enfermedad de Parkinson no está excenta de complicaciones como por ejemplo:</strong></span></p>
<p><span style="font-family: verdana, geneva;font-size: 12pt">Dificultades para pensar.</span></p>
<p><span style="font-family: verdana, geneva;font-size: 12pt">Depresión y cambios emocionales.</span></p>
<p><span style="font-family: verdana, geneva;font-size: 12pt">Dificultades para tragar, masticar y comer.</span></p>
<p><span style="font-family: verdana, geneva;font-size: 12pt">Dificultades para dormir y trastornos del sueño.</span></p>
<p><span style="font-family: verdana, geneva;font-size: 12pt">Problemas con la vejiga.</span></p>
<p><span style="font-family: verdana, geneva;font-size: 12pt">Estreñimiento.</span></p>
<p><span style="font-family: verdana, geneva;font-size: 12pt">Inestabilidad en la presión arterial.</span></p>
<p><span style="font-family: verdana, geneva;font-size: 12pt">Pérdida del olfato.</span></p>
<p><span style="font-family: verdana, geneva;font-size: 12pt">Cansancio</span></p>
<p><span style="font-family: verdana, geneva;font-size: 12pt">Disfunción sexual</span></p>
<p><span style="font-family: verdana, geneva;font-size: 12pt">Dolor</span></p>
<p><span style="font-family: verdana, geneva;font-size: 12pt">Según evoluciona la enfermedad, algunos de los problemas o dificultades que hemos mencionado pueden ir apareciendo. Algunos en estadios más temprano y otros en estadios avanzados. Por ejemplo, la depresión puede aparecer en las primeras etapas.</span></p>
<p><span style="font-family: verdana, geneva;font-size: 12pt"><strong>Prevención</strong></span></p>
<p><span style="font-family: verdana, geneva;font-size: 12pt">La causa de la enfermedad de Parkinson se desconoce como la de cualquier otra demencia. Para prevenir su aparición, como con otra enfermedad, se recomienda llevar una vida sana a nivel físico, mental, emocional y social.</span></p>
<p><span style="font-family: verdana, geneva;font-size: 12pt">Lo mejor es acudir al médico si tu o un familiar, presentan algunos de los signos y síntomas asociados con la enfermedad de Parkinson.</span></p>
<p><span style="font-family: verdana, geneva"> </span></p>

<p>Factores de riesgo Los factores de riesgo son los siguientes: Edad. La enfermedad aparece generalmente en la 5ta. o 6ta. década de la vida. No es frecuente verla en los jóvenes y adultos jóvenes. El riesgo es mayor con los años. Factor hereditario. Tener uno o más familiares afectados de Parkinson aumenta las posibilidades de [&hellip;]</p>
