{"id":39,"date":"2020-12-02T08:35:13","date_gmt":"2020-12-02T08:35:13","guid":{"rendered":"http:\/\/blogs.sld.cu\/parkinson\/?page_id=39"},"modified":"2020-12-24T06:33:50","modified_gmt":"2020-12-24T06:33:50","slug":"dr-nelson-quintanal-cordero","status":"publish","type":"page","link":"https:\/\/blogs.sld.cu\/parkinson\/dr-nelson-quintanal-cordero\/","title":{"rendered":"Dr. Nelson Quintanal Cordero"},"content":{"rendered":"<p><a href=\"http:\/\/blogs.sld.cu\/parkinson\/files\/2020\/12\/Nelson-Quintanal.jpg\"><img loading=\"lazy\" class=\"alignnone size-medium wp-image-79\" src=\"http:\/\/blogs.sld.cu\/parkinson\/files\/2020\/12\/Nelson-Quintanal-229x300.jpg\" alt=\"Nelson Quintanal\" width=\"229\" height=\"300\" srcset=\"https:\/\/blogs.sld.cu\/parkinson\/files\/2020\/12\/Nelson-Quintanal-229x300.jpg 229w, https:\/\/blogs.sld.cu\/parkinson\/files\/2020\/12\/Nelson-Quintanal-250x328.jpg 250w, https:\/\/blogs.sld.cu\/parkinson\/files\/2020\/12\/Nelson-Quintanal.jpg 560w\" sizes=\"(max-width: 229px) 100vw, 229px\" \/><\/a><\/p>\n<p><strong><span style=\"font-size: 12pt\">Dr. Nelson Quintanal Cordero<br \/>\n<\/span><span style=\"font-size: 12pt\">Especialista de Segundo Grado en Neurocirug\u00eda<\/span><\/strong><span style=\"font-size: 12pt\"><br \/>\n<strong> Profesor e Investigador Auxiliar<\/strong><br \/>\n<strong> Jefe de Servicio de Neurocirug\u00eda<\/strong><br \/>\n<strong> Centro Internacional de Restauraci\u00f3n Neurol\u00f3gica.<\/strong><br \/>\n<strong> La Habana. Cuba<\/strong><br \/>\n<\/span><\/p>\n","protected":false},"excerpt":{"rendered":"<p>Dr. Nelson Quintanal Cordero Especialista de Segundo Grado en Neurocirug\u00eda Profesor e Investigador Auxiliar Jefe de Servicio de Neurocirug\u00eda Centro Internacional de Restauraci\u00f3n Neurol\u00f3gica. La Habana. Cuba<\/p>\n","protected":false},"author":208,"featured_media":0,"parent":0,"menu_order":0,"comment_status":"closed","ping_status":"open","template":"","meta":[],"_links":{"self":[{"href":"https:\/\/blogs.sld.cu\/parkinson\/wp-json\/wp\/v2\/pages\/39"}],"collection":[{"href":"https:\/\/blogs.sld.cu\/parkinson\/wp-json\/wp\/v2\/pages"}],"about":[{"href":"https:\/\/blogs.sld.cu\/parkinson\/wp-json\/wp\/v2\/types\/page"}],"author":[{"embeddable":true,"href":"https:\/\/blogs.sld.cu\/parkinson\/wp-json\/wp\/v2\/users\/208"}],"replies":[{"embeddable":true,"href":"https:\/\/blogs.sld.cu\/parkinson\/wp-json\/wp\/v2\/comments?post=39"}],"version-history":[{"count":6,"href":"https:\/\/blogs.sld.cu\/parkinson\/wp-json\/wp\/v2\/pages\/39\/revisions"}],"predecessor-version":[{"id":126,"href":"https:\/\/blogs.sld.cu\/parkinson\/wp-json\/wp\/v2\/pages\/39\/revisions\/126"}],"wp:attachment":[{"href":"https:\/\/blogs.sld.cu\/parkinson\/wp-json\/wp\/v2\/media?parent=39"}],"curies":[{"name":"wp","href":"https:\/\/api.w.org\/{rel}","templated":true}]}}

<p><a href="http://blogs.sld.cu/parkinson/files/2020/12/Nelson-Quintanal.jpg"><img loading="lazy" class="alignnone size-medium wp-image-79" src="http://blogs.sld.cu/parkinson/files/2020/12/Nelson-Quintanal-229x300.jpg" alt="Nelson Quintanal" width="229" height="300" srcset="https://blogs.sld.cu/parkinson/files/2020/12/Nelson-Quintanal-229x300.jpg 229w, https://blogs.sld.cu/parkinson/files/2020/12/Nelson-Quintanal-250x328.jpg 250w, https://blogs.sld.cu/parkinson/files/2020/12/Nelson-Quintanal.jpg 560w" sizes="(max-width: 229px) 100vw, 229px" /></a></p>
<p><strong><span style="font-size: 12pt">Dr. Nelson Quintanal Cordero<br />
</span><span style="font-size: 12pt">Especialista de Segundo Grado en Neurocirugía</span></strong><span style="font-size: 12pt"><br />
<strong> Profesor e Investigador Auxiliar</strong><br />
<strong> Jefe de Servicio de Neurocirugía</strong><br />
<strong> Centro Internacional de Restauración Neurológica.</strong><br />
<strong> La Habana. Cuba</strong><br />
</span></p>

<p>Dr. Nelson Quintanal Cordero Especialista de Segundo Grado en Neurocirugía Profesor e Investigador Auxiliar Jefe de Servicio de Neurocirugía Centro Internacional de Restauración Neurológica. La Habana. Cuba</p>
