{"id":82,"date":"2020-12-06T22:01:59","date_gmt":"2020-12-06T22:01:59","guid":{"rendered":"http:\/\/blogs.sld.cu\/parkinson\/?page_id=82"},"modified":"2021-03-06T05:20:32","modified_gmt":"2021-03-06T05:20:32","slug":"preguntas-frecuentes","status":"publish","type":"page","link":"https:\/\/blogs.sld.cu\/parkinson\/preguntas-frecuentes\/","title":{"rendered":"Preguntas frecuentes"},"content":{"rendered":"<p><span style=\"font-family: verdana, geneva;font-size: 12pt\">En este espacio podr\u00e1s encontrar preguntas sobre la Enfermedad de Parkinson, que se ir\u00e1n incrementando con las que formulen los pacientes y\/o familiares en Consulta con el m\u00e9dico.<\/span><\/p>\n<p><span style=\"font-family: verdana, geneva;font-size: 12pt\"><strong> \u00bfEn qu\u00e9 consiste la enfermedad?<br \/>\n<\/strong><\/span><\/p>\n<p><span style=\"font-family: verdana, geneva;font-size: 12pt\">La enfermedad es un trastorno neuro degenerativo cr\u00f3nico que surge por la destrucci\u00f3n de causa desconocida de unas neuronas pigmentadas de la sustancia negra, que es una parte del cerebro situada en su porci\u00f3n m\u00e1s baja, lo que llamamos ganglios basales.<\/span><\/p>\n<p><span style=\"font-family: verdana, geneva;font-size: 12pt\"><strong> \u00bfC\u00f3mo se presenta?<br \/>\n<\/strong><\/span><\/p>\n<p><span style=\"font-family: verdana, geneva;font-size: 12pt\">Con trastornos motores y sensoriales. Los enfermos suelen tener rigidez de los m\u00fasculos y temblor. El temblor no suele estar presente al hacer movimientos o al dormir.<\/span><\/p>\n<p><span style=\"font-family: verdana, geneva;font-size: 12pt\">Tambi\u00e9n tienen dificultados los movimientos finos. Suelen hablar bajito, y producen mucha saliva.<\/span><\/p>\n<p><span style=\"font-family: verdana, geneva;font-size: 12pt\">Tambi\u00e9n presentan alteraciones cognitivas, apat\u00eda, y\u00a0 depresi\u00f3n. De igual manera tienen inquietud o ansiedad, p\u00e9rdida de memoria, dificultad para concentrarse, lentitud en pensamiento e incapacidad de realizar tareas complejas o varias de ellas a la vez. Tienen agotamiento f\u00edsico y mental y con frecuencia trastornos del sue\u00f1o.<\/span><\/p>\n<p><span style=\"font-family: verdana, geneva;font-size: 12pt\"><strong>\u00bfHay cura para la Enfermedad de Parkinson?<\/strong><\/span><\/p>\n<p><span style=\"font-family: verdana, geneva;font-size: 12pt\">La enfermedad de Parkinson no tiene \u00a0cura. Por ello se dice que es una enfermedad cr\u00f3nica e incurable.<\/span><\/p>\n<p><span style=\"font-family: verdana, geneva;font-size: 12pt\">Pero hoy d\u00eda hay diferentes recursos m\u00e9dicos y no-m\u00e9dicos para paliar los s\u00edntomas, ralentizar la evoluci\u00f3n de la enfermedad y mejorar eficazmente la calidad de vida de los pacientes.<\/span><\/p>\n<p><span style=\"font-family: verdana, geneva;font-size: 12pt\"><strong>\u00bfTodos los pacientes pueden ser operados?<\/strong><\/span><\/p>\n<p><span style=\"font-family: verdana, geneva;font-size: 12pt\">Los pacientes con enfermedad de Parkinson,\u00a0 inicialmente muestran una buena respuesta a la medicaci\u00f3n dopamin\u00e9rgica, la cual se mantiene durante los primeros a\u00f1os; sin embargo, al evolucionar la enfermedad, aparecen complicaciones motoras, fluctuaciones, discinesias, alteraciones de la marcha, de la postura y del equilibrio que reducen dr\u00e1sticamente la calidad de vida.<\/span><\/p>\n<p><span style=\"font-family: verdana, geneva;font-size: 12pt\">Dicho esto, los candidatos quir\u00fargicos de manera resumida ser\u00edan los pacientes con m\u00e1s de 5 a\u00f1os de evoluci\u00f3n, sin superar los 70 a\u00f1os, este \u00faltimo con matices ( se puede operar a pacientes mayores d e70 a\u00f1os con buen estado), que presentes complicaciones motoras o movimientos involuntarios (discinesias) y que no presenten enfermedades que contraindiquen la cirug\u00eda entre ellas el deterioro cognitivo.<\/span><\/p>\n","protected":false},"excerpt":{"rendered":"<p>En este espacio podr\u00e1s encontrar preguntas sobre la Enfermedad de Parkinson, que se ir\u00e1n incrementando con las que formulen los pacientes y\/o familiares en Consulta con el m\u00e9dico. \u00bfEn qu\u00e9 consiste la enfermedad? La enfermedad es un trastorno neuro degenerativo cr\u00f3nico que surge por la destrucci\u00f3n de causa desconocida de unas neuronas pigmentadas de la [&hellip;]<\/p>\n","protected":false},"author":208,"featured_media":0,"parent":0,"menu_order":0,"comment_status":"closed","ping_status":"open","template":"","meta":[],"_links":{"self":[{"href":"https:\/\/blogs.sld.cu\/parkinson\/wp-json\/wp\/v2\/pages\/82"}],"collection":[{"href":"https:\/\/blogs.sld.cu\/parkinson\/wp-json\/wp\/v2\/pages"}],"about":[{"href":"https:\/\/blogs.sld.cu\/parkinson\/wp-json\/wp\/v2\/types\/page"}],"author":[{"embeddable":true,"href":"https:\/\/blogs.sld.cu\/parkinson\/wp-json\/wp\/v2\/users\/208"}],"replies":[{"embeddable":true,"href":"https:\/\/blogs.sld.cu\/parkinson\/wp-json\/wp\/v2\/comments?post=82"}],"version-history":[{"count":10,"href":"https:\/\/blogs.sld.cu\/parkinson\/wp-json\/wp\/v2\/pages\/82\/revisions"}],"predecessor-version":[{"id":253,"href":"https:\/\/blogs.sld.cu\/parkinson\/wp-json\/wp\/v2\/pages\/82\/revisions\/253"}],"wp:attachment":[{"href":"https:\/\/blogs.sld.cu\/parkinson\/wp-json\/wp\/v2\/media?parent=82"}],"curies":[{"name":"wp","href":"https:\/\/api.w.org\/{rel}","templated":true}]}}