{"id":92,"date":"2020-12-06T22:42:57","date_gmt":"2020-12-06T22:42:57","guid":{"rendered":"http:\/\/blogs.sld.cu\/parkinson\/?page_id=92"},"modified":"2021-11-23T14:21:20","modified_gmt":"2021-11-23T14:21:20","slug":"glosario","status":"publish","type":"page","link":"https:\/\/blogs.sld.cu\/parkinson\/glosario\/","title":{"rendered":"Glosario"},"content":{"rendered":"<p><strong>\u00bb<\/strong> Alucinaciones visuales: Creer y ver cosas que no existen.<\/p>\n<p><strong>\u00bb<\/strong> Bradicinesia: Lentitud en los movimientos musculares.<\/p>\n<p><strong>\u00bb<\/strong> Disfunsi\u00f3n auton\u00f3mica: Algunos reflejos alterados.<\/p>\n<p><strong>\u00bb<\/strong> Hipertonia: Rigidez muscular.<\/p>\n<p><strong>\u00bb<\/strong> Manifestaciones psic\u00f3ticas:<\/p>\n<p><strong>\u00bb<\/strong> Neurotransmisores: Son las mol\u00e9culas encargadas de la transmisi\u00f3n de las se\u00f1ales de una neurona a otra.<\/p>\n<p><strong>\u00bb<\/strong> Trastorno neurodegenerativo: Trastorno de las neuronas, en el sistema nervioso central, por p\u00e9rdida de las mismas. En este caso se pierden las neuronas pigmentadas de la sustancia negra, que es una parte de la porci\u00f3n m\u00e1s baja del cerebro del cerebro.<\/p>\n<p><span style=\"font-size: 12pt;\">\u00a0<\/span><\/p>\n","protected":false},"excerpt":{"rendered":"<p>\u00bb Alucinaciones visuales: Creer y ver cosas que no existen. \u00bb Bradicinesia: Lentitud en los movimientos musculares. \u00bb Disfunsi\u00f3n auton\u00f3mica: Algunos reflejos alterados. \u00bb Hipertonia: Rigidez muscular. \u00bb Manifestaciones psic\u00f3ticas: \u00bb Neurotransmisores: Son las mol\u00e9culas encargadas de la transmisi\u00f3n de las se\u00f1ales de una neurona a otra. \u00bb Trastorno neurodegenerativo: Trastorno de las neuronas, en [&hellip;]<\/p>\n","protected":false},"author":208,"featured_media":0,"parent":0,"menu_order":0,"comment_status":"closed","ping_status":"closed","template":"","meta":[],"_links":{"self":[{"href":"https:\/\/blogs.sld.cu\/parkinson\/wp-json\/wp\/v2\/pages\/92"}],"collection":[{"href":"https:\/\/blogs.sld.cu\/parkinson\/wp-json\/wp\/v2\/pages"}],"about":[{"href":"https:\/\/blogs.sld.cu\/parkinson\/wp-json\/wp\/v2\/types\/page"}],"author":[{"embeddable":true,"href":"https:\/\/blogs.sld.cu\/parkinson\/wp-json\/wp\/v2\/users\/208"}],"replies":[{"embeddable":true,"href":"https:\/\/blogs.sld.cu\/parkinson\/wp-json\/wp\/v2\/comments?post=92"}],"version-history":[{"count":10,"href":"https:\/\/blogs.sld.cu\/parkinson\/wp-json\/wp\/v2\/pages\/92\/revisions"}],"predecessor-version":[{"id":273,"href":"https:\/\/blogs.sld.cu\/parkinson\/wp-json\/wp\/v2\/pages\/92\/revisions\/273"}],"wp:attachment":[{"href":"https:\/\/blogs.sld.cu\/parkinson\/wp-json\/wp\/v2\/media?parent=92"}],"curies":[{"name":"wp","href":"https:\/\/api.w.org\/{rel}","templated":true}]}}