{"id":3,"date":"2021-12-29T17:01:35","date_gmt":"2021-12-29T17:01:35","guid":{"rendered":"http:\/\/blogs.sld.cu\/piediabetico\/?page_id=3"},"modified":"2022-03-13T21:44:24","modified_gmt":"2022-03-13T21:44:24","slug":"contacto","status":"publish","type":"page","link":"https:\/\/blogs.sld.cu\/piediabetico\/contacto\/","title":{"rendered":"Editores"},"content":{"rendered":"<p><a href=\"http:\/\/blogs.sld.cu\/piediabetico\/files\/2021\/12\/dra-ana-ibis-feria-diabetes-4-editada-para-noticias-cenco.jpg\"><img loading=\"lazy\" class=\"size-full wp-image-143 aligncenter\" src=\"http:\/\/blogs.sld.cu\/piediabetico\/files\/2021\/12\/dra-ana-ibis-feria-diabetes-4-editada-para-noticias-cenco.jpg\" alt=\"\" width=\"235\" height=\"253\" \/><\/a>Dra. Ana Ibis Conesa Gonz\u00e1lez<\/p>\n<p>Especialista de 1ro. y 2do. grado en Endocrinolog\u00eda.<\/p>\n<p>Profesora e investigadoraAuxiliar.<\/p>\n<p>Centro Nacional de atenci\u00f3n al diab\u00e9tico<\/p>\n<p><a href=\"http:\/\/blogs.sld.cu\/piediabetico\/files\/2022\/03\/FOTOS-MONTEQUIN.jpg\"><img loading=\"lazy\" class=\"alignnone size-medium wp-image-171\" src=\"http:\/\/blogs.sld.cu\/piediabetico\/files\/2022\/03\/FOTOS-MONTEQUIN-136x300.jpg\" alt=\"\" width=\"136\" height=\"300\" srcset=\"https:\/\/blogs.sld.cu\/piediabetico\/files\/2022\/03\/FOTOS-MONTEQUIN-136x300.jpg 136w, https:\/\/blogs.sld.cu\/piediabetico\/files\/2022\/03\/FOTOS-MONTEQUIN-250x550.jpg 250w, https:\/\/blogs.sld.cu\/piediabetico\/files\/2022\/03\/FOTOS-MONTEQUIN.jpg 395w\" sizes=\"(max-width: 136px) 100vw, 136px\" \/><\/a><\/p>\n<p>Dr. Jose Ignacio Fernandez MontequinEspecialista de 1ro y 2do. grado en Angiologia y Cirugia vascular. Profesor e Investigador Titular.<\/p>\n<p>&nbsp;<\/p>\n<p>&nbsp;<\/p>\n[contact-form-7 404 \"No encontrado\"]\n","protected":false},"excerpt":{"rendered":"<p>Dra. Ana Ibis Conesa Gonz\u00e1lez Especialista de 1ro. y 2do. grado en Endocrinolog\u00eda. Profesora e investigadoraAuxiliar. Centro Nacional de atenci\u00f3n al diab\u00e9tico Dr. Jose Ignacio Fernandez MontequinEspecialista de 1ro y 2do. grado en Angiologia y Cirugia vascular. Profesor e Investigador Titular. &nbsp; &nbsp;<\/p>\n","protected":false},"author":221,"featured_media":0,"parent":0,"menu_order":0,"comment_status":"open","ping_status":"open","template":"","meta":[],"_links":{"self":[{"href":"https:\/\/blogs.sld.cu\/piediabetico\/wp-json\/wp\/v2\/pages\/3"}],"collection":[{"href":"https:\/\/blogs.sld.cu\/piediabetico\/wp-json\/wp\/v2\/pages"}],"about":[{"href":"https:\/\/blogs.sld.cu\/piediabetico\/wp-json\/wp\/v2\/types\/page"}],"author":[{"embeddable":true,"href":"https:\/\/blogs.sld.cu\/piediabetico\/wp-json\/wp\/v2\/users\/221"}],"replies":[{"embeddable":true,"href":"https:\/\/blogs.sld.cu\/piediabetico\/wp-json\/wp\/v2\/comments?post=3"}],"version-history":[{"count":5,"href":"https:\/\/blogs.sld.cu\/piediabetico\/wp-json\/wp\/v2\/pages\/3\/revisions"}],"predecessor-version":[{"id":142,"href":"https:\/\/blogs.sld.cu\/piediabetico\/wp-json\/wp\/v2\/pages\/3\/revisions\/142"}],"wp:attachment":[{"href":"https:\/\/blogs.sld.cu\/piediabetico\/wp-json\/wp\/v2\/media?parent=3"}],"curies":[{"name":"wp","href":"https:\/\/api.w.org\/{rel}","templated":true}]}}

<p><a href="http://blogs.sld.cu/piediabetico/files/2021/12/dra-ana-ibis-feria-diabetes-4-editada-para-noticias-cenco.jpg"><img loading="lazy" class="size-full wp-image-143 aligncenter" src="http://blogs.sld.cu/piediabetico/files/2021/12/dra-ana-ibis-feria-diabetes-4-editada-para-noticias-cenco.jpg" alt="" width="235" height="253" /></a>Dra. Ana Ibis Conesa González</p>
<p>Especialista de 1ro. y 2do. grado en Endocrinología.</p>
<p>Profesora e investigadoraAuxiliar.</p>
<p>Centro Nacional de atención al diabético</p>
<p><a href="http://blogs.sld.cu/piediabetico/files/2022/03/FOTOS-MONTEQUIN.jpg"><img loading="lazy" class="alignnone size-medium wp-image-171" src="http://blogs.sld.cu/piediabetico/files/2022/03/FOTOS-MONTEQUIN-136x300.jpg" alt="" width="136" height="300" srcset="https://blogs.sld.cu/piediabetico/files/2022/03/FOTOS-MONTEQUIN-136x300.jpg 136w, https://blogs.sld.cu/piediabetico/files/2022/03/FOTOS-MONTEQUIN-250x550.jpg 250w, https://blogs.sld.cu/piediabetico/files/2022/03/FOTOS-MONTEQUIN.jpg 395w" sizes="(max-width: 136px) 100vw, 136px" /></a></p>
<p>Dr. Jose Ignacio Fernandez MontequinEspecialista de 1ro y 2do. grado en Angiologia y Cirugia vascular. Profesor e Investigador Titular.</p>
<p>&nbsp;</p>
<p>&nbsp;</p>
[contact-form-7 404 "No encontrado"]

<p>Dra. Ana Ibis Conesa González Especialista de 1ro. y 2do. grado en Endocrinología. Profesora e investigadoraAuxiliar. Centro Nacional de atención al diabético Dr. Jose Ignacio Fernandez MontequinEspecialista de 1ro y 2do. grado en Angiologia y Cirugia vascular. Profesor e Investigador Titular. &nbsp; &nbsp;</p>
