{"id":171,"date":"2015-01-18T15:09:44","date_gmt":"2015-01-18T15:09:44","guid":{"rendered":"http:\/\/blogs.sld.cu\/reumatologia\/?page_id=171"},"modified":"2015-01-18T15:37:38","modified_gmt":"2015-01-18T15:37:38","slug":"revistas","status":"publish","type":"page","link":"https:\/\/blogs.sld.cu\/reumatologia\/revistas\/","title":{"rendered":"Revistas"},"content":{"rendered":"<p><strong>Revistas nucleo de reumatolog\u00eda<\/strong><\/p>\n<p style=\"text-align: justify\"><img style=\"border-width: 1px;border-style: solid;margin: 0px 4px;float: left;width: 140px;height: 48px\" src=\"http:\/\/articulos.sld.cu\/reumatologia\/files\/2013\/03\/rev_nucleo-copia.jpg\" alt=\"Revistas nucleo_Reumatolog\u00eda\" \/><\/p>\n<p style=\"text-align: justify\">Revistas n\u00facleo de la especialidad de reumatolog\u00eda. Publicaciones seriadas de mayor \u00edndice de impacto a nivel internacional, que marcan los art\u00edculos m\u00e1s significativos de investigaci\u00f3n, terap\u00e9uticos y epidemiol\u00f3gico dentro de esta especialidad, algunas de ellas brindan la posibilidad de acceso completo a sus trabajos, otras solo a unos art\u00edculos determinados, o los liberan a los seis o doce meses, otras veces nunca, pero en todas existe la posibilidad de contactar con los autores de sus art\u00edculos y solicitarles los mismos con fines de estudios.<\/p>\n<div>\n<table class=\"alignleft\" style=\"height: 1200px\" width=\"530\" border=\"0\" cellspacing=\"2\" cellpadding=\"2\" align=\"left\">\n<tbody>\n<tr>\n<td style=\"width: 150px\" align=\"left\" valign=\"top\"><a href=\"http:\/\/www.reumatologia.sld.cu\/journal-clinical-rheumatology#node-38\"><img loading=\"lazy\" style=\"margin: 2px;border: 1px solid black\" src=\"http:\/\/articulos.sld.cu\/reumatologia\/files\/2013\/02\/journal-of-clinical-rheumatology.jpeg\" alt=\"Journal of clinical Rheumatology\" width=\"130\" height=\"170\" \/><\/a><\/td>\n<td style=\"width: 200px\" align=\"left\" valign=\"top\"><span><a title=\"Journal of clinical Rheumatology\" href=\"http:\/\/journals.lww.com\/jclinrheum\/pages\/default.aspx\" target=\"_blank\">Journal of clinical Rheumatology<\/a><\/span><span style=\"font-size: x-small\">[JCR es el \u00f3rgano oficial de difusi\u00f3n de la Liga Panamericana de Asociaciones de Reumatolog\u00eda <a title=\"PANLAR\" href=\"http:\/\/www.panlar.org\/\" target=\"_blank\">PANLAR<\/a>]<\/span><\/td>\n<td style=\"width: 150px\" align=\"left\" valign=\"top\"><a title=\"Rheumatology\" href=\"http:\/\/www.reumatologia.sld.cu\/rheumatology#node-36\"><img loading=\"lazy\" style=\"float: left;margin: 2px;border: 1px solid black\" src=\"http:\/\/articulos.sld.cu\/reumatologia\/files\/2013\/03\/rheumatology1.gif\" alt=\"rheumatology\" width=\"130\" height=\"170\" \/><\/a><\/td>\n<td style=\"width: 200px\" align=\"left\" valign=\"top\"><a title=\"Rheumatology\" href=\"http:\/\/rheumatology.oxfordjournals.org\/\" target=\"_blank\">Rheumatology<\/a><\/p>\n<div><span style=\"font-size: x-small\">[Rheumatology es el \u00f3rgano de difusi\u00f3n oficial <a title=\"The British Society for Rheumatology\" href=\"http:\/\/www.rheumatology.org.uk\/\" target=\"_blank\">The British Society for Rheumatology<\/a>]<\/span><\/div>\n<\/td>\n<\/tr>\n<tr>\n<td style=\"width: 150px\" align=\"left\" valign=\"top\"><a title=\"Arthritis and rheumatism\" href=\"http:\/\/www.reumatologia.sld.cu\/arthritis-rheumatism#node-45\"><img loading=\"lazy\" style=\"float: left;margin-left: 2px;margin-right: 2px;border: 1px solid black\" src=\"http:\/\/articulos.sld.cu\/reumatologia\/files\/2013\/03\/arthritis-rheumatism22.jpg\" alt=\"Arthritis and rheumatism\" width=\"130\" height=\"170\" \/><\/a><\/td>\n<td style=\"width: 150px\" align=\"left\" valign=\"top\"><a title=\"Arthritis and rheumatism\" href=\"http:\/\/www.rheumatology.org\/publications\/ar\/index.asp\" target=\"_blank\">Arthritis and rheumatism<\/a><span style=\"font-size: x-small\">[Arthritis &amp; Rheumatism es el \u00f3rgano de difusi\u00f3n oficial del <a title=\"Colegio Americano de Reumatolog\u00eda\" href=\"http:\/\/www.rheumatology.org\/index.asp\" target=\"_blank\">Colegio Americano de Reumatolog\u00eda<\/a>]<\/span><\/td>\n<td style=\"width: 150px\" align=\"left\" valign=\"top\"><a title=\"Nature Reviews Rheumatology\" href=\"http:\/\/www.reumatologia.sld.cu\/nature-reviews-rheumatology#node-47\"><img loading=\"lazy\" style=\"float: left;margin: 2px;border: 1px solid black\" src=\"http:\/\/articulos.sld.cu\/reumatologia\/files\/2013\/03\/nature-reviews-rheumatology2.jpg\" alt=\"Nature Reviews Rheumatology\" width=\"130\" height=\"170\" \/><\/a><\/td>\n<td style=\"width: 150px\" align=\"left\" valign=\"top\"><a title=\"http:\/\/www.nature.com\/nrrheum\/index.html\" href=\"http:\/\/www.nature.com\/nrrheum\/index.html\" target=\"_blank\">Nature Reviews Rheumatology<\/a><span style=\"font-size: x-small\">[Nature Publishing Group launched the first <a title=\"Nature Publishing Group\" href=\"http:\/\/www.nature.com\/reviews\/index.html\" target=\"_blank\">Nature Reviews titles in 2000<\/a>]<\/span><\/td>\n<\/tr>\n<tr>\n<td style=\"width: 150px\" align=\"left\" valign=\"top\"><a title=\"Arthritis Care &amp; Research\" href=\"http:\/\/www.reumatologia.sld.cu\/arthritis-care-research#node-41\"><img loading=\"lazy\" style=\"float: left;margin: 2px;border: 1px solid black\" src=\"http:\/\/articulos.sld.cu\/reumatologia\/files\/2013\/03\/arthritis-care-research22.jpg\" alt=\"Arthritis Care &amp; Research\" width=\"130\" height=\"170\" \/><\/a><\/td>\n<td style=\"width: 150px\" align=\"left\" valign=\"top\"><span><a title=\"Arthritis Care &amp; Research\" href=\"http:\/\/www.rheumatology.org\/publications\/acr\/index.asp\" target=\"_blank\">Arthritis Care &amp; Research<\/a><\/span><span style=\"font-size: x-small\">Arthritis Care &amp; Research, an official journal of the <a title=\"American College of Rheumatology\" href=\"http:\/\/www.rheumatology.org\/index.asp\" target=\"_blank\">American College of Rheumatology<\/a><\/span><\/td>\n<td style=\"width: 150px\" align=\"left\" valign=\"top\"><a title=\"Osteoporosis International \tOsteoporosis International\" href=\"http:\/\/www.reumatologia.sld.cu\/osteoporosis-international#node-42\"><img loading=\"lazy\" style=\"float: left;margin: 2px;border: 1px solid black\" src=\"http:\/\/articulos.sld.cu\/reumatologia\/files\/2013\/03\/osteoporosis-international2.jpg\" alt=\"Osteoporosis International\" width=\"130\" height=\"170\" \/><\/a><\/td>\n<td style=\"width: 150px\" align=\"left\" valign=\"top\"><a title=\"http:\/\/link.springer.com\/journal\/198\" href=\"http:\/\/link.springer.com\/journal\/198\" target=\"_blank\">Osteoporosis International<\/a><span style=\"font-size: x-small\">[Initiative between the <a title=\"the International Osteoporosis Foundation\" href=\"http:\/\/www.iofbonehealth.org\/\" target=\"_blank\">International Osteoporosis Foundation<\/a> and the National Osteoporosis Foundation of the USA]<\/span><\/td>\n<\/tr>\n<tr>\n<td style=\"width: 150px\" align=\"left\" valign=\"top\"><a title=\"Annals of the rheumatic diseases\" href=\"http:\/\/ard.bmj.com\/content\/current\"><img loading=\"lazy\" style=\"margin: 2px;border: 1px solid black;float: left\" src=\"http:\/\/articulos.sld.cu\/reumatologia\/files\/2013\/03\/the-annals-of-the-rheumatic-diseases.gif\" alt=\"Annals of the rheumatic diseases\" width=\"130\" height=\"170\" \/><\/a><\/td>\n<td style=\"width: 150px\" align=\"left\" valign=\"top\"><a title=\"Annals of the rheumatic diseases\" href=\"http:\/\/ard.bmj.com\/content\/current\" target=\"_blank\">Annals of the rheumatic diseases<\/a><span style=\"font-size: x-small\"><span style=\"font-size: x-small\">[The Annals of Rheumatic Diseases es el \u00f3rgano de difusi\u00f3n la Liga de Asociaciones Europea de Reumatolog\u00eda <a title=\"EULAR\" href=\"http:\/\/www.eular.org\/\" target=\"_blank\">EULAR<\/a>]<\/span><\/span><\/td>\n<td style=\"width: 150px\" align=\"left\" valign=\"top\"><a title=\"Clinical Rheumatology\" href=\"http:\/\/www.reumatologia.sld.cu\/clinical-rheumatology#node-48\"><img loading=\"lazy\" style=\"float: left;margin: 2px;border: 1px solid black\" src=\"http:\/\/articulos.sld.cu\/reumatologia\/files\/2013\/03\/clinical-rheumatology2.jpg\" alt=\"Clinical rheumatology\" width=\"130\" height=\"170\" \/><\/a><\/td>\n<td style=\"width: 150px\" align=\"left\" valign=\"top\"><a title=\"Clinical rheumatology\" href=\"http:\/\/link.springer.com\/journal\/10067\" target=\"_blank\">Clinical rheumatology<\/a><span style=\"font-size: x-small\">[Clinical Rheumatology the official journal of the Belgian Rheumatology Society and the <a title=\"International League of Associations for Rheumatology\" href=\"http:\/\/www.ilar.org\/\" target=\"_blank\">ILAR<\/a>]<\/span><\/td>\n<\/tr>\n<tr>\n<td style=\"width: 150px\" align=\"left\" valign=\"top\"><a title=\"Reumatolog\u00eda cl\u00ednica\" href=\"http:\/\/www.reumatologia.sld.cu\/reumatologia-clinica#node-46\"><img loading=\"lazy\" style=\"float: left;margin: 2px;border: 1px solid black\" src=\"http:\/\/articulos.sld.cu\/reumatologia\/files\/2013\/02\/ruma-clinica.jpg\" alt=\"Reumatolog\u00eda Cl\u00ednica\" width=\"130\" height=\"170\" \/><\/a><\/td>\n<td style=\"width: 150px\" align=\"left\" valign=\"top\"><a title=\"Reumatolog\u00eda cl\u00ednica\" href=\"http:\/\/www.reumatologiaclinica.org\/es\/\" target=\"_blank\">Reumatolog\u00eda cl\u00ednica<\/a><span style=\"font-size: x-small\">[Reumatolog\u00eda Cl\u00ednica es el \u00f3rgano oficial de difusi\u00f3n cient\u00edfica de la <a title=\"SER\" href=\"http:\/\/www.reuma.org\/\" target=\"_blank\">Sociedad Espa\u00f1ola de Reumatolog\u00eda<\/a>\u00a0 y del Colegio Mexicano de Reumatolog\u00eda]<\/span><\/td>\n<td style=\"width: 150px\" align=\"left\" valign=\"top\"><a title=\"Arthritis and musculoskeletal disorders\" href=\"http:\/\/www.reumatologia.sld.cu\/arthritis-and-musculoskeletal-disorders#node-44\"><img loading=\"lazy\" style=\"margin: 2px;border: 1px solid black;float: left\" src=\"http:\/\/articulos.sld.cu\/reumatologia\/files\/2013\/03\/arthritis-and-musculoskeletal-disorders22.jpg\" alt=\"Arthritis and musculoskeletal disorders\" width=\"130\" height=\"170\" \/><\/a><\/td>\n<td style=\"width: 150px\" align=\"left\" valign=\"top\"><a title=\"Arthritis and musculoskeletal disorders\" href=\"http:\/\/www.la-press.com\/clinical-medicine-insights-arthritis-musculoskeletal-disorders-journal-j46\" target=\"_blank\">Arthritis and musculoskeletal disorder<\/a><span style=\"font-size: x-small\">[<a title=\"Arthritis and Musculoskeletal Disorders\" href=\"http:\/\/www.la-press.com\/journal_homepage.php\" target=\"_blank\">Clinical Medicine Insights<\/a>: Arthritis and Musculoskeletal Disorders is an international, open acces]<\/span><\/p>\n<p>&nbsp;<\/td>\n<\/tr>\n<tr>\n<td style=\"width: 150px;text-align: left;vertical-align: top\"><a title=\"Clinical and experimental rheumatology\" href=\"http:\/\/www.reumatologia.sld.cu\/clinical-and-experimental-rheumatology#node-40\"><img loading=\"lazy\" style=\"float: left;margin: 2px;border: 1px solid black\" src=\"http:\/\/articulos.sld.cu\/reumatologia\/files\/2013\/03\/clinical-and-experimental-rheumatology2.jpg\" alt=\"Clinical and experimental rheumatology \" width=\"130\" height=\"170\" \/><\/a><\/td>\n<td style=\"width: 150px\" align=\"left\" valign=\"top\"><a title=\"Clinical and experimental rheumatology \" href=\"http:\/\/www.clinexprheumatol.org\/\" target=\"_blank\">Clinical and experimental rheumatology<\/a><span style=\"font-size: x-small\"><span style=\"font-size: x-small\">[Plus all of the issues in our annual series &#8220;<a title=\"Contemporary Advances in Clinical Rheumatology\" href=\"http:\/\/www.clinexprheumatol.org\/articles-free.asp\" target=\"_blank\">Contemporary Advances in Clinical Rheumatology<\/a>&#8220;]<\/span><\/span><\/p>\n<p>&nbsp;<\/td>\n<td style=\"width: 150px\" align=\"left\" valign=\"top\"><a title=\"Pediatric Rheumatology\" href=\"http:\/\/www.reumatologia.sld.cu\/pediatric-rheumatology#node-39\"><img loading=\"lazy\" style=\"margin: 2px;border: 1px solid black;float: left\" src=\"http:\/\/articulos.sld.cu\/reumatologia\/files\/2013\/03\/reuma_pediatrica.jpg\" alt=\"Pediatric Rheumatology\" width=\"130\" height=\"170\" align=\"left\" border=\"1\" hspace=\"2\" vspace=\"0\" \/><\/a><\/td>\n<td style=\"width: 150px\" align=\"left\" valign=\"top\"><a title=\"Pediatric Rheumatology\" href=\"http:\/\/www.ped-rheum.com\/\" target=\"_blank\">Pediatric Rheumatology<\/a><span style=\"font-size: x-small\">[<a title=\"Pediatric Rheumatology\" href=\"http:\/\/www.ped-rheum.com\/about\" target=\"_blank\">Pediatric Rheumatology is an open access, peer-reviewed<\/a>, online journal of the\u00a0 Nationwide Children&#8217;s Hospital\/Ohio State University]<\/span><\/td>\n<\/tr>\n<tr>\n<td style=\"width: 150px\" align=\"left\" valign=\"top\"><a title=\"Revista Colombiana de Reumatolog\u00eda\" href=\"http:\/\/zl.elsevier.es\/es\/revista\/revista-colombiana-reumatologia-374\"><img style=\"float: left;margin: 2px;border: 1px solid black;width: 130px;height: 170px\" src=\"http:\/\/files.sld.cu\/reuma\/files\/2014\/11\/revista-colombiana-de-reumatologia.jpg\" alt=\"Revista Colombiana de Reumatolog\u00eda\" \/><\/a><\/td>\n<td style=\"width: 150px\" align=\"left\" valign=\"top\"><a title=\"Revista Colombiana de Reumatolog\u00eda\" href=\"http:\/\/zl.elsevier.es\/es\/revista\/revista-colombiana-reumatologia-374\" target=\"_blank\">Revista Colombiana de Reumatolog\u00eda<\/a><span style=\"font-size: 8pt;line-height: 115%;font-family: Arial, sans-serif\">Revista Colombiana de Reumatolog\u00eda, \u00f3rgano oficial de la Asociaci\u00f3n Colombiana de Reumatolog\u00eda<\/span><\/td>\n<td style=\"width: 150px\" align=\"left\" valign=\"top\"><\/td>\n<td style=\"width: 150px\" align=\"left\" valign=\"top\"><\/td>\n<\/tr>\n<\/tbody>\n<\/table>\n<p>&nbsp;<\/p>\n<\/div>\n<p>&nbsp;<\/p>\n<h2><\/h2>\n<h2><\/h2>\n<h2><\/h2>\n<h2><\/h2>\n<h2><\/h2>\n<h2><\/h2>\n<h2><\/h2>\n<h2><\/h2>\n<h2><\/h2>\n<h2><\/h2>\n<h2><\/h2>\n<h2><\/h2>\n<h2><\/h2>\n<h2><\/h2>\n<h2><\/h2>\n<h2><\/h2>\n<h2><\/h2>\n<h2><\/h2>\n<h2><\/h2>\n<h2><\/h2>\n<h2><\/h2>\n<h2><\/h2>\n<h2><\/h2>\n<h2><\/h2>\n<h2><\/h2>\n<h2><\/h2>\n<h2><\/h2>\n<h2><\/h2>\n<h2><\/h2>\n<h2><\/h2>\n<h2><\/h2>\n<h2><\/h2>\n<h2><\/h2>\n<h2><\/h2>\n<h2><\/h2>\n<h2><\/h2>\n<h2><strong>Otras publicaciones seriadas de reumatolog\u00eda <\/strong><\/h2>\n<table style=\"height: 500px\" dir=\"ltr\" width=\"500\" border=\"0\" cellspacing=\"2\" cellpadding=\"2\" align=\"left\">\n<tbody>\n<tr>\n<td style=\"width: 200px;height: 150px\" align=\"left\" valign=\"top\"><a title=\"SFE de Reumatolog\u00eda\" href=\"http:\/\/zl.elsevier.es\/es\/revista\/seminarios-fundacion-espanola-reumatologia-274\" target=\"_blank\"><img loading=\"lazy\" class=\"alignleft\" style=\"border: 1px solid black;margin: 2px\" src=\"http:\/\/articulos.sld.cu\/reumatologia\/files\/2013\/03\/seminarios-de-la-fundacion2.jpg\" alt=\"Seminarios de la Fundaci\u00f3n Espa\u00f1ola de Reumatolog\u00eda\" width=\"100\" height=\"140\" \/><\/a><\/td>\n<td align=\"left\" valign=\"top\"><a title=\"Revista Italiana de Reumatolog\u00eda\" href=\"http:\/\/www.reumatismo.org\/index.php\/reuma\" target=\"_blank\"><img loading=\"lazy\" class=\"alignleft\" style=\"margin: 2px;border: 1px solid black\" src=\"http:\/\/articulos.sld.cu\/reumatologia\/files\/2013\/03\/reumatismo2.jpg\" alt=\"reumatismo\" width=\"100\" height=\"140\" \/><\/a><\/td>\n<\/tr>\n<tr>\n<td style=\"height: 15px\" align=\"left\" valign=\"top\"><a title=\"Seminarios de la Fundaci\u00f3n Espa\u00f1ola de Reumatolog\u00eda\" href=\"http:\/\/zl.elsevier.es\/es\/revista\/seminarios-fundacion-espanola-reumatologia-274\" target=\"_blank\">SFE de Reumatolog\u00eda<\/a><\/td>\n<td align=\"left\" valign=\"top\"><a title=\"Revista italiana de Reumatolog\u00eda\" href=\"http:\/\/www.reumatismo.org\/index.php\/reuma\" target=\"_blank\">Revista Italiana de reumatolog\u00eda<\/a><\/td>\n<\/tr>\n<tr>\n<td align=\"left\" valign=\"top\"><a title=\"Rheuma plus\" href=\"http:\/\/www.springerlink.com\/content\/1868-260x\/?k=rheuma+plus\" target=\"_blank\"><img class=\"alignleft\" style=\"border: 1px solid black;margin: 2px;width: 100px;height: 140px;float: left\" src=\"http:\/\/articulos.sld.cu\/reumatologia\/files\/2012\/10\/rheuma-plus3.jpg\" alt=\"Rheuma plus\" \/><\/a><\/td>\n<td style=\"width: 150px;height: 150px\" align=\"left\" valign=\"top\"><a title=\"Revista peruana de Reumatolog\u00eda\" href=\"http:\/\/sisbib.unmsm.edu.pe\/BVRevistas\/reuma\/reumato.htm\" target=\"_blank\"><img loading=\"lazy\" style=\"float: left;margin: 2px;border: 1px solid black\" src=\"http:\/\/articulos.sld.cu\/reumatologia\/files\/2013\/03\/rev-peruana2.jpg\" alt=\"revista peruana de reumatolog\u00eda\" width=\"100\" height=\"140\" \/><\/a><\/td>\n<\/tr>\n<tr>\n<td align=\"left\" valign=\"top\"><a title=\"Rheuma plus\" href=\"http:\/\/www.springerlink.com\/content\/1868-260x\/?k=rheuma+plus\" target=\"_blank\">Rheuma plus<\/a><\/td>\n<td align=\"left\" valign=\"top\"><a title=\"Revista peruana de reumatolog\u00eda\" href=\"http:\/\/sisbib.unmsm.edu.pe\/BVRevistas\/reuma\/reumato.htm\" target=\"_blank\">Revista Peruana de Reumatolog\u00eda<\/a><\/td>\n<\/tr>\n<tr>\n<td align=\"left\" valign=\"top\"><a title=\"Rev Espa\u00f1ola de Enf Metabolicas \u00d3seas\" href=\"http:\/\/www.elsevier.es\/es\/revistas\/reemo-70\" target=\"_blank\"><img loading=\"lazy\" style=\"float: left;margin: 2px;border: 1px solid black\" src=\"http:\/\/articulos.sld.cu\/reumatologia\/files\/2013\/03\/rev-reemo.jpg\" alt=\"Rev. remodelado \u00f3seo\" width=\"100\" height=\"140\" \/><\/a><\/td>\n<td style=\"height: 150px\" align=\"left\" valign=\"top\"><a title=\"Revista de Osteoporosis y Metabolismo Mineral\" href=\"http:\/\/www.ibanezyplaza.com\/Biblio\/Biblio.asp?Idcabecera=112\" target=\"_blank\"><img loading=\"lazy\" class=\"alignleft\" style=\"border: 1px solid black;margin: 2px\" src=\"http:\/\/articulos.sld.cu\/reumatologia\/files\/2012\/10\/metabolismo_oseo2.jpg\" alt=\"ROMM\" width=\"100\" height=\"140\" \/><\/a><\/td>\n<\/tr>\n<tr>\n<td style=\"width: 250px;height: 15px\" align=\"left\" valign=\"top\"><a title=\"REEMO\" href=\"http:\/\/www.elsevier.es\/es\/revistas\/reemo-70\" target=\"_blank\">Rev Espa\u00f1ola de Enf Metabolicas \u00d3seas<\/a><\/td>\n<td style=\"width: 250px;height: 15px\" align=\"left\" valign=\"top\"><a title=\"Revista de Osteoporosis y Metabolismo Mineral\" href=\"http:\/\/www.ibanezyplaza.com\/Biblio\/Biblio.asp?Idcabecera=112\" target=\"_blank\">Revista de Osteoporosis y metabolismo <\/a><\/td>\n<\/tr>\n<tr>\n<td align=\"left\" valign=\"top\"><a title=\"Acta Portuguesa de Reumatolog\u00eda\" href=\"http:\/\/www.actareumatologica.pt\/\" target=\"_blank\"><img loading=\"lazy\" style=\"float: left;margin: 2px;border: 1px solid black\" src=\"http:\/\/articulos.sld.cu\/reumatologia\/files\/2013\/03\/acta-portuguesa2.jpg\" alt=\"Acta portuguesa de Reumatolog\u00eda\" width=\"100\" height=\"140\" \/><\/a><\/td>\n<td align=\"left\" valign=\"top\"><img loading=\"lazy\" style=\"float: left;margin: 2px;border: 1px solid black\" src=\"http:\/\/articulos.sld.cu\/reumatologia\/files\/2013\/03\/international-journal-of-rheumatic-diseases.gif\" alt=\"Journa international of rheumatic diseases\" width=\"100\" height=\"140\" \/><\/td>\n<\/tr>\n<tr>\n<td align=\"left\" valign=\"top\"><a title=\"Acta Portuguesa de Reumatolog\u00eda\" href=\"http:\/\/www.actareumatologica.pt\/\" target=\"_blank\">Acta Portuguesa de Reumatolog\u00eda<\/a><\/td>\n<td align=\"left\" valign=\"top\"><a title=\"Journa international of rheumatic diseases\" href=\"http:\/\/www.jautoimdis.com\/archive\" target=\"_blank\">Journal International Rheumatic Diseases<\/a><\/td>\n<\/tr>\n<tr>\n<td style=\"height: 150px\" align=\"left\" valign=\"top\"><a title=\"Reumatolog\u00eda al d\u00eda\" href=\"http:\/\/www.medicosecuador.com\/reumatologia_al_dia\/index.html\" target=\"_blank\"><img loading=\"lazy\" class=\"alignleft\" style=\"border: 1px solid black;margin: 2px\" src=\"http:\/\/articulos.sld.cu\/reumatologia\/files\/2013\/03\/reumatologia-al-dia2.jpg\" alt=\"Reumatolog\u00eda al d\u00eda\" width=\"100\" height=\"140\" \/><\/a><\/td>\n<td align=\"left\" valign=\"top\"><a title=\"Annals of the Rheumatic Diseases\" href=\"http:\/\/ard.bmj.com\/#global-tab-journals\" target=\"_blank\"><img loading=\"lazy\" class=\"alignleft\" style=\"margin: 2px;border: 1px solid black\" src=\"http:\/\/articulos.sld.cu\/reumatologia\/files\/2013\/03\/annals-of-the-rheumatic-diseases2.gif\" alt=\"Annals of the Rheumatic Diseases\" width=\"100\" height=\"140\" \/><\/a><\/td>\n<\/tr>\n<tr>\n<td align=\"left\" valign=\"top\"><a title=\"reumatolog\u00eda al d\u00eda\" href=\"http:\/\/www.medicosecuador.com\/reumatologia_al_dia\/index.html\" target=\"_blank\">Reumatolog\u00eda al d\u00eda<\/a><\/td>\n<td align=\"left\" valign=\"top\"><a title=\"Annals of the Rheumatic Diseases\" href=\"http:\/\/ard.bmj.com\/#global-tab-journals\" target=\"_blank\">Annals of the Rheumatic Diseases<\/a><\/td>\n<\/tr>\n<tr>\n<td align=\"left\" valign=\"top\"><a title=\"Revista Chilena de Reumatolog\u00eda\" href=\"http:\/\/www.sochire.cl\/revista-listado.php\" target=\"_blank\"><img loading=\"lazy\" style=\"float: left;margin: 2px;border: 1px solid black\" src=\"http:\/\/articulos.sld.cu\/reumatologia\/files\/2013\/03\/sochire_revista.jpg\" alt=\"Revista Chilena de Reumatolog\u00eda\" width=\"100\" height=\"140\" \/><\/a><\/td>\n<td align=\"left\" valign=\"top\"><a title=\"Carta reumatol\u00f3gica de Uruguay\" href=\"http:\/\/www.reumauruguay.org\/web\/images\/carta_reumatologica_2012.pdf\" target=\"_blank\"><img loading=\"lazy\" style=\"float: left;margin: 2px;border: 1px solid black\" src=\"http:\/\/articulos.sld.cu\/reumatologia\/files\/2013\/03\/reuma_carta_uruguay2.jpg\" alt=\"Carta reumatol\u00f3gica de Uruguay\" width=\"100\" height=\"140\" \/><\/a><\/td>\n<\/tr>\n<tr>\n<td><a title=\"Revista Chilena de Reumatolog\u00eda\" href=\"http:\/\/www.sochire.cl\/revista-listado.php\" target=\"_blank\">Revista Chilena de Reumatolog\u00eda<\/a><\/td>\n<td><a title=\"Carta reumatol\u00f3gica de Uruguay\" href=\"http:\/\/www.reumauruguay.org\/web\/images\/carta_reumatologica_2012.pdf\" target=\"_blank\">Carta Reumatol\u00f3gica de Uruguay<\/a><\/td>\n<\/tr>\n<tr>\n<td align=\"left\" valign=\"top\"><a title=\"Revista de la Sociedad Valenciana de Reumatolog\u00eda\" href=\"http:\/\/www.ibanezyplaza.com\/Biblio\/Biblio.asp?Idcabecera=109\" target=\"_blank\"><img style=\"float: left;margin: 2px;border: 1px solid black;width: 100px;height: 140px\" src=\"http:\/\/articulos.sld.cu\/reumatologia\/files\/2013\/03\/rev-svalenciana-reuma2.jpg\" alt=\"Revista valenciana de reumatolog\u00eda\" \/><\/a><\/td>\n<td align=\"left\" valign=\"top\"><a title=\"Revista de la Sociedad Argentina de Reumatolog\u00eda\" href=\"http:\/\/www.revistasar.org.ar\/revistas.php\" target=\"_blank\"><img style=\"width: 100px;height: 140px;float: left;border-width: 1px;border-style: solid;margin: 2px\" src=\"http:\/\/files.sld.cu\/reuma\/files\/2014\/12\/rev-argentina-reuma.jpg\" alt=\"Revista Argentina de Reumatolog\u00eda\" \/><\/a><\/td>\n<\/tr>\n<tr>\n<td align=\"left\" valign=\"top\"><a title=\"Revista de la Sociedad Valenciana de Reumatolog\u00eda\" href=\"http:\/\/www.ibanezyplaza.com\/Biblio\/Biblio.asp?Idcabecera=109\" target=\"_blank\">Revista Valenciana de Reumatolog\u00eda<\/a><\/td>\n<td align=\"left\" valign=\"top\"><a title=\"Revista de la Sociedad Argentina de Reumatolog\u00eda\" href=\"http:\/\/www.revistasar.org.ar\/\" target=\"_blank\">Revista de la Sociedad Argentina de Reumatolog\u00eda<\/a><\/td>\n<\/tr>\n<tr>\n<td><a title=\"Revista Espa\u00f1ola de Reumatolog\u00eda\" href=\"http:\/\/zl.elsevier.es\/en\/revista\/revista-espanola-reumatologia-29\/numeros-anteriores\" target=\"_blank\"><img style=\"width: 100px;height: 140px;border-width: 1px;border-style: solid;margin: 2px;float: left\" src=\"http:\/\/files.sld.cu\/reuma\/files\/2015\/01\/revista-espanola-de-reumatologia.jpg\" alt=\"Revista Espa\u00f1ola de Reumatolog\u00eda\" \/><\/a><\/td>\n<td><\/td>\n<\/tr>\n<tr>\n<td><a title=\"Revista Espa\u00f1ola de Reumatolog\u00eda\" href=\"http:\/\/zl.elsevier.es\/en\/revista\/revista-espanola-reumatologia-29\/numeros-anteriores\" target=\"_blank\">Revista Espa\u00f1ola de Reumatolog\u00eda<\/a><\/p>\n<p>A\u00f1os <a title=\"Revista Espa\u00f1ola de Reumatolog\u00eda Enero-Diciembre 1995 - Volumen 22\" href=\"http:\/\/www.ser.es\/publicaciones\/Revistas\/Revista_RER\/RER01.php\" target=\"_blank\">1995<\/a> \u00a0<a title=\"Revista Espa\u00f1ola de Reumatolog\u00eda Enero-Diciembre 1996 - Volumen 23 \" href=\"http:\/\/www.ser.es\/publicaciones\/Revistas\/Revista_RER\/RER02.php\" target=\"_blank\">1996<\/a> \u00a0<a title=\"Revista Espa\u00f1ola de Reumatolog\u00eda Enero-Diciembre 1997 - Volumen 24\" href=\"http:\/\/www.ser.es\/publicaciones\/Revistas\/Revista_RER\/RER03.php\" target=\"_blank\">1997<\/a><\/td>\n<td><\/td>\n<\/tr>\n<tr>\n<td><\/td>\n<td><\/td>\n<\/tr>\n<tr>\n<td><\/td>\n<td><\/td>\n<\/tr>\n<\/tbody>\n<\/table>\n<p>&nbsp;<\/p>\n<p>&nbsp;<\/p>\n<p>&nbsp;<\/p>\n<p>&nbsp;<\/p>\n<p>&nbsp;<\/p>\n","protected":false},"excerpt":{"rendered":"<p>Revistas nucleo de reumatolog\u00eda Revistas n\u00facleo de la especialidad de reumatolog\u00eda. Publicaciones seriadas de mayor \u00edndice de impacto a nivel internacional, que marcan los art\u00edculos m\u00e1s significativos de investigaci\u00f3n, terap\u00e9uticos y epidemiol\u00f3gico dentro de esta especialidad, algunas de ellas brindan la posibilidad de acceso completo a sus trabajos, otras solo a unos art\u00edculos determinados, o [&hellip;]<\/p>\n","protected":false},"author":140,"featured_media":0,"parent":0,"menu_order":1,"comment_status":"open","ping_status":"open","template":"","meta":[],"_links":{"self":[{"href":"https:\/\/blogs.sld.cu\/reumatologia\/wp-json\/wp\/v2\/pages\/171"}],"collection":[{"href":"https:\/\/blogs.sld.cu\/reumatologia\/wp-json\/wp\/v2\/pages"}],"about":[{"href":"https:\/\/blogs.sld.cu\/reumatologia\/wp-json\/wp\/v2\/types\/page"}],"author":[{"embeddable":true,"href":"https:\/\/blogs.sld.cu\/reumatologia\/wp-json\/wp\/v2\/users\/140"}],"replies":[{"embeddable":true,"href":"https:\/\/blogs.sld.cu\/reumatologia\/wp-json\/wp\/v2\/comments?post=171"}],"version-history":[{"count":4,"href":"https:\/\/blogs.sld.cu\/reumatologia\/wp-json\/wp\/v2\/pages\/171\/revisions"}],"predecessor-version":[{"id":174,"href":"https:\/\/blogs.sld.cu\/reumatologia\/wp-json\/wp\/v2\/pages\/171\/revisions\/174"}],"wp:attachment":[{"href":"https:\/\/blogs.sld.cu\/reumatologia\/wp-json\/wp\/v2\/media?parent=171"}],"curies":[{"name":"wp","href":"https:\/\/api.w.org\/{rel}","templated":true}]}}