{"id":181,"date":"2015-01-18T15:49:56","date_gmt":"2015-01-18T15:49:56","guid":{"rendered":"http:\/\/blogs.sld.cu\/reumatologia\/?page_id=181"},"modified":"2024-06-03T02:22:49","modified_gmt":"2024-06-03T02:22:49","slug":"recursos-educativos","status":"publish","type":"page","link":"https:\/\/blogs.sld.cu\/reumatologia\/recursos-educativos\/","title":{"rendered":"Recursos educativos"},"content":{"rendered":"<p><strong><span style=\"line-height: 115%;font-family: 'Calibri','sans-serif';font-size: 11.0pt;color: #003300\">AULA VIRTUAL<\/span><\/strong><\/p>\n<ul>\n<li><a title=\"Universidad virtual de salud de Cuba\" href=\"http:\/\/www.uvirtual.sld.cu\/\" target=\"_blank\" rel=\"noopener\">Universidad virtual de salud<\/a><\/li>\n<li><a title=\"Aula virtual\" href=\"http:\/\/aulauvs.sld.cu\/\" target=\"_blank\" rel=\"noopener\">Aula virtual de la UVS<\/a><\/li>\n<li><a title=\"Campus virtual regional\" href=\"http:\/\/www.campusvirtualsp.org\/\" target=\"_blank\" rel=\"noopener\">Campus virtual<\/a><\/li>\n<li><a title=\"Centro virtual para el aprendizaje y la investigaci\u00f3n en salud\" href=\"http:\/\/www.hlg.sld.cu\/alfin\/\" target=\"_blank\" rel=\"noopener\">Centro virtual para el aprendizaje y la investigaci\u00f3n en salud<\/a><\/li>\n<\/ul>\n<p><strong><span style=\"font-family: Calibri, sans-serif;font-size: 11pt;line-height: 17px;color: #003300\">BIBLIOTECA VIRTUAL<\/span><\/strong><\/p>\n<ul>\n<li><a title=\"aula virtual de reumatolog\u00eda Manuel Lombas Grac\u00eda\" href=\"http:\/\/www.sld.cu\/sitios\/reumatologia\/verpost.php?blog=http:\/\/articulos.sld.cu\/reumatologia\/&amp;post_id=4160&amp;tipo=1&amp;n=dz\" target=\"_blank\" rel=\"noopener\">Aula virtual de reumatolog\u00eda<\/a><\/li>\n<li><a title=\"Repositorio de tesis\" href=\"http:\/\/www.reumatologia.sld.cu\/repositorio-de-tesis\">Tesis<\/a><\/li>\n<li><a title=\"Art\u00edculos de la especialidad\" href=\"http:\/\/www.reumatologia.sld.cu\/articulos-de-la-especialidad#node-64\" target=\"_top\" rel=\"noopener\">Art\u00edculos<\/a><\/li>\n<li><a title=\"Herramientas para el c\u00e1lculo de diferentes medidas necesarias en la especialidad de reumatolog\u00eda\" href=\"http:\/\/www.reumatologia.sld.cu\/utilidades#node-177\" target=\"_blank\" rel=\"noopener\">Utilidades<\/a><\/li>\n<\/ul>\n<p><strong><span style=\"font-family: Calibri, sans-serif;font-size: 11pt;line-height: 17px;color: #003300\">CL\u00cdNICA VIRTUAL<\/span><\/strong><\/p>\n<ul>\n<li><a title=\"Criterios diagn\u00f3sticos de uso en Reumatolog\u00eda\" href=\"http:\/\/www.reumatologia.sld.cu\/criterios-diagnosticos-de-uso-en-reumatologia#node-63\" target=\"_top\" rel=\"noopener\">Criterios cl\u00ednicos<\/a><\/li>\n<li><span style=\"line-height: 20px\"><a title=\"Escalas y medidas de uso en Reumatolog\u00eda\" href=\"http:\/\/www.reumatologia.sld.cu\/escalas-y-medidas-de-uso-en-reumatologia#node-62\" target=\"_top\" rel=\"noopener\">Escalas y medidas<\/a><\/span><\/li>\n<li><a title=\"Gu\u00edas pr\u00e1cticas y cl\u00ednicas en el diagn\u00f3stico de la enfermedades reum\u00e1ticas\" href=\"http:\/\/www.reumatologia.sld.cu\/guias-practicas-y-clinicas-para-el-estudio-dianostico-pronostico-y-tratamientos-de-enfermedades-reum#node-61\" target=\"_top\" rel=\"noopener\">Gu\u00edas cl\u00ednicas<\/a><\/li>\n<li><a title=\"Protocolos de diagn\u00f3sticos y tratamientos en enfermedades reum\u00e1ticas y otras afines\" href=\"http:\/\/www.reumatologia.sld.cu\/protocolos-de-diagnosticos-y-tratamientos-en-enfermedades-reumaticas-y-otras-afines#node-155\" target=\"_self\" rel=\"noopener\">Protocolos<\/a><\/li>\n<li><a title=\"Documento de consenso en la atenci\u00f3n a enfermedades cr\u00f3nicas\" href=\"http:\/\/www.reumatologia.sld.cu\/documento-de-consenso-en-la-atencion-enfermedades-cronicas#node-156\" target=\"_self\" rel=\"noopener\">Consensos<\/a><\/li>\n<li><a title=\"S\u00edndromes y enfermedades poco comunes en reumatolog\u00eda\" href=\"http:\/\/www.reumatologia.sld.cu\/sindromes-y-enfermedades-poco-comunes-en-reumatologia#node-65\" target=\"_top\" rel=\"noopener\">S\u00edndromes<\/a><\/li>\n<li><a title=\"F\u00e1rmacos de uso com\u00fan en Reumatolog\u00eda\" href=\"http:\/\/www.reumatologia.sld.cu\/farmacos-de-uso-comun-en-reumatologia#node-69\" target=\"_top\" rel=\"noopener\">F\u00e1rmacos<\/a><\/li>\n<\/ul>\n","protected":false},"excerpt":{"rendered":"<p>AULA VIRTUAL Universidad virtual de salud Aula virtual de la UVS Campus virtual Centro virtual para el aprendizaje y la investigaci\u00f3n en salud BIBLIOTECA VIRTUAL Aula virtual de reumatolog\u00eda Tesis Art\u00edculos Utilidades CL\u00cdNICA VIRTUAL Criterios cl\u00ednicos Escalas y medidas Gu\u00edas cl\u00ednicas Protocolos Consensos S\u00edndromes F\u00e1rmacos<\/p>\n","protected":false},"author":140,"featured_media":0,"parent":0,"menu_order":0,"comment_status":"open","ping_status":"open","template":"","meta":[],"_links":{"self":[{"href":"https:\/\/blogs.sld.cu\/reumatologia\/wp-json\/wp\/v2\/pages\/181"}],"collection":[{"href":"https:\/\/blogs.sld.cu\/reumatologia\/wp-json\/wp\/v2\/pages"}],"about":[{"href":"https:\/\/blogs.sld.cu\/reumatologia\/wp-json\/wp\/v2\/types\/page"}],"author":[{"embeddable":true,"href":"https:\/\/blogs.sld.cu\/reumatologia\/wp-json\/wp\/v2\/users\/140"}],"replies":[{"embeddable":true,"href":"https:\/\/blogs.sld.cu\/reumatologia\/wp-json\/wp\/v2\/comments?post=181"}],"version-history":[{"count":5,"href":"https:\/\/blogs.sld.cu\/reumatologia\/wp-json\/wp\/v2\/pages\/181\/revisions"}],"predecessor-version":[{"id":1012,"href":"https:\/\/blogs.sld.cu\/reumatologia\/wp-json\/wp\/v2\/pages\/181\/revisions\/1012"}],"wp:attachment":[{"href":"https:\/\/blogs.sld.cu\/reumatologia\/wp-json\/wp\/v2\/media?parent=181"}],"curies":[{"name":"wp","href":"https:\/\/api.w.org\/{rel}","templated":true}]}}