{"id":14,"date":"2018-03-06T17:07:24","date_gmt":"2018-03-06T17:07:24","guid":{"rendered":"http:\/\/blogs.sld.cu\/revistareumatologia\/?page_id=14"},"modified":"2018-03-06T17:09:35","modified_gmt":"2018-03-06T17:09:35","slug":"acerca-de","status":"publish","type":"page","link":"https:\/\/blogs.sld.cu\/revistareumatologia\/acerca-de","title":{"rendered":"Acerca de"},"content":{"rendered":"<p>Enfoque y alcance: La Revista Cubana de Reumatolog\u00eda es una publicaci\u00f3n seriada m\u00e9dico-cient\u00edfica dirigida a los profesionales y t\u00e9cnicos en el campo de la salud, que tengan relaci\u00f3n con la especialidad de reumatolog\u00eda o afines, entre las que se encuentran Medicina Interna, Inmunolog\u00eda, Ortopedia, Fisioterapia y Rehabilitaci\u00f3n, Atenci\u00f3n Primaria de Salud, entre otras.<\/p>\n<p>Misi\u00f3n: Publicar art\u00edculos m\u00e9dicos cient\u00edficos y docentes, preferentemente originales, de autores nacionales y extranjeros en la especialidad de reumatolog\u00eda y otras mencionadas anteriormente, adem\u00e1s de incluir, revisiones bibliogr\u00e1ficas, actualizaciones de temas,<\/p>\n","protected":false},"excerpt":{"rendered":"<p>Enfoque y alcance: La Revista Cubana de Reumatolog\u00eda es una publicaci\u00f3n seriada m\u00e9dico-cient\u00edfica dirigida a los profesionales y t\u00e9cnicos en el campo de la salud, que tengan relaci\u00f3n con la especialidad de reumatolog\u00eda o afines, entre las que se encuentran Medicina Interna, Inmunolog\u00eda, Ortopedia, Fisioterapia y Rehabilitaci\u00f3n, Atenci\u00f3n Primaria de Salud, entre otras. Misi\u00f3n: Publicar [&hellip;]<\/p>\n","protected":false},"author":109,"featured_media":0,"parent":0,"menu_order":0,"comment_status":"open","ping_status":"open","template":"","meta":[],"_links":{"self":[{"href":"https:\/\/blogs.sld.cu\/revistareumatologia\/wp-json\/wp\/v2\/pages\/14"}],"collection":[{"href":"https:\/\/blogs.sld.cu\/revistareumatologia\/wp-json\/wp\/v2\/pages"}],"about":[{"href":"https:\/\/blogs.sld.cu\/revistareumatologia\/wp-json\/wp\/v2\/types\/page"}],"author":[{"embeddable":true,"href":"https:\/\/blogs.sld.cu\/revistareumatologia\/wp-json\/wp\/v2\/users\/109"}],"replies":[{"embeddable":true,"href":"https:\/\/blogs.sld.cu\/revistareumatologia\/wp-json\/wp\/v2\/comments?post=14"}],"version-history":[{"count":3,"href":"https:\/\/blogs.sld.cu\/revistareumatologia\/wp-json\/wp\/v2\/pages\/14\/revisions"}],"predecessor-version":[{"id":22,"href":"https:\/\/blogs.sld.cu\/revistareumatologia\/wp-json\/wp\/v2\/pages\/14\/revisions\/22"}],"wp:attachment":[{"href":"https:\/\/blogs.sld.cu\/revistareumatologia\/wp-json\/wp\/v2\/media?parent=14"}],"curies":[{"name":"wp","href":"https:\/\/api.w.org\/{rel}","templated":true}]}}