{"id":164,"date":"2012-03-02T13:54:11","date_gmt":"2012-03-02T17:54:11","guid":{"rendered":"http:\/\/blogviejo.sld.cu\/serrevir\/?page_id=164"},"modified":"2012-03-02T13:54:11","modified_gmt":"2012-03-02T17:54:11","slug":"todo-sobre-jose-marti","status":"publish","type":"page","link":"https:\/\/blogs.sld.cu\/serrevir\/todo-sobre-jose-marti\/","title":{"rendered":"Jos\u00e9 Mart\u00ed y la Salud P\u00fablica"},"content":{"rendered":"<p><a href=\"http:\/\/blogs.sld.cu\/serrevir\/files\/2012\/03\/Reflexiones-de-Jos\u00e9-Mart\u00ed-sobre-Medicina-y-salud1.doc\">Reflexiones de Jos\u00e9 Mart\u00ed sobre Medicina y salud<\/a><\/p>\n<p><a href=\"http:\/\/blogs.sld.cu\/serrevir\/files\/2012\/03\/Mart\u00ed-y-la-medicina-cubana.doc\">Mart\u00ed y la medicina cubana<\/a><\/p>\n<p><a href=\"http:\/\/blogs.sld.cu\/serrevir\/files\/2012\/03\/Jos\u00e9-Mart\u00ed-1853-1895.pdf\">Jos\u00e9 Mart\u00ed (1853-1895)<\/a><\/p>\n<p><a href=\"http:\/\/blogs.sld.cu\/serrevir\/files\/2012\/03\/Mart\u00ed-y-la-Salud-P\u00fablica1.doc\">Mart\u00ed y la Salud P\u00fablica<\/a><\/p>\n<p><a href=\"http:\/\/blogs.sld.cu\/serrevir\/files\/2012\/03\/Criterios-de-Jos\u00e9-Mart\u00ed-sobre-la-medicina-y-la-salud.doc\">Criterios de Jos\u00e9 Mart\u00ed sobre la medicina y la salud<\/a><\/p>\n<p><a href=\"http:\/\/www.fenix.co.cu\/marti\/JoseMartiH.htm\" target=\"_blank\">Jos\u00e9 Mart\u00ed, H\u00e9roe Nacional de la Rep\u00fablica de Cuba<\/a><\/p>\n","protected":false},"excerpt":{"rendered":"<p>Reflexiones de Jos\u00e9 Mart\u00ed sobre Medicina y salud Mart\u00ed y la medicina cubana Jos\u00e9 Mart\u00ed (1853-1895) Mart\u00ed y la Salud P\u00fablica Criterios de Jos\u00e9 Mart\u00ed sobre la medicina y la salud Jos\u00e9 Mart\u00ed, H\u00e9roe Nacional de la Rep\u00fablica de Cuba<\/p>\n","protected":false},"author":191,"featured_media":0,"parent":0,"menu_order":0,"comment_status":"open","ping_status":"open","template":"","meta":[],"_links":{"self":[{"href":"https:\/\/blogs.sld.cu\/serrevir\/wp-json\/wp\/v2\/pages\/164"}],"collection":[{"href":"https:\/\/blogs.sld.cu\/serrevir\/wp-json\/wp\/v2\/pages"}],"about":[{"href":"https:\/\/blogs.sld.cu\/serrevir\/wp-json\/wp\/v2\/types\/page"}],"author":[{"embeddable":true,"href":"https:\/\/blogs.sld.cu\/serrevir\/wp-json\/wp\/v2\/users\/191"}],"replies":[{"embeddable":true,"href":"https:\/\/blogs.sld.cu\/serrevir\/wp-json\/wp\/v2\/comments?post=164"}],"version-history":[{"count":0,"href":"https:\/\/blogs.sld.cu\/serrevir\/wp-json\/wp\/v2\/pages\/164\/revisions"}],"wp:attachment":[{"href":"https:\/\/blogs.sld.cu\/serrevir\/wp-json\/wp\/v2\/media?parent=164"}],"curies":[{"name":"wp","href":"https:\/\/api.w.org\/{rel}","templated":true}]}}

José Martí y la Salud Pública

<p><a href="http://blogs.sld.cu/serrevir/files/2012/03/Reflexiones-de-José-Martí-sobre-Medicina-y-salud1.doc">Reflexiones de José Martí sobre Medicina y salud</a></p>
<p><a href="http://blogs.sld.cu/serrevir/files/2012/03/Martí-y-la-medicina-cubana.doc">Martí y la medicina cubana</a></p>
<p><a href="http://blogs.sld.cu/serrevir/files/2012/03/José-Martí-1853-1895.pdf">José Martí (1853-1895)</a></p>
<p><a href="http://blogs.sld.cu/serrevir/files/2012/03/Martí-y-la-Salud-Pública1.doc">Martí y la Salud Pública</a></p>
<p><a href="http://blogs.sld.cu/serrevir/files/2012/03/Criterios-de-José-Martí-sobre-la-medicina-y-la-salud.doc">Criterios de José Martí sobre la medicina y la salud</a></p>
<p><a href="http://www.fenix.co.cu/marti/JoseMartiH.htm" target="_blank">José Martí, Héroe Nacional de la República de Cuba</a></p>

<p>Reflexiones de José Martí sobre Medicina y salud Martí y la medicina cubana José Martí (1853-1895) Martí y la Salud Pública Criterios de José Martí sobre la medicina y la salud José Martí, Héroe Nacional de la República de Cuba</p>
