{"id":12,"date":"2022-01-26T21:48:34","date_gmt":"2022-01-26T21:48:34","guid":{"rendered":"https:\/\/blogs.sld.cu\/sindromecoronarioagudo\/?page_id=12"},"modified":"2022-05-11T20:58:28","modified_gmt":"2022-05-11T20:58:28","slug":"acerca-de","status":"publish","type":"page","link":"https:\/\/blogs.sld.cu\/sindromecoronarioagudo\/acerca-de\/","title":{"rendered":"Acerca de"},"content":{"rendered":"<p>Este sitio forma parte del Portal de Enfermedades de Infomed, red de personas e instituciones que trabajan para que la informaci\u00f3n y el conocimiento lleguen a todos. En nuestro sitio usted podr\u00e1 encontrar informaci\u00f3n acerca de el <strong>S\u00edndrome coronario agudo<\/strong>\u00bfQu\u00e9 es ? \u00bfQu\u00e9 lo causa? \u00bfCu\u00e1les son los s\u00edntomas? \u00bfSe puede tratar\u00a0\u00a0 con medicamentos? \u00bfQu\u00e9 puede usted hacer para cuidarse? Estas y otras interrogantes ser\u00e1n respondidas a trav\u00e9s de las secciones que integran este espacio.<\/p>\n<p>Elasesor\u00a0 del sitio es el <strong>Dr. Alain Guti\u00e9rrez L\u00f3pez<\/strong>, especialista de Primer Grado en Cardiolog\u00eda. .<\/p>\n<p>El <strong>S\u00edndrome coronario agudo (SCA)<\/strong> es un t\u00e9rmino que agrupa varias enfermedades que involucran al coraz\u00f3n y a su capa media muscular, llamada miocardio.\u00a0 Las anginas, el infarto del miocardio, forman parte de este grupo de enfermedades que interrumpen total o parcialmente, el flujo de sangre al coraz\u00f3n de ah\u00ed que constituyan un grave problema de salud, y \u00a0una urgencia m\u00e9dica.<\/p>\n","protected":false},"excerpt":{"rendered":"<p>Este sitio forma parte del Portal de Enfermedades de Infomed, red de personas e instituciones que trabajan para que la informaci\u00f3n y el conocimiento lleguen a todos. En nuestro sitio usted podr\u00e1 encontrar informaci\u00f3n acerca de el S\u00edndrome coronario agudo\u00bfQu\u00e9 es ? \u00bfQu\u00e9 lo causa? \u00bfCu\u00e1les son los s\u00edntomas? \u00bfSe puede tratar\u00a0\u00a0 con medicamentos? \u00bfQu\u00e9 [&hellip;]<\/p>\n","protected":false},"author":208,"featured_media":0,"parent":0,"menu_order":0,"comment_status":"closed","ping_status":"closed","template":"","meta":[],"_links":{"self":[{"href":"https:\/\/blogs.sld.cu\/sindromecoronarioagudo\/wp-json\/wp\/v2\/pages\/12"}],"collection":[{"href":"https:\/\/blogs.sld.cu\/sindromecoronarioagudo\/wp-json\/wp\/v2\/pages"}],"about":[{"href":"https:\/\/blogs.sld.cu\/sindromecoronarioagudo\/wp-json\/wp\/v2\/types\/page"}],"author":[{"embeddable":true,"href":"https:\/\/blogs.sld.cu\/sindromecoronarioagudo\/wp-json\/wp\/v2\/users\/208"}],"replies":[{"embeddable":true,"href":"https:\/\/blogs.sld.cu\/sindromecoronarioagudo\/wp-json\/wp\/v2\/comments?post=12"}],"version-history":[{"count":7,"href":"https:\/\/blogs.sld.cu\/sindromecoronarioagudo\/wp-json\/wp\/v2\/pages\/12\/revisions"}],"predecessor-version":[{"id":85,"href":"https:\/\/blogs.sld.cu\/sindromecoronarioagudo\/wp-json\/wp\/v2\/pages\/12\/revisions\/85"}],"wp:attachment":[{"href":"https:\/\/blogs.sld.cu\/sindromecoronarioagudo\/wp-json\/wp\/v2\/media?parent=12"}],"curies":[{"name":"wp","href":"https:\/\/api.w.org\/{rel}","templated":true}]}}