{"id":15,"date":"2022-01-26T21:22:23","date_gmt":"2022-01-26T21:22:23","guid":{"rendered":"https:\/\/blogs.sld.cu\/sindromecoronarioagudo\/?page_id=15"},"modified":"2022-05-12T21:23:00","modified_gmt":"2022-05-12T21:23:00","slug":"causas-sintomas","status":"publish","type":"page","link":"https:\/\/blogs.sld.cu\/sindromecoronarioagudo\/causas-sintomas\/","title":{"rendered":"Causas\/S\u00edntomas"},"content":{"rendered":"<h3>Causas<\/h3>\n<p>Los <strong>Factores de riesgo<\/strong> de la enfermedad coronaria son diversos, desde una alimentacion inapropiada, una vida sedentaria, el consumo de sustancias nocivas como alcohol, tabaco y drogas.<\/p>\n<h3>Causas<\/h3>\n<p>Las coronarias igual que otros vasos pueden obstruirse por placas de ateroma que interrumpen el flujo normal de sangre al coraz\u00f3n y por tanto la oxigenaci\u00f3n de las c\u00e9lulas, causando isquemia en el tejido y muerte de las c\u00e9lulas si el tiempo se prolonga. Al morir las c\u00e9lulas del miocardio, hablamos de Unfarto.<\/p>\n<h3><\/h3>\n<p>&nbsp;<\/p>\n<p>Las<img loading=\"lazy\" class=\"alignnone wp-image-54 size-full\" src=\"https:\/\/blogs.sld.cu\/sindromecoronarioagudo\/files\/2022\/02\/dolorrrrrrrrrr.jpg\" alt=\"Evita los k\u00e1bitos t\u00f3xicos cuida tu coraz\u00f3n\" width=\"297\" height=\"170\" srcset=\"https:\/\/blogs.sld.cu\/sindromecoronarioagudo\/files\/2022\/02\/dolorrrrrrrrrr.jpg 297w, https:\/\/blogs.sld.cu\/sindromecoronarioagudo\/files\/2022\/02\/dolorrrrrrrrrr-250x143.jpg 250w\" sizes=\"(max-width: 297px) 100vw, 297px\" \/><\/p>\n<h3><\/h3>\n<h3>S\u00edntomas<\/h3>\n<p>El diagn\u00f3stico es cl\u00ednico y constituye una urgencia m\u00e9dica. Se requiere de electrocardiograma y analisis de imagenes<\/p>\n<p>&nbsp;<\/p>\n<p>Los s\u00edntomas var\u00edan.<\/p>\n<p>Angustia, Ddolor en el pecho, falta de aire sudoraci\u00f3n, dolor reflejo en el brazo izquierdo desde el hombro hasta la mano, mand\u00edbula y\u00a0 est\u00f3mago.dolor abdominal. Las Anginas,del latin, quiere decir ahogamiento, opresi\u00f2n y hace referencia a uno de los sintomas. las Anginas pueden ser estables e inestables.<\/p>\n","protected":false},"excerpt":{"rendered":"<p>Causas Los Factores de riesgo de la enfermedad coronaria son diversos, desde una alimentacion inapropiada, una vida sedentaria, el consumo de sustancias nocivas como alcohol, tabaco y drogas. Causas Las coronarias igual que otros vasos pueden obstruirse por placas de ateroma que interrumpen el flujo normal de sangre al coraz\u00f3n y por tanto la oxigenaci\u00f3n [&hellip;]<\/p>\n","protected":false},"author":208,"featured_media":0,"parent":0,"menu_order":0,"comment_status":"closed","ping_status":"closed","template":"","meta":[],"_links":{"self":[{"href":"https:\/\/blogs.sld.cu\/sindromecoronarioagudo\/wp-json\/wp\/v2\/pages\/15"}],"collection":[{"href":"https:\/\/blogs.sld.cu\/sindromecoronarioagudo\/wp-json\/wp\/v2\/pages"}],"about":[{"href":"https:\/\/blogs.sld.cu\/sindromecoronarioagudo\/wp-json\/wp\/v2\/types\/page"}],"author":[{"embeddable":true,"href":"https:\/\/blogs.sld.cu\/sindromecoronarioagudo\/wp-json\/wp\/v2\/users\/208"}],"replies":[{"embeddable":true,"href":"https:\/\/blogs.sld.cu\/sindromecoronarioagudo\/wp-json\/wp\/v2\/comments?post=15"}],"version-history":[{"count":12,"href":"https:\/\/blogs.sld.cu\/sindromecoronarioagudo\/wp-json\/wp\/v2\/pages\/15\/revisions"}],"predecessor-version":[{"id":93,"href":"https:\/\/blogs.sld.cu\/sindromecoronarioagudo\/wp-json\/wp\/v2\/pages\/15\/revisions\/93"}],"wp:attachment":[{"href":"https:\/\/blogs.sld.cu\/sindromecoronarioagudo\/wp-json\/wp\/v2\/media?parent=15"}],"curies":[{"name":"wp","href":"https:\/\/api.w.org\/{rel}","templated":true}]}}