{"id":17,"date":"2022-01-26T21:24:09","date_gmt":"2022-01-26T21:24:09","guid":{"rendered":"https:\/\/blogs.sld.cu\/sindromecoronarioagudo\/?page_id=17"},"modified":"2022-05-12T22:00:57","modified_gmt":"2022-05-12T22:00:57","slug":"diagnostico","status":"publish","type":"page","link":"https:\/\/blogs.sld.cu\/sindromecoronarioagudo\/diagnostico\/","title":{"rendered":"Diagn\u00f3stico\/ Tratamiento"},"content":{"rendered":"<p><img loading=\"lazy\" class=\"alignnone size-full wp-image-36\" src=\"https:\/\/blogs.sld.cu\/sindromecoronarioagudo\/files\/2022\/02\/sca.jpg\" alt=\"Im\u00e7agenes radiol\u00f3gicas del coraz\u00f3n\" width=\"224\" height=\"225\" srcset=\"https:\/\/blogs.sld.cu\/sindromecoronarioagudo\/files\/2022\/02\/sca.jpg 224w, https:\/\/blogs.sld.cu\/sindromecoronarioagudo\/files\/2022\/02\/sca-150x150.jpg 150w\" sizes=\"(max-width: 224px) 100vw, 224px\" \/><\/p>\n<p>Constituye una urgencia .Requiere diagn\u00f3stico y tratamiento m\u00e9dico hospitalario. El diagn\u00f3stico es cl\u00ednico y requiere de an\u00e1lisis imaginol\u00f3gico y electrocardiogr\u00e1fico.<\/p>\n<ul>\n<li><strong>Electrocardiograma (ECG)<\/strong> &#8212; La auscultacion con el estetoscopio y un electrocardiograma (que medira el registro electrico del corazon y le dara informacion al medico de como esta funxcionando el mismo.<\/li>\n<li>Pruebas de sangre &#8212; Algunas pruebas de sangre ayudan a mostrar la causa del dolor de pecho y a indicar si usted tiene un mayor riesgo de un ataque al coraz\u00f3n. Una prueba de sangre de troponina puede mostrar si las c\u00e9lulas de su coraz\u00f3n han sufrido da\u00f1o. Esta prueba puede confirmar si est\u00e1 teniendo un ataque card\u00edaco.<\/li>\n<li>\n<h4><strong>Ecocardiograf\u00eda\u00a0<\/strong>&#8212;\u00a0Este examen utiliza ondas de sonido para ver su coraz\u00f3n. Muestra si su coraz\u00f3n ha sufrido da\u00f1os y puede detectar algunos tipos de problemas card\u00edacos.<\/h4>\n<\/li>\n<li>Utiliza un tinte especial y radiograf\u00edas para ver c\u00f3mo est\u00e1 fluyendo la sangre a trav\u00e9s de su coraz\u00f3n<\/li>\n<li>Puede ayudar a su proveedor a decidir qu\u00e9 tratamientos necesitar\u00e1 posteriormente<\/li>\n<\/ul>\n<h3>Otros ex\u00e1menes para observar el coraz\u00f3n que se pueden realizar mientras usted est\u00e1 en el hospital incluyen:<\/h3>\n<ul>\n<li>\n<h3>Prueba de esfuerzo f\u00edsico<\/h3>\n<\/li>\n<li>\n<h3>Prueba de esfuerzo con radiois\u00f3topos<\/h3>\n<\/li>\n<li>\n<h3>Ecocardiograf\u00eda de esfuerzo<\/h3>\n<\/li>\n<\/ul>\n<h2>Tratamientos<\/h2>\n<p>Anticoagulantes y anti agregantes plaquetarios.<\/p>\n<p>&nbsp;<\/p>\n<p>Muy importante cambiar a estilos de vida saludables.<\/p>\n<p>&nbsp;<\/p>\n<p>&nbsp;<\/p>\n<p>Dietas ricas en vegetales y frutas, Eliminar los h\u00e1bitos t\u00f3xicos y hacer los ejercicios que recomiende tu m\u00e9dico.<\/p>\n<h2><\/h2>\n","protected":false},"excerpt":{"rendered":"<p>Constituye una urgencia .Requiere diagn\u00f3stico y tratamiento m\u00e9dico hospitalario. El diagn\u00f3stico es cl\u00ednico y requiere de an\u00e1lisis imaginol\u00f3gico y electrocardiogr\u00e1fico. Electrocardiograma (ECG) &#8212; La auscultacion con el estetoscopio y un electrocardiograma (que medira el registro electrico del corazon y le dara informacion al medico de como esta funxcionando el mismo. Pruebas de sangre &#8212; Algunas [&hellip;]<\/p>\n","protected":false},"author":208,"featured_media":0,"parent":0,"menu_order":0,"comment_status":"closed","ping_status":"closed","template":"","meta":[],"_links":{"self":[{"href":"https:\/\/blogs.sld.cu\/sindromecoronarioagudo\/wp-json\/wp\/v2\/pages\/17"}],"collection":[{"href":"https:\/\/blogs.sld.cu\/sindromecoronarioagudo\/wp-json\/wp\/v2\/pages"}],"about":[{"href":"https:\/\/blogs.sld.cu\/sindromecoronarioagudo\/wp-json\/wp\/v2\/types\/page"}],"author":[{"embeddable":true,"href":"https:\/\/blogs.sld.cu\/sindromecoronarioagudo\/wp-json\/wp\/v2\/users\/208"}],"replies":[{"embeddable":true,"href":"https:\/\/blogs.sld.cu\/sindromecoronarioagudo\/wp-json\/wp\/v2\/comments?post=17"}],"version-history":[{"count":10,"href":"https:\/\/blogs.sld.cu\/sindromecoronarioagudo\/wp-json\/wp\/v2\/pages\/17\/revisions"}],"predecessor-version":[{"id":95,"href":"https:\/\/blogs.sld.cu\/sindromecoronarioagudo\/wp-json\/wp\/v2\/pages\/17\/revisions\/95"}],"wp:attachment":[{"href":"https:\/\/blogs.sld.cu\/sindromecoronarioagudo\/wp-json\/wp\/v2\/media?parent=17"}],"curies":[{"name":"wp","href":"https:\/\/api.w.org\/{rel}","templated":true}]}}