{"id":19,"date":"2021-03-23T07:25:45","date_gmt":"2021-03-23T07:25:45","guid":{"rendered":"http:\/\/blogs.sld.cu\/cuidadorquemado\/?page_id=19"},"modified":"2021-11-18T21:11:34","modified_gmt":"2021-11-18T21:11:34","slug":"preguntas-frecuentes","status":"publish","type":"page","link":"https:\/\/blogs.sld.cu\/sindromecuidador\/preguntas-frecuentes\/","title":{"rendered":"Preguntas frecuentes"},"content":{"rendered":"<p><strong>\u00bfQu\u00e9 son los cuidados terminales?<\/strong><\/p>\n<p><strong>\u00a0<\/strong><\/p>\n<p>Los cuidados terminales est\u00e1n basados en un enfoque hol\u00edstico para la atenci\u00f3n de personas que padecen de una enfermedad en su fase terminal. Est\u00e1 integrado por un equipo de profesionales calificados que brindan atenci\u00f3n m\u00e9dica al ser querido durante las veinticuatro horas del d\u00eda, lo que incluye manejo del dolor y apoyo emocional y espiritual, seg\u00fan las necesidades y los deseos de cada uno<strong>.\u00a0 \u2014Lee la respuesta completa. <\/strong><\/p>\n<p><strong>. \u00bfQu\u00e9 son los cuidados paliativos?<\/strong><\/p>\n<p><strong>\u00a0<\/strong><\/p>\n<ol>\n<li>Los cuidados paliativos son un t\u00e9rmino amplio que se refiere al alivio de s\u00edntomas en aquellos pacientes cuyas enfermedades no responden al tratamiento curativo. Est\u00e1 basado en un enfoque interdisciplinario, ya que el equipo de cuidados paliativos puede estar integrado por m\u00e9dicos, enfermeros, trabajadores sociales, fisioterapeutas, musicoterapeutas y voluntarios capacitados. \u2014 Lee .<\/li>\n<\/ol>\n<p>&nbsp;<\/p>\n<p><strong>. \u00bfC\u00f3mo consigo que mis hermanos me ayuden con el cuidado de nuestros padres?<\/strong><\/p>\n<p><strong>\u00a0<\/strong><\/p>\n<ol>\n<li><strong> Junto con tus padres, decide qu\u00e9 se necesita hacer y planifica qui\u00e9n se puede hacer cargo de cada tarea. Este enfoque organizado puede reducir la tensi\u00f3n generada por la incertidumbre. Cuando sea posible, elabora planes alternativos. Para que las cosas se resuelvan de manera m\u00e1s fluida, prepara un cronograma de tareas y entrega una copia a cada una de las personas involucradas. No aceptes excusas de tus hermanos. Si se excusan ante un pedido de ayuda, sugi\u00e9reles otra tarea. Hasta un hermano que vive lejos puede ayudar, ya sea pagando las cuentas, investigando recursos o llamando con regularidad. Los que tengan hijos peque\u00f1os pueden cocinar alguna comida de vez en cuando o llevar a los ni\u00f1os de visita.<\/strong><\/li>\n<\/ol>\n<p><strong>\u00a0<\/strong><\/p>\n<p><strong>La situaci\u00f3n puede cambiar con el transcurso de los meses, de modo tal que es necesario reevaluarla durante una reuni\u00f3n familiar entre todos los que est\u00e9n directamente involucrados en la prestaci\u00f3n de cuidados. Aborden los temas relacionados con la salud y el alojamiento en forma franca y abierta a medida que se presenten, ya que esto puede prevenir problemas m\u00e1s adelante. De ser necesario, recurran a un tercero imparcial que act\u00fae como moderador y preparen una agenda de temas para tratar en cada reuni\u00f3n.<\/strong><\/p>\n<p><strong>\u2014<br \/>\n<\/strong><\/p>\n<p><strong>: \u00bfC\u00f3mo se siente un cuidador?<\/strong><\/p>\n","protected":false},"excerpt":{"rendered":"<p>\u00bfQu\u00e9 son los cuidados terminales? \u00a0 Los cuidados terminales est\u00e1n basados en un enfoque hol\u00edstico para la atenci\u00f3n de personas que padecen de una enfermedad en su fase terminal. Est\u00e1 integrado por un equipo de profesionales calificados que brindan atenci\u00f3n m\u00e9dica al ser querido durante las veinticuatro horas del d\u00eda, lo que incluye manejo del [&hellip;]<\/p>\n","protected":false},"author":208,"featured_media":0,"parent":0,"menu_order":0,"comment_status":"closed","ping_status":"open","template":"","meta":[],"_links":{"self":[{"href":"https:\/\/blogs.sld.cu\/sindromecuidador\/wp-json\/wp\/v2\/pages\/19"}],"collection":[{"href":"https:\/\/blogs.sld.cu\/sindromecuidador\/wp-json\/wp\/v2\/pages"}],"about":[{"href":"https:\/\/blogs.sld.cu\/sindromecuidador\/wp-json\/wp\/v2\/types\/page"}],"author":[{"embeddable":true,"href":"https:\/\/blogs.sld.cu\/sindromecuidador\/wp-json\/wp\/v2\/users\/208"}],"replies":[{"embeddable":true,"href":"https:\/\/blogs.sld.cu\/sindromecuidador\/wp-json\/wp\/v2\/comments?post=19"}],"version-history":[{"count":3,"href":"https:\/\/blogs.sld.cu\/sindromecuidador\/wp-json\/wp\/v2\/pages\/19\/revisions"}],"predecessor-version":[{"id":95,"href":"https:\/\/blogs.sld.cu\/sindromecuidador\/wp-json\/wp\/v2\/pages\/19\/revisions\/95"}],"wp:attachment":[{"href":"https:\/\/blogs.sld.cu\/sindromecuidador\/wp-json\/wp\/v2\/media?parent=19"}],"curies":[{"name":"wp","href":"https:\/\/api.w.org\/{rel}","templated":true}]}}