{"id":23,"date":"2021-03-23T07:33:46","date_gmt":"2021-03-23T07:33:46","guid":{"rendered":"http:\/\/blogs.sld.cu\/cuidadorquemado\/?page_id=23"},"modified":"2021-11-18T22:14:00","modified_gmt":"2021-11-18T22:14:00","slug":"recursos","status":"publish","type":"page","link":"https:\/\/blogs.sld.cu\/sindromecuidador\/recursos\/","title":{"rendered":"Recursos"},"content":{"rendered":"<p>&nbsp;<\/p>\n<p>&nbsp;<\/p>\n<p><strong><u><a href=\"https:\/\/www.google.com\/url?sa=t&amp;rct=j&amp;q=&amp;esrc=s&amp;source=web&amp;cd=&amp;cad=rja&amp;uact=8&amp;ved=2ahUKEwjw9bfr06L0AhXqRzABHZ23DtEQFnoECAIQAQ&amp;url=https%3A%2F%2Fcuidateplus.marca.com%2Fenfermedades%2Fpsicologicas%2Fsindrome-de-burnout.html&amp;usg=AOvVaw0EwG0gigfBKqphdiT-20VX\">S\u00edndrome de burnout: s\u00edntomas, prevenci\u00f3n y tratamiento<\/a><\/u><\/strong><\/p>\n<p><em><u><a href=\"https:\/\/www.google.com\/url?sa=t&amp;rct=j&amp;q=&amp;esrc=s&amp;source=web&amp;cd=&amp;cad=rja&amp;uact=8&amp;ved=2ahUKEwjw9bfr06L0AhXqRzABHZ23DtEQFnoECAIQAQ&amp;url=https%3A%2F%2Fcuidateplus.marca.com%2Fenfermedades%2Fpsicologicas%2Fsindrome-de-burnout.html&amp;usg=AOvVaw0EwG0gigfBKqphdiT-20VX\">https:\/\/cuidateplus.marca.com \u203a sindrome-de-burnout<\/a><\/u><\/em><\/p>\n<p>&nbsp;<\/p>\n<p>17 may. 2021 \u2014 <em>Qu\u00e9<\/em> es. El <em>burnout<\/em> laboral, tambi\u00e9n denominado <em>s\u00edndrome<\/em> del quemado o <em>s\u00edndrome<\/em> de estar quemado en el trabajo, es un estado de agotamiento\u00a0&#8230;<\/p>\n<p>&nbsp;<\/p>\n<p>&nbsp;<\/p>\n<p><strong><u><a href=\"http:\/\/www.scielo.sa.cr\/scielo.php?script=sci_arttext&amp;pid=S1409-00152015000100014\">S\u00edndrome de Burnout &#8211; SciELO<\/a><\/u><\/strong><\/p>\n<p><em><u><a href=\"http:\/\/www.scielo.sa.cr\/scielo.php?script=sci_arttext&amp;pid=S1409-00152015000100014\">http:\/\/www.scielo.sa.cr \u203a scielo<\/a><\/u><\/em><\/p>\n<p>&nbsp;<\/p>\n<p>&#8230;<\/p>\n<p>&nbsp;<\/p>\n<p>&nbsp;<\/p>\n<p><strong><u><a href=\"https:\/\/doctorsergiocalvo.com.ar\/?p=467\">Burnout: diagn\u00f3stico y tratamiento | Dr Sergio Calvo<\/a><\/u><\/strong><\/p>\n<p><em><u><a href=\"https:\/\/doctorsergiocalvo.com.ar\/?p=467\">https:\/\/doctorsergiocalvo.com.ar \u203a &#8230;<\/a><\/u><\/em><\/p>\n<p>&nbsp;<\/p>\n<p>Este cuadro, tambi\u00e9n llamado el <em>s\u00edndrome<\/em> de \u201cestar quemado\u201d, es una manifestaci\u00f3n del desgaste personal del trabajador <em>quien se<\/em> sume en un trastorno ansioso\u00a0&#8230;<\/p>\n<p>&nbsp;<\/p>\n<p>&nbsp;<\/p>\n<p><strong><u><a href=\"https:\/\/www.mis15minutos.com\/burnout\/diagnostico\">\u00bfDiagn\u00f3stico de burnout? &#8211; Mis15Minutos<\/a><\/u><\/strong><\/p>\n<p><em><u><a href=\"https:\/\/www.mis15minutos.com\/burnout\/diagnostico\">https:\/\/www.mis15minutos.com \u203a burnout \u203a diagnostic<\/a><\/u><\/em><\/p>\n<p>&nbsp;<\/p>\n<p><strong><u><a href=\"https:\/\/ada.com\/es\/conditions\/burnout\/\">S\u00edndrome de burnout o de desgaste profesional &#8211; Ada Health<\/a><\/u><\/strong><\/p>\n<p><strong><u><a href=\"https:\/\/www.medigraphic.com\/pdfs\/medintmex\/mim-2012\/mim126j.pdf\">S\u00edndrome de burnout en la pr\u00e1ctica m\u00e9dica Articulo de revisi\u00f3n<\/a><\/u><\/strong><\/p>\n<p><em><u><a href=\"https:\/\/www.medigraphic.com\/pdfs\/medintmex\/mim-2012\/mim126j.pdf\">https:\/\/www.medigraphic.com \u203a pdfs \u203a mim-2012<\/a><\/u><\/em><\/p>\n<p><strong><u><a href=\"http:\/\/scielo.isciii.es\/scielo.php?script=sci_arttext&amp;pid=S0465-546X2011000400005\">Diagn\u00f3stico del S\u00edndrome de Burnout en trabajadores &#8230; &#8211; ISCIII<\/a><\/u><\/strong><\/p>\n<p><em><u><a href=\"http:\/\/scielo.isciii.es\/scielo.php?script=sci_arttext&amp;pid=S0465-546X2011000400005\">http:\/\/scielo.isciii.es \u203a scielo<\/a><\/u><\/em><\/p>\n<p><strong><u><a href=\"https:\/\/www.elsevier.es\/es-revista-medicina-familia-semergen-40-articulo-mesa-redonda-2-sindrome-burnout-que-13037572\">Mesa redonda 2. S\u00edndrome de burnout.\u00bfQu\u00e9 podemos hacer?<\/a><\/u><\/strong><\/p>\n<p>&nbsp;<\/p>\n<p><strong><u><a href=\"https:\/\/www.google.com\/url?sa=t&amp;rct=j&amp;q=&amp;esrc=s&amp;source=web&amp;cd=&amp;cad=rja&amp;uact=8&amp;ved=2ahUKEwjw9bfr06L0AhXqRzABHZ23DtEQFnoECAcQAQ&amp;url=https%3A%2F%2Frevistas.unilibre.edu.co%2Findex.php%2Frc_salud_ocupa%2Farticle%2Fview%2F5962%2F6234&amp;usg=AOvVaw0rP-cUEVNtoKqI5oa6Ecwj\">S\u00edndrome de Burnout, de un fen\u00f3meno laboral a un &#8230;<\/a><\/u><\/strong><\/p>\n<p><em><u><a href=\"https:\/\/www.google.com\/url?sa=t&amp;rct=j&amp;q=&amp;esrc=s&amp;source=web&amp;cd=&amp;cad=rja&amp;uact=8&amp;ved=2ahUKEwjw9bfr06L0AhXqRzABHZ23DtEQFnoECAcQAQ&amp;url=https%3A%2F%2Frevistas.unilibre.edu.co%2Findex.php%2Frc_salud_ocupa%2Farticle%2Fview%2F5962%2F6234&amp;usg=AOvVaw0rP-cUEVNtoKqI5oa6Ecwj\">https:\/\/revistas.unilibre.edu.co \u203a article \u203a view<\/a><\/u><\/em><\/p>\n<p>&nbsp;<\/p>\n<p><strong><u><a href=\"https:\/\/www.google.com\/search?client=firefox-b-d&amp;channel=trow5&amp;sxsrf=AOaemvIPobPM-2JOY2lElW1MoK4LrFtu9Q:1637264038702&amp;q=S%C3%ADndrome+de+burnout+tratamiento&amp;sa=X&amp;ved=2ahUKEwjw9bfr06L0AhXqRzABHZ23DtEQ1QJ6BAgVEAE\">s\u00edndrome de burnout tratamiento<\/a><\/u><\/strong><\/p>\n<p>&nbsp;<\/p>\n<p><strong><u><a href=\"https:\/\/www.google.com\/search?client=firefox-b-d&amp;channel=trow5&amp;sxsrf=AOaemvIPobPM-2JOY2lElW1MoK4LrFtu9Q:1637264038702&amp;q=S%C3%ADndrome+de+Burnout+pdf&amp;sa=X&amp;ved=2ahUKEwjw9bfr06L0AhXqRzABHZ23DtEQ1QJ6BAgJEAE\">s\u00edndrome de burnout pdf<\/a><\/u><\/strong><\/p>\n<p>&nbsp;<\/p>\n<p><strong><u><a href=\"https:\/\/www.google.com\/search?client=firefox-b-d&amp;channel=trow5&amp;sxsrf=AOaemvIPobPM-2JOY2lElW1MoK4LrFtu9Q:1637264038702&amp;q=OMS+burnout+pdf&amp;sa=X&amp;ved=2ahUKEwjw9bfr06L0AhXqRzABHZ23DtEQ1QJ6BAgQEAE\">oms burnout pdf<\/a><\/u><\/strong><\/p>\n<p>&nbsp;<\/p>\n<p>&nbsp;<\/p>\n","protected":false},"excerpt":{"rendered":"<p>&nbsp; &nbsp; S\u00edndrome de burnout: s\u00edntomas, prevenci\u00f3n y tratamiento https:\/\/cuidateplus.marca.com \u203a sindrome-de-burnout &nbsp; 17 may. 2021 \u2014 Qu\u00e9 es. El burnout laboral, tambi\u00e9n denominado s\u00edndrome del quemado o s\u00edndrome de estar quemado en el trabajo, es un estado de agotamiento\u00a0&#8230; &nbsp; &nbsp; S\u00edndrome de Burnout &#8211; SciELO http:\/\/www.scielo.sa.cr \u203a scielo &nbsp; &#8230; &nbsp; &nbsp; Burnout: [&hellip;]<\/p>\n","protected":false},"author":208,"featured_media":0,"parent":0,"menu_order":0,"comment_status":"closed","ping_status":"open","template":"","meta":[],"_links":{"self":[{"href":"https:\/\/blogs.sld.cu\/sindromecuidador\/wp-json\/wp\/v2\/pages\/23"}],"collection":[{"href":"https:\/\/blogs.sld.cu\/sindromecuidador\/wp-json\/wp\/v2\/pages"}],"about":[{"href":"https:\/\/blogs.sld.cu\/sindromecuidador\/wp-json\/wp\/v2\/types\/page"}],"author":[{"embeddable":true,"href":"https:\/\/blogs.sld.cu\/sindromecuidador\/wp-json\/wp\/v2\/users\/208"}],"replies":[{"embeddable":true,"href":"https:\/\/blogs.sld.cu\/sindromecuidador\/wp-json\/wp\/v2\/comments?post=23"}],"version-history":[{"count":4,"href":"https:\/\/blogs.sld.cu\/sindromecuidador\/wp-json\/wp\/v2\/pages\/23\/revisions"}],"predecessor-version":[{"id":127,"href":"https:\/\/blogs.sld.cu\/sindromecuidador\/wp-json\/wp\/v2\/pages\/23\/revisions\/127"}],"wp:attachment":[{"href":"https:\/\/blogs.sld.cu\/sindromecuidador\/wp-json\/wp\/v2\/media?parent=23"}],"curies":[{"name":"wp","href":"https:\/\/api.w.org\/{rel}","templated":true}]}}