{"id":11,"date":"2020-02-26T05:21:20","date_gmt":"2020-02-26T05:21:20","guid":{"rendered":"http:\/\/blogs.sld.cu\/sindromedeguillainbarre\/?page_id=11"},"modified":"2020-12-04T04:40:11","modified_gmt":"2020-12-04T04:40:11","slug":"acerca-de","status":"publish","type":"page","link":"https:\/\/blogs.sld.cu\/sindromedeguillainbarre\/acerca-de\/","title":{"rendered":"Acerca de"},"content":{"rendered":"<div id=\"attachment_72\" style=\"width: 195px\" class=\"wp-caption alignleft\"><a href=\"http:\/\/blogs.sld.cu\/sindromedeguillainbarre\/files\/2020\/02\/javier-S\u00e1nchez.png\"><img aria-describedby=\"caption-attachment-72\" loading=\"lazy\" class=\"  wp-image-72\" src=\"http:\/\/blogs.sld.cu\/sindromedeguillainbarre\/files\/2020\/02\/javier-S\u00e1nchez.png\" alt=\"javier S\u00e1nchez\" width=\"185\" height=\"218\" \/><\/a><p id=\"caption-attachment-72\" class=\"wp-caption-text\"><span style=\"font-size: 10pt\">Dr.CM Javier V. S\u00e1nchez L\u00f3pez Especialista de 1ro.y 2do. grado en Neurolog\u00eda. Profesor e investigador titular.<\/span><\/p><\/div>\n<p><span style=\"font-size: 12pt\">Este sitio forma parte del\u00a0Portal de Enfermedades de Infomed, Centro Nacional de Informaci\u00f3n de Ciencias M\u00e9dicas, que est\u00e1 constitu\u00eddo por un grupo de personas e instituciones que trabajan para que la\u00a0informaci\u00f3n y el conocimiento de salud, lleguen a todos.<\/span><\/p>\n<p><span style=\"font-size: 12pt\">Su objetivo es informar a la poblaci\u00f3n en general para que conozca todo lo relativo a esta enfermedad, lo que es necesario para mejorar la salud de los cubanos y de los que nos visiten.<\/span><\/p>\n<p><span style=\"font-size: 12pt\">El s\u00edndrome de Guillain-Barr\u00e9 ocurre cuando el propio sistema inmunitario del cuerpo ataca y lesiona los nervios perif\u00e9ricos, fuera de la m\u00e9dula espinal o el cerebro, el sistema nervioso perif\u00e9rico. Con mayor frecuencia, la lesi\u00f3n involucra la vaina protectora de mielina, que envuelve los nervios y es esencial para la funci\u00f3n nerviosa. Sin la vaina de mielina, las se\u00f1ales que transcurren por un nervio se enlentecen o se pierden, lo que hace que el nervio no funcione correctamente.<\/span><\/p>\n<p><span style=\"font-size: 12pt\">Conocer y controlar la enfermedad le permitir\u00e1 tener una mejor calidad de vida.<br \/>\n<\/span><\/p>\n<p><span style=\"font-size: 12pt\">Su editor es el Dr.C. Javier Vicente S\u00e1nchez L\u00f3pez, doctor en ciencias, especialista de 1ro. y 2do. grado en Neurolog\u00eda. profesor e investigador titular, que les explicar\u00e1 todo lo relativo a la enfermedad y que responder\u00e1 tambi\u00e9n las preguntas que le sean formuladas.<\/span><\/p>\n","protected":false},"excerpt":{"rendered":"<p>Este sitio forma parte del\u00a0Portal de Enfermedades de Infomed, Centro Nacional de Informaci\u00f3n de Ciencias M\u00e9dicas, que est\u00e1 constitu\u00eddo por un grupo de personas e instituciones que trabajan para que la\u00a0informaci\u00f3n y el conocimiento de salud, lleguen a todos. Su objetivo es informar a la poblaci\u00f3n en general para que conozca todo lo relativo a [&hellip;]<\/p>\n","protected":false},"author":208,"featured_media":0,"parent":0,"menu_order":0,"comment_status":"closed","ping_status":"closed","template":"","meta":[],"_links":{"self":[{"href":"https:\/\/blogs.sld.cu\/sindromedeguillainbarre\/wp-json\/wp\/v2\/pages\/11"}],"collection":[{"href":"https:\/\/blogs.sld.cu\/sindromedeguillainbarre\/wp-json\/wp\/v2\/pages"}],"about":[{"href":"https:\/\/blogs.sld.cu\/sindromedeguillainbarre\/wp-json\/wp\/v2\/types\/page"}],"author":[{"embeddable":true,"href":"https:\/\/blogs.sld.cu\/sindromedeguillainbarre\/wp-json\/wp\/v2\/users\/208"}],"replies":[{"embeddable":true,"href":"https:\/\/blogs.sld.cu\/sindromedeguillainbarre\/wp-json\/wp\/v2\/comments?post=11"}],"version-history":[{"count":20,"href":"https:\/\/blogs.sld.cu\/sindromedeguillainbarre\/wp-json\/wp\/v2\/pages\/11\/revisions"}],"predecessor-version":[{"id":250,"href":"https:\/\/blogs.sld.cu\/sindromedeguillainbarre\/wp-json\/wp\/v2\/pages\/11\/revisions\/250"}],"wp:attachment":[{"href":"https:\/\/blogs.sld.cu\/sindromedeguillainbarre\/wp-json\/wp\/v2\/media?parent=11"}],"curies":[{"name":"wp","href":"https:\/\/api.w.org\/{rel}","templated":true}]}}