{"id":128,"date":"2020-11-09T01:54:55","date_gmt":"2020-11-09T01:54:55","guid":{"rendered":"http:\/\/blogs.sld.cu\/sindromedeguillainbarre\/?page_id=128"},"modified":"2020-11-16T06:01:36","modified_gmt":"2020-11-16T06:01:36","slug":"tipos","status":"publish","type":"page","link":"https:\/\/blogs.sld.cu\/sindromedeguillainbarre\/tipos\/","title":{"rendered":"Tipos"},"content":{"rendered":"<p><span style=\"font-size: 12pt\"><strong>o Formas cl\u00ednicas<br \/>\n<\/strong><\/span><\/p>\n<p><span style=\"font-size: 12pt\">Variantes con predominio de la debilidad motora<\/span><\/p>\n<ul>\n<li><span style=\"font-size: 12pt\"><strong>\u00a0Polirradiculoneuropat\u00eda inflamatoria aguda desmielinizante (PIDA)<br \/>\n<\/strong><\/span><\/li>\n<\/ul>\n<p><span style=\"font-size: 12pt\">Es la forma t\u00edpica y m\u00e1s frecuente<\/span><\/p>\n<ul>\n<li><span style=\"font-size: 12pt\"><strong>Neuropat\u00eda axonal motora aguda.\u00a0 (NAMA):<\/strong><\/span><\/li>\n<\/ul>\n<p><span style=\"font-size: 12pt\">Fue descrita por los chinos en el 91, indistinguible cl\u00ednicamente de la PIDA pero se ve mayormente en asi\u00e1ticos, en ni\u00f1os y en los meses de verano y se diferencia por estudios neurofisiol\u00f3gicos.<\/span><\/p>\n<ul>\n<li><span style=\"font-size: 12pt\"><strong>Neuropat\u00eda axonal sensitivo-motora aguda. NASMA:<\/strong><\/span><\/li>\n<\/ul>\n<p><span style=\"font-size: 12pt\">En el 86 Feasby demostr\u00f3 da\u00f1o axonal severo en algunos pacientes con SGB los cuales ten\u00edan peor pron\u00f3stico en cuanto a calidad de vida posterior<\/span><\/p>\n<p><span style=\"font-size: 12pt\">Otras variantes sin predominio de la debilidad motora<\/span><\/p>\n<ul>\n<li><span style=\"font-size: 12pt\"><strong>S\u00edndrome de Miller-Fisher.<\/strong><\/span><\/li>\n<\/ul>\n<p><span style=\"font-size: 12pt\">Descrito en el 1950, cursa con ataxia, oftalmoplegia, arreflexia y disociaci\u00f3n alb\u00famino-citol\u00f3gica.<\/span><\/p>\n<ul>\n<li><span style=\"font-size: 12pt\"><strong>Forma disauton\u00f3mica aguda.<\/strong> Predominio franco de las manifestaciones disauton\u00f3micas, con predominio simp\u00e1tico o parasimp\u00e1tico. Puede acompa\u00f1ar con frecuencia a formas graves con debilidad muscular, ensombreciendo el pron\u00f3stico.<\/span><\/li>\n<li><span style=\"font-size: 12pt\"><strong>Forma frustre.<\/strong><\/span><\/li>\n<\/ul>\n<p><span style=\"font-size: 12pt\">De dif\u00edcil diagn\u00f3stico, como su nombre lo indica no llegan a expresarse las manifestaciones t\u00edpicas de forma clara. Estas aparecen con menor intensidad. Tiene mucho mejor pron\u00f3stico.<\/span><\/p>\n<p><span style=\"font-size: 12pt\">\u00a0<\/span><\/p>\n","protected":false},"excerpt":{"rendered":"<p>o Formas cl\u00ednicas Variantes con predominio de la debilidad motora \u00a0Polirradiculoneuropat\u00eda inflamatoria aguda desmielinizante (PIDA) Es la forma t\u00edpica y m\u00e1s frecuente Neuropat\u00eda axonal motora aguda.\u00a0 (NAMA): Fue descrita por los chinos en el 91, indistinguible cl\u00ednicamente de la PIDA pero se ve mayormente en asi\u00e1ticos, en ni\u00f1os y en los meses de verano y [&hellip;]<\/p>\n","protected":false},"author":208,"featured_media":0,"parent":0,"menu_order":0,"comment_status":"closed","ping_status":"closed","template":"","meta":[],"_links":{"self":[{"href":"https:\/\/blogs.sld.cu\/sindromedeguillainbarre\/wp-json\/wp\/v2\/pages\/128"}],"collection":[{"href":"https:\/\/blogs.sld.cu\/sindromedeguillainbarre\/wp-json\/wp\/v2\/pages"}],"about":[{"href":"https:\/\/blogs.sld.cu\/sindromedeguillainbarre\/wp-json\/wp\/v2\/types\/page"}],"author":[{"embeddable":true,"href":"https:\/\/blogs.sld.cu\/sindromedeguillainbarre\/wp-json\/wp\/v2\/users\/208"}],"replies":[{"embeddable":true,"href":"https:\/\/blogs.sld.cu\/sindromedeguillainbarre\/wp-json\/wp\/v2\/comments?post=128"}],"version-history":[{"count":4,"href":"https:\/\/blogs.sld.cu\/sindromedeguillainbarre\/wp-json\/wp\/v2\/pages\/128\/revisions"}],"predecessor-version":[{"id":222,"href":"https:\/\/blogs.sld.cu\/sindromedeguillainbarre\/wp-json\/wp\/v2\/pages\/128\/revisions\/222"}],"wp:attachment":[{"href":"https:\/\/blogs.sld.cu\/sindromedeguillainbarre\/wp-json\/wp\/v2\/media?parent=128"}],"curies":[{"name":"wp","href":"https:\/\/api.w.org\/{rel}","templated":true}]}}

<p><span style="font-size: 12pt"><strong>o Formas clínicas<br />
</strong></span></p>
<p><span style="font-size: 12pt">Variantes con predominio de la debilidad motora</span></p>
<ul>
<li><span style="font-size: 12pt"><strong> Polirradiculoneuropatía inflamatoria aguda desmielinizante (PIDA)<br />
</strong></span></li>
</ul>
<p><span style="font-size: 12pt">Es la forma típica y más frecuente</span></p>
<ul>
<li><span style="font-size: 12pt"><strong>Neuropatía axonal motora aguda.  (NAMA):</strong></span></li>
</ul>
<p><span style="font-size: 12pt">Fue descrita por los chinos en el 91, indistinguible clínicamente de la PIDA pero se ve mayormente en asiáticos, en niños y en los meses de verano y se diferencia por estudios neurofisiológicos.</span></p>
<ul>
<li><span style="font-size: 12pt"><strong>Neuropatía axonal sensitivo-motora aguda. NASMA:</strong></span></li>
</ul>
<p><span style="font-size: 12pt">En el 86 Feasby demostró daño axonal severo en algunos pacientes con SGB los cuales tenían peor pronóstico en cuanto a calidad de vida posterior</span></p>
<p><span style="font-size: 12pt">Otras variantes sin predominio de la debilidad motora</span></p>
<ul>
<li><span style="font-size: 12pt"><strong>Síndrome de Miller-Fisher.</strong></span></li>
</ul>
<p><span style="font-size: 12pt">Descrito en el 1950, cursa con ataxia, oftalmoplegia, arreflexia y disociación albúmino-citológica.</span></p>
<ul>
<li><span style="font-size: 12pt"><strong>Forma disautonómica aguda.</strong> Predominio franco de las manifestaciones disautonómicas, con predominio simpático o parasimpático. Puede acompañar con frecuencia a formas graves con debilidad muscular, ensombreciendo el pronóstico.</span></li>
<li><span style="font-size: 12pt"><strong>Forma frustre.</strong></span></li>
</ul>
<p><span style="font-size: 12pt">De difícil diagnóstico, como su nombre lo indica no llegan a expresarse las manifestaciones típicas de forma clara. Estas aparecen con menor intensidad. Tiene mucho mejor pronóstico.</span></p>
<p><span style="font-size: 12pt"> </span></p>

<p>o Formas clínicas Variantes con predominio de la debilidad motora  Polirradiculoneuropatía inflamatoria aguda desmielinizante (PIDA) Es la forma típica y más frecuente Neuropatía axonal motora aguda.  (NAMA): Fue descrita por los chinos en el 91, indistinguible clínicamente de la PIDA pero se ve mayormente en asiáticos, en niños y en los meses de verano y [&hellip;]</p>
